{"id":932,"date":"1946-03-18T10:39:03","date_gmt":"1946-03-18T09:39:03","guid":{"rendered":"https:\/\/mwb.com.pl\/wdrodze\/?page_id=932"},"modified":"2021-04-23T08:41:15","modified_gmt":"2021-04-23T06:41:15","slug":"1946-2","status":"publish","type":"page","link":"https:\/\/mwb.com.pl\/wdrodze\/kalendarium\/1946-2\/","title":{"rendered":"1946"},"content":{"rendered":"\t\t<div data-elementor-type=\"wp-page\" data-elementor-id=\"932\" class=\"elementor elementor-932\">\n\t\t\t\t\t\t<section class=\"elementor-section elementor-top-section elementor-element elementor-element-3f4a263 elementor-section-boxed elementor-section-height-default elementor-section-height-default\" data-id=\"3f4a263\" data-element_type=\"section\" data-e-type=\"section\">\n\t\t\t\t\t\t<div class=\"elementor-container elementor-column-gap-default\">\n\t\t\t\t\t<div class=\"elementor-column elementor-col-33 elementor-top-column elementor-element elementor-element-cac282c\" data-id=\"cac282c\" data-element_type=\"column\" data-e-type=\"column\">\n\t\t\t<div class=\"elementor-widget-wrap\">\n\t\t\t\t\t\t\t<\/div>\n\t\t<\/div>\n\t\t\t\t<div class=\"elementor-column elementor-col-33 elementor-top-column elementor-element elementor-element-a5865ac\" data-id=\"a5865ac\" data-element_type=\"column\" data-e-type=\"column\">\n\t\t\t<div class=\"elementor-widget-wrap elementor-element-populated\">\n\t\t\t\t\t\t<div class=\"elementor-element elementor-element-abf329a elementor-widget elementor-widget-image\" data-id=\"abf329a\" data-element_type=\"widget\" data-e-type=\"widget\" data-widget_type=\"image.default\">\n\t\t\t\t<div class=\"elementor-widget-container\">\n\t\t\t\t\t\t\t\t\t\t\t\t\t\t\t<img fetchpriority=\"high\" decoding=\"async\" width=\"723\" height=\"502\" src=\"https:\/\/mwb.com.pl\/wdrodze\/wp-content\/uploads\/2021\/03\/1946_sepia.jpg\" class=\"attachment-full size-full wp-image-1271\" alt=\"Na zdj\u0119ciu: Kompania honorowa 2. Korpusu podczas uroczysto\u015bci wojskowych, W\u0142ochy, 1946 r. Fotografia ze zbior\u00f3w Muzeum Wojska w Bia\u0142ymstoku, nr. inw. MWB\/D\/5166\" srcset=\"https:\/\/mwb.com.pl\/wdrodze\/wp-content\/uploads\/2021\/03\/1946_sepia.jpg 723w, https:\/\/mwb.com.pl\/wdrodze\/wp-content\/uploads\/2021\/03\/1946_sepia-300x208.jpg 300w, https:\/\/mwb.com.pl\/wdrodze\/wp-content\/uploads\/2021\/03\/1946_sepia-230x160.jpg 230w, https:\/\/mwb.com.pl\/wdrodze\/wp-content\/uploads\/2021\/03\/1946_sepia-350x243.jpg 350w, https:\/\/mwb.com.pl\/wdrodze\/wp-content\/uploads\/2021\/03\/1946_sepia-480x333.jpg 480w\" sizes=\"(max-width: 723px) 100vw, 723px\" \/>\t\t\t\t\t\t\t\t\t\t\t\t\t\t\t<\/div>\n\t\t\t\t<\/div>\n\t\t\t\t\t<\/div>\n\t\t<\/div>\n\t\t\t\t<div class=\"elementor-column elementor-col-33 elementor-top-column elementor-element elementor-element-f6b356e\" data-id=\"f6b356e\" data-element_type=\"column\" data-e-type=\"column\">\n\t\t\t<div class=\"elementor-widget-wrap\">\n\t\t\t\t\t\t\t<\/div>\n\t\t<\/div>\n\t\t\t\t\t<\/div>\n\t\t<\/section>\n\t\t\t\t<section class=\"elementor-section elementor-top-section elementor-element elementor-element-8132dda elementor-section-boxed elementor-section-height-default elementor-section-height-default\" data-id=\"8132dda\" data-element_type=\"section\" data-e-type=\"section\">\n\t\t\t\t\t\t<div class=\"elementor-container elementor-column-gap-default\">\n\t\t\t\t\t<div class=\"elementor-column elementor-col-33 elementor-top-column elementor-element elementor-element-8a1a6b3\" data-id=\"8a1a6b3\" data-element_type=\"column\" data-e-type=\"column\">\n\t\t\t<div class=\"elementor-widget-wrap\">\n\t\t\t\t\t\t\t<\/div>\n\t\t<\/div>\n\t\t\t\t<div class=\"elementor-column elementor-col-33 elementor-top-column elementor-element elementor-element-da3b396\" data-id=\"da3b396\" data-element_type=\"column\" data-e-type=\"column\">\n\t\t\t<div class=\"elementor-widget-wrap elementor-element-populated\">\n\t\t\t\t\t\t<div class=\"elementor-element elementor-element-6fc0f74 elementor-widget elementor-widget-text-editor\" data-id=\"6fc0f74\" data-element_type=\"widget\" data-e-type=\"widget\" data-widget_type=\"text-editor.default\">\n\t\t\t\t<div class=\"elementor-widget-container\">\n\t\t\t\t\t\t\t\t\t<p>Na zdj\u0119ciu: Kompania honorowa 2. Korpusu podczas uroczysto\u015bci wojskowych, W\u0142ochy, 1946 r. Fotografia ze zbior\u00f3w Muzeum Wojska w Bia\u0142ymstoku, nr. inw. MWB\/D\/5166<\/p>\t\t\t\t\t\t\t\t<\/div>\n\t\t\t\t<\/div>\n\t\t\t\t\t<\/div>\n\t\t<\/div>\n\t\t\t\t<div class=\"elementor-column elementor-col-33 elementor-top-column elementor-element elementor-element-c21ec9c\" data-id=\"c21ec9c\" data-element_type=\"column\" data-e-type=\"column\">\n\t\t\t<div class=\"elementor-widget-wrap\">\n\t\t\t\t\t\t\t<\/div>\n\t\t<\/div>\n\t\t\t\t\t<\/div>\n\t\t<\/section>\n\t\t\t\t<section class=\"elementor-section elementor-top-section elementor-element elementor-element-c0e35d7 elementor-section-boxed elementor-section-height-default elementor-section-height-default\" data-id=\"c0e35d7\" data-element_type=\"section\" data-e-type=\"section\">\n\t\t\t\t\t\t<div class=\"elementor-container elementor-column-gap-default\">\n\t\t\t\t\t<div class=\"elementor-column elementor-col-100 elementor-top-column elementor-element elementor-element-4a03f73\" data-id=\"4a03f73\" data-element_type=\"column\" data-e-type=\"column\">\n\t\t\t<div class=\"elementor-widget-wrap elementor-element-populated\">\n\t\t\t\t\t\t<div class=\"elementor-element elementor-element-b8781cb elementor-widget elementor-widget-text-editor\" data-id=\"b8781cb\" data-element_type=\"widget\" data-e-type=\"widget\" data-widget_type=\"text-editor.default\">\n\t\t\t\t<div class=\"elementor-widget-container\">\n\t\t\t\t\t\t\t\t\t<p><strong>22.01.<\/strong> Brytyjski Minister Spraw Zagranicznych Ernest Bevin naciska\u0142 na rozwi\u0105zanie PSZ na Zachodzie. Miesi\u0105c p\u00f3\u017aniej z\u0142o\u017cy\u0142 o\u015bwiadczenie w Izbie Gmin, w kt\u00f3rym podkre\u015bla\u0142, \u017ce rz\u0105d brytyjski czuje si\u0119 w obowi\u0105zku rozwi\u0105zania kwestii rozmieszczenia \u017co\u0142nierzy po ewentualnej demobilizacji.<\/p><p><strong>24.02.<\/strong> Komunistyczny rz\u0105d w Polsce przekaza\u0142 komunikat w kt\u00f3rym m.in. zabrania\u0142 uznawania jednostek PSZ na Zachodzie za Wojsko Polskie.<\/p><p><strong>11.03.<\/strong> W Londynie powsta\u0142 Gabinetowy Komitet Dla Spraw Polskich Si\u0142 Zbrojnych pod przewodnictwem Ministra Skarbu Hugh Daltona. Kilka dni p\u00f3\u017aniej min. E. Bevin zapowiedzia\u0142 zwolnienie ze s\u0142u\u017cby tych \u017co\u0142nierzy PSZ na Zachodzie, kt\u00f3rzy nie chcieli powr\u00f3ci\u0107 do Polski. Rz\u0105d RP w Londynie wyda\u0142 o\u015bwiadczenie, w kt\u00f3rym wyrazi\u0142 zdumienie pomini\u0119ciem go przy podejmowaniu takich decyzji.<\/p><p><strong>21.05.<\/strong> Na konferencji w Biurze Spraw Zagranicznych, z udzia\u0142em m.in. min. E. Bevina, gen. W. Andersa, gen. dyw. Stanis\u0142awa Kopa\u0144skiego (szefa Sztabu Naczelnego Wodza), powsta\u0142 specjalny korpus brytyjskiej armii pod nazw\u0105 Polski Korpus Przysposobienia i Rozmieszczenia, kt\u00f3rego zadaniem mia\u0142o by\u0107 przygotowanie polskich \u017co\u0142nierzy do \u017cycia cywilnego. Na miejsce zakwaterowania \u017co\u0142nierzy wyznaczono g\u0142\u00f3wnie by\u0142e obozy wojskowe. Dwuletnia s\u0142u\u017cba obejmowa\u0142a m.in. kursy zawodowe i j\u0119zykowe. \u017bo\u0142nierze mogli w dowolnym terminie wr\u00f3ci\u0107 do Polski, emigrowa\u0107 do innych kraj\u00f3w, podj\u0105\u0107 prac\u0119 zawodow\u0105 wg. obowi\u0105zuj\u0105cych w Wielkiej Brytanii regulacji prawnych.<\/p><p><strong>Sierpie\u0144.<\/strong> Do Wielkiej Brytanii, drog\u0105 morsk\u0105 przez Neapol i kolejow\u0105 przez Niemcy i Francj\u0119, przyby\u0142y oddzia\u0142y 2. KP. Pod koniec roku w 265 obozach wojskowych rozlokowanych zosta\u0142o ok. 120 000 \u017co\u0142nierzy.<\/p><p><strong>11.09.<\/strong> Pocz\u0105tek rekrutacji do Polskiego Korpusu Przysposobienia i Rozmieszczenia.<\/p><p><strong>26.09.<\/strong> W Polsce Tymczasowy Rz\u0105d Jedno\u015bci Narodowej wyda\u0142 dekret, kt\u00f3rym pozbawia\u0142 obywatelstwa polskiego 76 oficer\u00f3w PSZ na Zachodzie, w\u015br\u00f3d nich m.in. gen. W. Andersa i gen. S. Kopa\u0144skiego.<\/p>\t\t\t\t\t\t\t\t<\/div>\n\t\t\t\t<\/div>\n\t\t\t\t\t<\/div>\n\t\t<\/div>\n\t\t\t\t\t<\/div>\n\t\t<\/section>\n\t\t\t\t<section class=\"elementor-section elementor-top-section elementor-element elementor-element-2e2d5d9 elementor-section-boxed elementor-section-height-default elementor-section-height-default\" data-id=\"2e2d5d9\" data-element_type=\"section\" data-e-type=\"section\">\n\t\t\t\t\t\t<div class=\"elementor-container elementor-column-gap-default\">\n\t\t\t\t\t<div class=\"elementor-column elementor-col-100 elementor-top-column elementor-element elementor-element-2436259\" data-id=\"2436259\" data-element_type=\"column\" data-e-type=\"column\">\n\t\t\t<div class=\"elementor-widget-wrap elementor-element-populated\">\n\t\t\t\t\t\t<div class=\"elementor-element elementor-element-04748b8 elementor-widget elementor-widget-html\" data-id=\"04748b8\" data-element_type=\"widget\" data-e-type=\"widget\" data-widget_type=\"html.default\">\n\t\t\t\t<div class=\"elementor-widget-container\">\n\t\t\t\t\t<a href=\"https:\/\/mwb.com.pl\/wdrodze\/kalendarium\/\">POWR\u00d3T DO KALENDARIUM<\/a>\n\t\t\t\t<\/div>\n\t\t\t\t<\/div>\n\t\t\t\t\t<\/div>\n\t\t<\/div>\n\t\t\t\t\t<\/div>\n\t\t<\/section>\n\t\t\t\t<\/div>\n\t\t","protected":false},"excerpt":{"rendered":"<p>Na zdj\u0119ciu: Kompania honorowa 2. Korpusu podczas uroczysto\u015bci wojskowych, W\u0142ochy, 1946 r. Fotografia ze zbior\u00f3w Muzeum Wojska w Bia\u0142ymstoku, nr. inw. MWB\/D\/5166 22.01. Brytyjski Minister Spraw Zagranicznych Ernest Bevin naciska\u0142 na rozwi\u0105zanie PSZ na Zachodzie. Miesi\u0105c p\u00f3\u017aniej z\u0142o\u017cy\u0142 o\u015bwiadczenie w Izbie Gmin, w kt\u00f3rym podkre\u015bla\u0142, \u017ce rz\u0105d brytyjski czuje si\u0119 w obowi\u0105zku rozwi\u0105zania kwestii rozmieszczenia [&hellip;]<\/p>\n","protected":false},"author":1,"featured_media":1271,"parent":12,"menu_order":0,"comment_status":"closed","ping_status":"closed","template":"page-templates\/page_fullwidth.php","meta":{"footnotes":""},"class_list":["post-932","page","type-page","status-publish","has-post-thumbnail","hentry"],"_links":{"self":[{"href":"https:\/\/mwb.com.pl\/wdrodze\/wp-json\/wp\/v2\/pages\/932","targetHints":{"allow":["GET"]}}],"collection":[{"href":"https:\/\/mwb.com.pl\/wdrodze\/wp-json\/wp\/v2\/pages"}],"about":[{"href":"https:\/\/mwb.com.pl\/wdrodze\/wp-json\/wp\/v2\/types\/page"}],"author":[{"embeddable":true,"href":"https:\/\/mwb.com.pl\/wdrodze\/wp-json\/wp\/v2\/users\/1"}],"replies":[{"embeddable":true,"href":"https:\/\/mwb.com.pl\/wdrodze\/wp-json\/wp\/v2\/comments?post=932"}],"version-history":[{"count":31,"href":"https:\/\/mwb.com.pl\/wdrodze\/wp-json\/wp\/v2\/pages\/932\/revisions"}],"predecessor-version":[{"id":1829,"href":"https:\/\/mwb.com.pl\/wdrodze\/wp-json\/wp\/v2\/pages\/932\/revisions\/1829"}],"up":[{"embeddable":true,"href":"https:\/\/mwb.com.pl\/wdrodze\/wp-json\/wp\/v2\/pages\/12"}],"wp:featuredmedia":[{"embeddable":true,"href":"https:\/\/mwb.com.pl\/wdrodze\/wp-json\/wp\/v2\/media\/1271"}],"wp:attachment":[{"href":"https:\/\/mwb.com.pl\/wdrodze\/wp-json\/wp\/v2\/media?parent=932"}],"curies":[{"name":"wp","href":"https:\/\/api.w.org\/{rel}","templated":true}]}}