{"id":923,"date":"1945-03-18T10:34:35","date_gmt":"1945-03-18T09:34:35","guid":{"rendered":"https:\/\/mwb.com.pl\/wdrodze\/?page_id=923"},"modified":"2021-04-23T08:39:53","modified_gmt":"2021-04-23T06:39:53","slug":"1945-2","status":"publish","type":"page","link":"https:\/\/mwb.com.pl\/wdrodze\/kalendarium\/1945-2\/","title":{"rendered":"1945"},"content":{"rendered":"\t\t<div data-elementor-type=\"wp-page\" data-elementor-id=\"923\" class=\"elementor elementor-923\">\n\t\t\t\t\t\t<section class=\"elementor-section elementor-top-section elementor-element elementor-element-fd2e618 elementor-section-boxed elementor-section-height-default elementor-section-height-default\" data-id=\"fd2e618\" data-element_type=\"section\" data-e-type=\"section\">\n\t\t\t\t\t\t<div class=\"elementor-container elementor-column-gap-default\">\n\t\t\t\t\t<div class=\"elementor-column elementor-col-33 elementor-top-column elementor-element elementor-element-7069e5d\" data-id=\"7069e5d\" data-element_type=\"column\" data-e-type=\"column\">\n\t\t\t<div class=\"elementor-widget-wrap\">\n\t\t\t\t\t\t\t<\/div>\n\t\t<\/div>\n\t\t\t\t<div class=\"elementor-column elementor-col-33 elementor-top-column elementor-element elementor-element-b277b96\" data-id=\"b277b96\" data-element_type=\"column\" data-e-type=\"column\">\n\t\t\t<div class=\"elementor-widget-wrap elementor-element-populated\">\n\t\t\t\t\t\t<div class=\"elementor-element elementor-element-fd4d9f3 elementor-widget elementor-widget-image\" data-id=\"fd4d9f3\" data-element_type=\"widget\" data-e-type=\"widget\" data-widget_type=\"image.default\">\n\t\t\t\t<div class=\"elementor-widget-container\">\n\t\t\t\t\t\t\t\t\t\t\t\t\t\t\t<img fetchpriority=\"high\" decoding=\"async\" width=\"723\" height=\"502\" src=\"https:\/\/mwb.com.pl\/wdrodze\/wp-content\/uploads\/2021\/03\/1945.jpg\" class=\"attachment-full size-full wp-image-924\" alt=\"Na zdj\u0119ciu: \u017bo\u0142nierze 5. Kresowej Dywizji Piechoty, W\u0142ochy, 1945. Fotografia (kolorowana oryginalnie) ze zbior\u00f3w Muzeum Wojska w Bia\u0142ymstoku, nr inw. MWB\/D\/3322\" srcset=\"https:\/\/mwb.com.pl\/wdrodze\/wp-content\/uploads\/2021\/03\/1945.jpg 723w, https:\/\/mwb.com.pl\/wdrodze\/wp-content\/uploads\/2021\/03\/1945-300x208.jpg 300w, https:\/\/mwb.com.pl\/wdrodze\/wp-content\/uploads\/2021\/03\/1945-230x160.jpg 230w, https:\/\/mwb.com.pl\/wdrodze\/wp-content\/uploads\/2021\/03\/1945-350x243.jpg 350w, https:\/\/mwb.com.pl\/wdrodze\/wp-content\/uploads\/2021\/03\/1945-480x333.jpg 480w\" sizes=\"(max-width: 723px) 100vw, 723px\" \/>\t\t\t\t\t\t\t\t\t\t\t\t\t\t\t<\/div>\n\t\t\t\t<\/div>\n\t\t\t\t\t<\/div>\n\t\t<\/div>\n\t\t\t\t<div class=\"elementor-column elementor-col-33 elementor-top-column elementor-element elementor-element-3f51b71\" data-id=\"3f51b71\" data-element_type=\"column\" data-e-type=\"column\">\n\t\t\t<div class=\"elementor-widget-wrap\">\n\t\t\t\t\t\t\t<\/div>\n\t\t<\/div>\n\t\t\t\t\t<\/div>\n\t\t<\/section>\n\t\t\t\t<section class=\"elementor-section elementor-top-section elementor-element elementor-element-d141688 elementor-section-boxed elementor-section-height-default elementor-section-height-default\" data-id=\"d141688\" data-element_type=\"section\" data-e-type=\"section\">\n\t\t\t\t\t\t<div class=\"elementor-container elementor-column-gap-default\">\n\t\t\t\t\t<div class=\"elementor-column elementor-col-33 elementor-top-column elementor-element elementor-element-d53cb9f\" data-id=\"d53cb9f\" data-element_type=\"column\" data-e-type=\"column\">\n\t\t\t<div class=\"elementor-widget-wrap\">\n\t\t\t\t\t\t\t<\/div>\n\t\t<\/div>\n\t\t\t\t<div class=\"elementor-column elementor-col-33 elementor-top-column elementor-element elementor-element-443c15e\" data-id=\"443c15e\" data-element_type=\"column\" data-e-type=\"column\">\n\t\t\t<div class=\"elementor-widget-wrap elementor-element-populated\">\n\t\t\t\t\t\t<div class=\"elementor-element elementor-element-6f87a25 elementor-widget elementor-widget-text-editor\" data-id=\"6f87a25\" data-element_type=\"widget\" data-e-type=\"widget\" data-widget_type=\"text-editor.default\">\n\t\t\t\t<div class=\"elementor-widget-container\">\n\t\t\t\t\t\t\t\t\t<p>Na zdj\u0119ciu: \u017bo\u0142nierze 5. Kresowej Dywizji Piechoty, W\u0142ochy, 1945. Fotografia (kolorowana oryginalnie) ze zbior\u00f3w Muzeum Wojska w Bia\u0142ymstoku, nr inw. MWB\/D\/3322<\/p>\t\t\t\t\t\t\t\t<\/div>\n\t\t\t\t<\/div>\n\t\t\t\t\t<\/div>\n\t\t<\/div>\n\t\t\t\t<div class=\"elementor-column elementor-col-33 elementor-top-column elementor-element elementor-element-5a883e3\" data-id=\"5a883e3\" data-element_type=\"column\" data-e-type=\"column\">\n\t\t\t<div class=\"elementor-widget-wrap\">\n\t\t\t\t\t\t\t<\/div>\n\t\t<\/div>\n\t\t\t\t\t<\/div>\n\t\t<\/section>\n\t\t\t\t<section class=\"elementor-section elementor-top-section elementor-element elementor-element-c87c7cf elementor-section-boxed elementor-section-height-default elementor-section-height-default\" data-id=\"c87c7cf\" data-element_type=\"section\" data-e-type=\"section\">\n\t\t\t\t\t\t<div class=\"elementor-container elementor-column-gap-default\">\n\t\t\t\t\t<div class=\"elementor-column elementor-col-100 elementor-top-column elementor-element elementor-element-bc8b991\" data-id=\"bc8b991\" data-element_type=\"column\" data-e-type=\"column\">\n\t\t\t<div class=\"elementor-widget-wrap elementor-element-populated\">\n\t\t\t\t\t\t<div class=\"elementor-element elementor-element-c51c9a3 elementor-widget elementor-widget-text-editor\" data-id=\"c51c9a3\" data-element_type=\"widget\" data-e-type=\"widget\" data-widget_type=\"text-editor.default\">\n\t\t\t\t<div class=\"elementor-widget-container\">\n\t\t\t\t\t\t\t\t\t<p><strong>4-11.02.<\/strong> Konferencja w Ja\u0142cie przyw\u00f3dc\u00f3w koalicji antyhitlerowskiej (tzw. \u201ewielkiej tr\u00f3jki\u201d): J. Stalina, W. Churchilla oraz Franklina Delano Roosevelta. Decydowa\u0142y si\u0119 w\u00f3wczas losy powojennej Europy.<\/p><p><strong>13.02.<\/strong> Po zapoznaniu si\u0119 z ustaleniami ja\u0142ta\u0144skimi gen. W. Anders zwr\u00f3ci\u0142 si\u0119 do w\u0142adz alianckich z pro\u015bb\u0105 o wycofanie z frontu oddzia\u0142\u00f3w 2. KP. W li\u015bcie do Prezydenta RP na uchod\u017astwie W\u0142adys\u0142awa Raczkiewicza pisa\u0142: nie mam sumienia \u017c\u0105da\u0107 w obecnej chwili od \u017co\u0142nierzy ofiary krwi. Do wycofania jednostki ostatecznie nie dosz\u0142o.<\/p><p><strong>9.04.<\/strong> Rozpocz\u0119\u0142o si\u0119 ostatnie natarcie wojsk sprzymierzonych we W\u0142oszech.<\/p><p><strong>21.04.<\/strong> 2. KP zako\u0144czy\u0142 sw\u00f3j szlak bojowy zdobywaj\u0105c Boloni\u0119. Straty og\u00f3lne w walkach na froncie w\u0142oskim wynios\u0142y: 2301 poleg\u0142ych, 9352 rannych i 535 zaginionych.<\/p><p><strong>8.05.<\/strong> W \u017cycie wszed\u0142 podpisany dzie\u0144 wcze\u015bniej akt bezwarunkowej kapitulacji III Rzeszy Niemieckiej, kt\u00f3ry ko\u0144czy\u0142 II wojn\u0119 \u015bwiatow\u0105 w Europie. \u017bo\u0142nierze 2. KP pozostali we W\u0142oszech w sk\u0142adzie wojsk okupacyjnych. W jego szeregi nadal wst\u0119powali Polacy zwalniani z oboz\u00f3w i przymusowych rob\u00f3t. Latem 1945 r. korpus liczy\u0142 ponad 100 000 \u017co\u0142nierzy.<\/p><p><strong>Sierpie\u0144.<\/strong> W\u015br\u00f3d \u017co\u0142nierzy Polskich Si\u0142 Zbrojnych (PSZ) na Zachodzie przeprowadzony zosta\u0142 plebiscyt z pytaniem o ch\u0119\u0107 powrotu do kraju. Za natychmiastowym wyjazdem do Polski opowiedzia\u0142o si\u0119 zaledwie 23 000 \u017co\u0142nierzy w Wielkiej Brytanii i oko\u0142o 10 000 we W\u0142oszech.<\/p><p><strong>3\u201325.12.<\/strong> Do Polski, w 13 transportach kolejowych, przyby\u0142o z W\u0142och \u0142\u0105cznie 12 305 \u017co\u0142nierzy 2. KP i Jednostek Wojskowych na \u015arodkowym Wschodzie; w tej liczbie tylko 32 oficer\u00f3w.<\/p><p>\u00a0<\/p>\t\t\t\t\t\t\t\t<\/div>\n\t\t\t\t<\/div>\n\t\t\t\t\t<\/div>\n\t\t<\/div>\n\t\t\t\t\t<\/div>\n\t\t<\/section>\n\t\t\t\t<section class=\"elementor-section elementor-top-section elementor-element elementor-element-6f837ab elementor-section-boxed elementor-section-height-default elementor-section-height-default\" data-id=\"6f837ab\" data-element_type=\"section\" data-e-type=\"section\">\n\t\t\t\t\t\t<div class=\"elementor-container elementor-column-gap-default\">\n\t\t\t\t\t<div class=\"elementor-column elementor-col-100 elementor-top-column elementor-element elementor-element-2dd8e36\" data-id=\"2dd8e36\" data-element_type=\"column\" data-e-type=\"column\">\n\t\t\t<div class=\"elementor-widget-wrap elementor-element-populated\">\n\t\t\t\t\t\t<div class=\"elementor-element elementor-element-df28d07 elementor-widget elementor-widget-html\" data-id=\"df28d07\" data-element_type=\"widget\" data-e-type=\"widget\" data-widget_type=\"html.default\">\n\t\t\t\t<div class=\"elementor-widget-container\">\n\t\t\t\t\t<a href=\"https:\/\/mwb.com.pl\/wdrodze\/kalendarium\/\">POWR\u00d3T DO KALENDARIUM<\/a>\n\t\t\t\t<\/div>\n\t\t\t\t<\/div>\n\t\t\t\t\t<\/div>\n\t\t<\/div>\n\t\t\t\t\t<\/div>\n\t\t<\/section>\n\t\t\t\t<\/div>\n\t\t","protected":false},"excerpt":{"rendered":"<p>Na zdj\u0119ciu: \u017bo\u0142nierze 5. Kresowej Dywizji Piechoty, W\u0142ochy, 1945. Fotografia (kolorowana oryginalnie) ze zbior\u00f3w Muzeum Wojska w Bia\u0142ymstoku, nr inw. MWB\/D\/3322 4-11.02. Konferencja w Ja\u0142cie przyw\u00f3dc\u00f3w koalicji antyhitlerowskiej (tzw. \u201ewielkiej tr\u00f3jki\u201d): J. Stalina, W. Churchilla oraz Franklina Delano Roosevelta. Decydowa\u0142y si\u0119 w\u00f3wczas losy powojennej Europy. 13.02. Po zapoznaniu si\u0119 z ustaleniami ja\u0142ta\u0144skimi gen. W. Anders [&hellip;]<\/p>\n","protected":false},"author":1,"featured_media":924,"parent":12,"menu_order":0,"comment_status":"closed","ping_status":"closed","template":"page-templates\/page_fullwidth.php","meta":{"footnotes":""},"class_list":["post-923","page","type-page","status-publish","has-post-thumbnail","hentry"],"_links":{"self":[{"href":"https:\/\/mwb.com.pl\/wdrodze\/wp-json\/wp\/v2\/pages\/923","targetHints":{"allow":["GET"]}}],"collection":[{"href":"https:\/\/mwb.com.pl\/wdrodze\/wp-json\/wp\/v2\/pages"}],"about":[{"href":"https:\/\/mwb.com.pl\/wdrodze\/wp-json\/wp\/v2\/types\/page"}],"author":[{"embeddable":true,"href":"https:\/\/mwb.com.pl\/wdrodze\/wp-json\/wp\/v2\/users\/1"}],"replies":[{"embeddable":true,"href":"https:\/\/mwb.com.pl\/wdrodze\/wp-json\/wp\/v2\/comments?post=923"}],"version-history":[{"count":27,"href":"https:\/\/mwb.com.pl\/wdrodze\/wp-json\/wp\/v2\/pages\/923\/revisions"}],"predecessor-version":[{"id":1825,"href":"https:\/\/mwb.com.pl\/wdrodze\/wp-json\/wp\/v2\/pages\/923\/revisions\/1825"}],"up":[{"embeddable":true,"href":"https:\/\/mwb.com.pl\/wdrodze\/wp-json\/wp\/v2\/pages\/12"}],"wp:featuredmedia":[{"embeddable":true,"href":"https:\/\/mwb.com.pl\/wdrodze\/wp-json\/wp\/v2\/media\/924"}],"wp:attachment":[{"href":"https:\/\/mwb.com.pl\/wdrodze\/wp-json\/wp\/v2\/media?parent=923"}],"curies":[{"name":"wp","href":"https:\/\/api.w.org\/{rel}","templated":true}]}}