{"id":901,"date":"1943-03-18T10:23:56","date_gmt":"1943-03-18T09:23:56","guid":{"rendered":"https:\/\/mwb.com.pl\/wdrodze\/?page_id=901"},"modified":"2021-04-23T08:37:35","modified_gmt":"2021-04-23T06:37:35","slug":"1943-2","status":"publish","type":"page","link":"https:\/\/mwb.com.pl\/wdrodze\/kalendarium\/1943-2\/","title":{"rendered":"1943"},"content":{"rendered":"\t\t<div data-elementor-type=\"wp-page\" data-elementor-id=\"901\" class=\"elementor elementor-901\">\n\t\t\t\t\t\t<section class=\"elementor-section elementor-top-section elementor-element elementor-element-cda6ab3 elementor-section-boxed elementor-section-height-default elementor-section-height-default\" data-id=\"cda6ab3\" data-element_type=\"section\" data-e-type=\"section\">\n\t\t\t\t\t\t<div class=\"elementor-container elementor-column-gap-default\">\n\t\t\t\t\t<div class=\"elementor-column elementor-col-33 elementor-top-column elementor-element elementor-element-852803c\" data-id=\"852803c\" data-element_type=\"column\" data-e-type=\"column\">\n\t\t\t<div class=\"elementor-widget-wrap\">\n\t\t\t\t\t\t\t<\/div>\n\t\t<\/div>\n\t\t\t\t<div class=\"elementor-column elementor-col-33 elementor-top-column elementor-element elementor-element-135d7bd\" data-id=\"135d7bd\" data-element_type=\"column\" data-e-type=\"column\">\n\t\t\t<div class=\"elementor-widget-wrap elementor-element-populated\">\n\t\t\t\t\t\t<div class=\"elementor-element elementor-element-ed376cb elementor-widget elementor-widget-image\" data-id=\"ed376cb\" data-element_type=\"widget\" data-e-type=\"widget\" data-widget_type=\"image.default\">\n\t\t\t\t<div class=\"elementor-widget-container\">\n\t\t\t\t\t\t\t\t\t\t\t\t\t\t\t<img fetchpriority=\"high\" decoding=\"async\" width=\"723\" height=\"502\" src=\"https:\/\/mwb.com.pl\/wdrodze\/wp-content\/uploads\/2021\/03\/1943_sepia.jpg\" class=\"attachment-full size-full wp-image-1261\" alt=\"Na zdj\u0119ciu: \u017bo\u0142nierze 2. Korpusu podczas podr\u00f3\u017cy poci\u0105giem, 1943 r. Fotografia ze zbior\u00f3w Muzeum Wojska w Bia\u0142ymstoku, nr inw. MWB\/D\/2959\" srcset=\"https:\/\/mwb.com.pl\/wdrodze\/wp-content\/uploads\/2021\/03\/1943_sepia.jpg 723w, https:\/\/mwb.com.pl\/wdrodze\/wp-content\/uploads\/2021\/03\/1943_sepia-300x208.jpg 300w, https:\/\/mwb.com.pl\/wdrodze\/wp-content\/uploads\/2021\/03\/1943_sepia-230x160.jpg 230w, https:\/\/mwb.com.pl\/wdrodze\/wp-content\/uploads\/2021\/03\/1943_sepia-350x243.jpg 350w, https:\/\/mwb.com.pl\/wdrodze\/wp-content\/uploads\/2021\/03\/1943_sepia-480x333.jpg 480w\" sizes=\"(max-width: 723px) 100vw, 723px\" \/>\t\t\t\t\t\t\t\t\t\t\t\t\t\t\t<\/div>\n\t\t\t\t<\/div>\n\t\t\t\t\t<\/div>\n\t\t<\/div>\n\t\t\t\t<div class=\"elementor-column elementor-col-33 elementor-top-column elementor-element elementor-element-4d40bf0\" data-id=\"4d40bf0\" data-element_type=\"column\" data-e-type=\"column\">\n\t\t\t<div class=\"elementor-widget-wrap\">\n\t\t\t\t\t\t\t<\/div>\n\t\t<\/div>\n\t\t\t\t\t<\/div>\n\t\t<\/section>\n\t\t\t\t<section class=\"elementor-section elementor-top-section elementor-element elementor-element-164fafb elementor-section-boxed elementor-section-height-default elementor-section-height-default\" data-id=\"164fafb\" data-element_type=\"section\" data-e-type=\"section\">\n\t\t\t\t\t\t<div class=\"elementor-container elementor-column-gap-default\">\n\t\t\t\t\t<div class=\"elementor-column elementor-col-33 elementor-top-column elementor-element elementor-element-4b7a511\" data-id=\"4b7a511\" data-element_type=\"column\" data-e-type=\"column\">\n\t\t\t<div class=\"elementor-widget-wrap\">\n\t\t\t\t\t\t\t<\/div>\n\t\t<\/div>\n\t\t\t\t<div class=\"elementor-column elementor-col-33 elementor-top-column elementor-element elementor-element-50d4158\" data-id=\"50d4158\" data-element_type=\"column\" data-e-type=\"column\">\n\t\t\t<div class=\"elementor-widget-wrap elementor-element-populated\">\n\t\t\t\t\t\t<div class=\"elementor-element elementor-element-9d7aaff elementor-widget elementor-widget-text-editor\" data-id=\"9d7aaff\" data-element_type=\"widget\" data-e-type=\"widget\" data-widget_type=\"text-editor.default\">\n\t\t\t\t<div class=\"elementor-widget-container\">\n\t\t\t\t\t\t\t\t\t<p>Na zdj\u0119ciu: \u017bo\u0142nierze 2. Korpusu podczas podr\u00f3\u017cy poci\u0105giem, 1943 r. Fotografia ze zbior\u00f3w Muzeum Wojska w Bia\u0142ymstoku, nr inw. MWB\/D\/2959<\/p>\t\t\t\t\t\t\t\t<\/div>\n\t\t\t\t<\/div>\n\t\t\t\t\t<\/div>\n\t\t<\/div>\n\t\t\t\t<div class=\"elementor-column elementor-col-33 elementor-top-column elementor-element elementor-element-8ca1736\" data-id=\"8ca1736\" data-element_type=\"column\" data-e-type=\"column\">\n\t\t\t<div class=\"elementor-widget-wrap\">\n\t\t\t\t\t\t\t<\/div>\n\t\t<\/div>\n\t\t\t\t\t<\/div>\n\t\t<\/section>\n\t\t\t\t<section class=\"elementor-section elementor-top-section elementor-element elementor-element-fdec346 elementor-section-boxed elementor-section-height-default elementor-section-height-default\" data-id=\"fdec346\" data-element_type=\"section\" data-e-type=\"section\">\n\t\t\t\t\t\t<div class=\"elementor-container elementor-column-gap-default\">\n\t\t\t\t\t<div class=\"elementor-column elementor-col-100 elementor-top-column elementor-element elementor-element-b9740ee\" data-id=\"b9740ee\" data-element_type=\"column\" data-e-type=\"column\">\n\t\t\t<div class=\"elementor-widget-wrap elementor-element-populated\">\n\t\t\t\t\t\t<div class=\"elementor-element elementor-element-96881ae elementor-widget elementor-widget-text-editor\" data-id=\"96881ae\" data-element_type=\"widget\" data-e-type=\"widget\" data-widget_type=\"text-editor.default\">\n\t\t\t\t<div class=\"elementor-widget-container\">\n\t\t\t\t\t\t\t\t\t<p><strong>13.04.<\/strong> Niemieckie radio poda\u0142o komunikat o znalezieniu pod Katyniem zbiorowych grob\u00f3w 10 000 polskich oficer\u00f3w, rozstrzelanych przez Sowiet\u00f3w. Rz\u0105d Polski na Emigracji zwr\u00f3ci\u0142 si\u0119 do Mi\u0119dzynarodowego Czerwonego Krzy\u017ca z pro\u015bb\u0105 o zbadanie grob\u00f3w.<\/p><p><strong>21.04.<\/strong> Stalin zakomunikowa\u0142 Churchillowi, \u017ce post\u0119powanie rz\u0105du polskiego wobec ZSRR w ostatnich czasach rz\u0105d radziecki uwa\u017ca za ca\u0142kowicie nienormalne. Kilka dni p\u00f3\u017aniej ZSRS zerwa\u0142 stosunki dyplomatyczne z Polsk\u0105.<\/p><p><strong>Maj\u2013lipiec.<\/strong> Wielka epidemia malarii w\u015br\u00f3d \u017co\u0142nierzy; przeci\u0119tny stan chorych si\u0119ga\u0142 8 000 ludzi miesi\u0119cznie.<\/p><p><strong>26.05\u20133.07.<\/strong> Wizyta gen. W. Sikorskiego na Bliskim i \u015arodkowym Wschodzie. Naczelny W\u00f3dz wyda\u0142 szereg zarz\u0105dze\u0144, z kt\u00f3rych najwa\u017cniejszym by\u0142o wy\u0142onienie z Armii Polskiej na Wschodzie zwi\u0105zku taktycznego pod nazw\u0105 2. Korpusu Polskiego (2. KP).<\/p><p><strong>4.07.<\/strong> W katastrofie lotniczej w Gibraltarze zgin\u0119\u0142o 16 os\u00f3b, w\u015br\u00f3d nich Prezes Rady Ministr\u00f3w i W\u00f3dz Naczelny gen. W. Sikorski. Nowym premierem Rz\u0105du RP na uchod\u017astwie zosta\u0142 Stanis\u0142aw Miko\u0142ajczyk, a Naczelnym Wodzem gen. broni Kazimierz Sosnkowski.<\/p><p><strong>21.07.<\/strong> W \u017cycie wesz\u0142a nowa organizacja armii polskiej. Tego samego dnia brytyjskie Dow\u00f3dztwo Frontu Persja i Irak (\u201ePaiforce\u201d) zadecydowa\u0142o o przesuni\u0119ciu armii polskiej z Iraku do Palestyny. Przegrupowanie nast\u0119puje do ko\u0144ca wrze\u015bnia.<br \/><br \/><strong>Pa\u017adziernik.<\/strong> \u0106wiczenia dywizyjne na terenie po\u0142udniowej Palestyny.<\/p><p><strong>Listopad.<\/strong> W przem\u00f3wieniu do \u017co\u0142nierzy 3. DSK Naczelny W\u00f3dz gen. K. Sosnkowski zapowiedzia\u0142 udzia\u0142 w walkach na froncie w\u0142oskim.<\/p><p><strong>7.12.<\/strong> Po spotkaniu gen. K. Sosnkowskiego, gen. W. Andersa i gen. Henryka Wilsona (dow\u00f3dcy wojsk brytyjskich na \u015arodkowym Wschodzie) 2. Korpus Polski zosta\u0142 przesuni\u0119ty do Egiptu, do rejonu Qassassin. W sk\u0142ad jednostki wesz\u0142y 3. DSK, 5. KDP, 2. Samodzielna Brygada Czo\u0142g\u00f3w, pu\u0142k samochod\u00f3w pancernych, armijna grupa artylerii i s\u0142u\u017cby. Z Egiptu, od po\u0142owy miesi\u0105ca, zacz\u0105\u0142 si\u0119 transport polskich \u017co\u0142nierzy drog\u0105 morsk\u0105 do W\u0142och.<\/p>\t\t\t\t\t\t\t\t<\/div>\n\t\t\t\t<\/div>\n\t\t\t\t\t<\/div>\n\t\t<\/div>\n\t\t\t\t\t<\/div>\n\t\t<\/section>\n\t\t\t\t<section class=\"elementor-section elementor-top-section elementor-element elementor-element-81f660e elementor-section-boxed elementor-section-height-default elementor-section-height-default\" data-id=\"81f660e\" data-element_type=\"section\" data-e-type=\"section\">\n\t\t\t\t\t\t<div class=\"elementor-container elementor-column-gap-default\">\n\t\t\t\t\t<div class=\"elementor-column elementor-col-100 elementor-top-column elementor-element elementor-element-49535b1\" data-id=\"49535b1\" data-element_type=\"column\" data-e-type=\"column\">\n\t\t\t<div class=\"elementor-widget-wrap elementor-element-populated\">\n\t\t\t\t\t\t<div class=\"elementor-element elementor-element-d13cd14 elementor-widget elementor-widget-html\" data-id=\"d13cd14\" data-element_type=\"widget\" data-e-type=\"widget\" data-widget_type=\"html.default\">\n\t\t\t\t<div class=\"elementor-widget-container\">\n\t\t\t\t\t<a href=\"https:\/\/mwb.com.pl\/wdrodze\/kalendarium\/\">POWR\u00d3T DO KALENDARIUM<\/a>\n\t\t\t\t<\/div>\n\t\t\t\t<\/div>\n\t\t\t\t\t<\/div>\n\t\t<\/div>\n\t\t\t\t\t<\/div>\n\t\t<\/section>\n\t\t\t\t<\/div>\n\t\t","protected":false},"excerpt":{"rendered":"<p>Na zdj\u0119ciu: \u017bo\u0142nierze 2. Korpusu podczas podr\u00f3\u017cy poci\u0105giem, 1943 r. Fotografia ze zbior\u00f3w Muzeum Wojska w Bia\u0142ymstoku, nr inw. MWB\/D\/2959 13.04. Niemieckie radio poda\u0142o komunikat o znalezieniu pod Katyniem zbiorowych grob\u00f3w 10 000 polskich oficer\u00f3w, rozstrzelanych przez Sowiet\u00f3w. Rz\u0105d Polski na Emigracji zwr\u00f3ci\u0142 si\u0119 do Mi\u0119dzynarodowego Czerwonego Krzy\u017ca z pro\u015bb\u0105 o zbadanie grob\u00f3w. 21.04. Stalin [&hellip;]<\/p>\n","protected":false},"author":1,"featured_media":1261,"parent":12,"menu_order":0,"comment_status":"closed","ping_status":"closed","template":"page-templates\/page_fullwidth.php","meta":{"footnotes":""},"class_list":["post-901","page","type-page","status-publish","has-post-thumbnail","hentry"],"_links":{"self":[{"href":"https:\/\/mwb.com.pl\/wdrodze\/wp-json\/wp\/v2\/pages\/901","targetHints":{"allow":["GET"]}}],"collection":[{"href":"https:\/\/mwb.com.pl\/wdrodze\/wp-json\/wp\/v2\/pages"}],"about":[{"href":"https:\/\/mwb.com.pl\/wdrodze\/wp-json\/wp\/v2\/types\/page"}],"author":[{"embeddable":true,"href":"https:\/\/mwb.com.pl\/wdrodze\/wp-json\/wp\/v2\/users\/1"}],"replies":[{"embeddable":true,"href":"https:\/\/mwb.com.pl\/wdrodze\/wp-json\/wp\/v2\/comments?post=901"}],"version-history":[{"count":28,"href":"https:\/\/mwb.com.pl\/wdrodze\/wp-json\/wp\/v2\/pages\/901\/revisions"}],"predecessor-version":[{"id":1817,"href":"https:\/\/mwb.com.pl\/wdrodze\/wp-json\/wp\/v2\/pages\/901\/revisions\/1817"}],"up":[{"embeddable":true,"href":"https:\/\/mwb.com.pl\/wdrodze\/wp-json\/wp\/v2\/pages\/12"}],"wp:featuredmedia":[{"embeddable":true,"href":"https:\/\/mwb.com.pl\/wdrodze\/wp-json\/wp\/v2\/media\/1261"}],"wp:attachment":[{"href":"https:\/\/mwb.com.pl\/wdrodze\/wp-json\/wp\/v2\/media?parent=901"}],"curies":[{"name":"wp","href":"https:\/\/api.w.org\/{rel}","templated":true}]}}