{"id":20,"date":"2021-03-08T12:57:31","date_gmt":"2021-03-08T11:57:31","guid":{"rendered":"https:\/\/mwb.com.pl\/wdrodze\/?page_id=20"},"modified":"2021-04-22T13:23:09","modified_gmt":"2021-04-22T11:23:09","slug":"sklep","status":"publish","type":"page","link":"https:\/\/mwb.com.pl\/wdrodze\/sklep\/","title":{"rendered":"Sklep"},"content":{"rendered":"\t\t<div data-elementor-type=\"wp-page\" data-elementor-id=\"20\" class=\"elementor elementor-20\">\n\t\t\t\t\t\t<section class=\"elementor-section elementor-top-section elementor-element elementor-element-72f3d4d elementor-section-boxed elementor-section-height-default elementor-section-height-default\" data-id=\"72f3d4d\" data-element_type=\"section\" data-e-type=\"section\">\n\t\t\t\t\t\t<div class=\"elementor-container elementor-column-gap-default\">\n\t\t\t\t\t<div class=\"elementor-column elementor-col-100 elementor-top-column elementor-element elementor-element-249a7ed\" data-id=\"249a7ed\" data-element_type=\"column\" data-e-type=\"column\">\n\t\t\t<div class=\"elementor-widget-wrap elementor-element-populated\">\n\t\t\t\t\t\t<div class=\"elementor-element elementor-element-6abfe2c elementor-widget elementor-widget-text-editor\" data-id=\"6abfe2c\" data-element_type=\"widget\" data-e-type=\"widget\" data-widget_type=\"text-editor.default\">\n\t\t\t\t<div class=\"elementor-widget-container\">\n\t\t\t\t\t\t\t\t\t<p>Zach\u0119camy do zakupu ksi\u0105\u017cek Muzeum Wojska w Bia\u0142ymstoku, po\u015bwi\u0119conych \u017co\u0142nierzom 2 Korpusu Polskiego. W naszej aktualnej ofercie wydawniczej znajd\u0105 Pa\u0144stwo:<\/p>\t\t\t\t\t\t\t\t<\/div>\n\t\t\t\t<\/div>\n\t\t\t\t\t<\/div>\n\t\t<\/div>\n\t\t\t\t\t<\/div>\n\t\t<\/section>\n\t\t\t\t<section class=\"elementor-section elementor-top-section elementor-element elementor-element-0f825df elementor-section-boxed elementor-section-height-default elementor-section-height-default\" data-id=\"0f825df\" data-element_type=\"section\" data-e-type=\"section\">\n\t\t\t\t\t\t<div class=\"elementor-container elementor-column-gap-default\">\n\t\t\t\t\t<div class=\"elementor-column elementor-col-50 elementor-top-column elementor-element elementor-element-4877f3e\" data-id=\"4877f3e\" data-element_type=\"column\" data-e-type=\"column\">\n\t\t\t<div class=\"elementor-widget-wrap elementor-element-populated\">\n\t\t\t\t\t\t<div class=\"elementor-element elementor-element-94ec3de elementor-widget elementor-widget-image\" data-id=\"94ec3de\" data-element_type=\"widget\" data-e-type=\"widget\" data-widget_type=\"image.default\">\n\t\t\t\t<div class=\"elementor-widget-container\">\n\t\t\t\t\t\t\t\t\t\t\t\t\t\t\t<img fetchpriority=\"high\" decoding=\"async\" width=\"600\" height=\"860\" src=\"https:\/\/mwb.com.pl\/wdrodze\/wp-content\/uploads\/2021\/04\/wspomnienia.jpg\" class=\"attachment-full size-full wp-image-1776\" alt=\"J\u00f3zef Kowalczuk, \u201eWspomnienia \u017co\u0142nierza 3. Dywizji Strzelc\u00f3w Karpackich\u201d\" srcset=\"https:\/\/mwb.com.pl\/wdrodze\/wp-content\/uploads\/2021\/04\/wspomnienia.jpg 600w, https:\/\/mwb.com.pl\/wdrodze\/wp-content\/uploads\/2021\/04\/wspomnienia-209x300.jpg 209w, https:\/\/mwb.com.pl\/wdrodze\/wp-content\/uploads\/2021\/04\/wspomnienia-230x330.jpg 230w, https:\/\/mwb.com.pl\/wdrodze\/wp-content\/uploads\/2021\/04\/wspomnienia-350x502.jpg 350w, https:\/\/mwb.com.pl\/wdrodze\/wp-content\/uploads\/2021\/04\/wspomnienia-480x688.jpg 480w\" sizes=\"(max-width: 600px) 100vw, 600px\" \/>\t\t\t\t\t\t\t\t\t\t\t\t\t\t\t<\/div>\n\t\t\t\t<\/div>\n\t\t\t\t\t<\/div>\n\t\t<\/div>\n\t\t\t\t<div class=\"elementor-column elementor-col-50 elementor-top-column elementor-element elementor-element-3e60feb\" data-id=\"3e60feb\" data-element_type=\"column\" data-e-type=\"column\">\n\t\t\t<div class=\"elementor-widget-wrap elementor-element-populated\">\n\t\t\t\t\t\t<div class=\"elementor-element elementor-element-80c6c05 elementor-widget elementor-widget-text-editor\" data-id=\"80c6c05\" data-element_type=\"widget\" data-e-type=\"widget\" data-widget_type=\"text-editor.default\">\n\t\t\t\t<div class=\"elementor-widget-container\">\n\t\t\t\t\t\t\t\t\t<p><span class=\"bread-current bread-6329\">J\u00f3zef Kowalczuk, \u201eWspomnienia \u017co\u0142nierza 3. Dywizji Strzelc\u00f3w Karpackich\u201d<\/span><\/p><p>J\u00f3zef Kowalczuk (1914-1986) by\u0142 starszym strzelcem 2. batalionu 3. Dywizji Strzelc\u00f3w Karpackich 2. Korpusu Polskiego, uczestnikiem walk o Monte Cassino. Swoje wspomnienia spisa\u0142 pi\u0119\u0107 lat po powrocie do Polski, w roku 1960. Do zbior\u00f3w Muzeum Wojska w Bia\u0142ymstoku r\u0119kopis przekazany zosta\u0142 w 1991 roku.<\/p><p>83 str., fot. cz.\/b., oprawa twarda, 2020 r., cena \u2013 45 z\u0142<\/p>\t\t\t\t\t\t\t\t<\/div>\n\t\t\t\t<\/div>\n\t\t\t\t\t<\/div>\n\t\t<\/div>\n\t\t\t\t\t<\/div>\n\t\t<\/section>\n\t\t\t\t<section class=\"elementor-section elementor-top-section elementor-element elementor-element-64f0327 elementor-section-boxed elementor-section-height-default elementor-section-height-default\" data-id=\"64f0327\" data-element_type=\"section\" data-e-type=\"section\">\n\t\t\t\t\t\t<div class=\"elementor-container elementor-column-gap-default\">\n\t\t\t\t\t<div class=\"elementor-column elementor-col-50 elementor-top-column elementor-element elementor-element-5c13081\" data-id=\"5c13081\" data-element_type=\"column\" data-e-type=\"column\">\n\t\t\t<div class=\"elementor-widget-wrap elementor-element-populated\">\n\t\t\t\t\t\t<div class=\"elementor-element elementor-element-b39c4d9 elementor-widget elementor-widget-image\" data-id=\"b39c4d9\" data-element_type=\"widget\" data-e-type=\"widget\" data-widget_type=\"image.default\">\n\t\t\t\t<div class=\"elementor-widget-container\">\n\t\t\t\t\t\t\t\t\t\t\t\t\t\t\t<img decoding=\"async\" width=\"600\" height=\"813\" src=\"https:\/\/mwb.com.pl\/wdrodze\/wp-content\/uploads\/2021\/04\/mlodziez.jpg\" class=\"attachment-full size-full wp-image-1781\" alt=\"Henryk Radecki, \u201eM\u0142odzie\u017c Andersa. Wojskowe Szko\u0142y Junak\u00f3w 1941-1947\u201d\" srcset=\"https:\/\/mwb.com.pl\/wdrodze\/wp-content\/uploads\/2021\/04\/mlodziez.jpg 600w, https:\/\/mwb.com.pl\/wdrodze\/wp-content\/uploads\/2021\/04\/mlodziez-221x300.jpg 221w, https:\/\/mwb.com.pl\/wdrodze\/wp-content\/uploads\/2021\/04\/mlodziez-230x312.jpg 230w, https:\/\/mwb.com.pl\/wdrodze\/wp-content\/uploads\/2021\/04\/mlodziez-350x474.jpg 350w, https:\/\/mwb.com.pl\/wdrodze\/wp-content\/uploads\/2021\/04\/mlodziez-480x650.jpg 480w\" sizes=\"(max-width: 600px) 100vw, 600px\" \/>\t\t\t\t\t\t\t\t\t\t\t\t\t\t\t<\/div>\n\t\t\t\t<\/div>\n\t\t\t\t\t<\/div>\n\t\t<\/div>\n\t\t\t\t<div class=\"elementor-column elementor-col-50 elementor-top-column elementor-element elementor-element-5cbb058\" data-id=\"5cbb058\" data-element_type=\"column\" data-e-type=\"column\">\n\t\t\t<div class=\"elementor-widget-wrap elementor-element-populated\">\n\t\t\t\t\t\t<div class=\"elementor-element elementor-element-9f74a1f elementor-widget elementor-widget-text-editor\" data-id=\"9f74a1f\" data-element_type=\"widget\" data-e-type=\"widget\" data-widget_type=\"text-editor.default\">\n\t\t\t\t<div class=\"elementor-widget-container\">\n\t\t\t\t\t\t\t\t\t<p><span class=\"bread-current bread-6329\"><span class=\"bread-current bread-3285\">Henryk Radecki, \u201eM\u0142odzie\u017c Andersa. Wojskowe Szko\u0142y Junak\u00f3w 1941-1947\u201d<\/span><\/span><\/p><p>Ksi\u0105\u017cka opowiada o wyj\u0105tkowych do\u015bwiadczeniach wielotysi\u0119cznej grupy m\u0142odzie\u017cy i dzieci obojga p\u0142ci, kt\u00f3rym w 1942 roku uda\u0142o si\u0119 opu\u015bci\u0107 Zwi\u0105zek Sowiecki wraz z oddzia\u0142ami Wojska Polskiego pod dow\u00f3dztwem gen. Andersa. Bogato ilustrowana archiwalnymi fotografiami i dokumentami praca powsta\u0142a przy udziale Polskiego Funduszu Wydawniczego w Kanadzie i Muzeum Wojska w Bia\u0142ymstoku.<\/p><p>343 str., fot. cz\/b, oprawa mi\u0119kka, 2019 r., cena \u2013 28 z\u0142<\/p>\t\t\t\t\t\t\t\t<\/div>\n\t\t\t\t<\/div>\n\t\t\t\t\t<\/div>\n\t\t<\/div>\n\t\t\t\t\t<\/div>\n\t\t<\/section>\n\t\t\t\t<\/div>\n\t\t","protected":false},"excerpt":{"rendered":"<p>Zach\u0119camy do zakupu ksi\u0105\u017cek Muzeum Wojska w Bia\u0142ymstoku, po\u015bwi\u0119conych \u017co\u0142nierzom 2 Korpusu Polskiego. W naszej aktualnej ofercie wydawniczej znajd\u0105 Pa\u0144stwo: J\u00f3zef Kowalczuk, \u201eWspomnienia \u017co\u0142nierza 3. Dywizji Strzelc\u00f3w Karpackich\u201d J\u00f3zef Kowalczuk (1914-1986) by\u0142 starszym strzelcem 2. batalionu 3. Dywizji Strzelc\u00f3w Karpackich 2. Korpusu Polskiego, uczestnikiem walk o Monte Cassino. Swoje wspomnienia spisa\u0142 pi\u0119\u0107 lat po powrocie [&hellip;]<\/p>\n","protected":false},"author":1,"featured_media":0,"parent":0,"menu_order":0,"comment_status":"closed","ping_status":"closed","template":"page-templates\/page_fullwidth.php","meta":{"footnotes":""},"class_list":["post-20","page","type-page","status-publish","hentry"],"_links":{"self":[{"href":"https:\/\/mwb.com.pl\/wdrodze\/wp-json\/wp\/v2\/pages\/20","targetHints":{"allow":["GET"]}}],"collection":[{"href":"https:\/\/mwb.com.pl\/wdrodze\/wp-json\/wp\/v2\/pages"}],"about":[{"href":"https:\/\/mwb.com.pl\/wdrodze\/wp-json\/wp\/v2\/types\/page"}],"author":[{"embeddable":true,"href":"https:\/\/mwb.com.pl\/wdrodze\/wp-json\/wp\/v2\/users\/1"}],"replies":[{"embeddable":true,"href":"https:\/\/mwb.com.pl\/wdrodze\/wp-json\/wp\/v2\/comments?post=20"}],"version-history":[{"count":13,"href":"https:\/\/mwb.com.pl\/wdrodze\/wp-json\/wp\/v2\/pages\/20\/revisions"}],"predecessor-version":[{"id":1787,"href":"https:\/\/mwb.com.pl\/wdrodze\/wp-json\/wp\/v2\/pages\/20\/revisions\/1787"}],"wp:attachment":[{"href":"https:\/\/mwb.com.pl\/wdrodze\/wp-json\/wp\/v2\/media?parent=20"}],"curies":[{"name":"wp","href":"https:\/\/api.w.org\/{rel}","templated":true}]}}