{"id":640,"date":"2025-02-03T12:21:32","date_gmt":"2025-02-03T11:21:32","guid":{"rendered":"https:\/\/mwb.com.pl\/sport\/?page_id=640"},"modified":"2025-10-30T14:33:22","modified_gmt":"2025-10-30T13:33:22","slug":"eksponaty","status":"publish","type":"page","link":"https:\/\/mwb.com.pl\/sport\/eksponaty\/","title":{"rendered":"Eksponaty"},"content":{"rendered":"\t\t<div data-elementor-type=\"wp-page\" data-elementor-id=\"640\" class=\"elementor elementor-640\">\n\t\t\t\t<div class=\"elementor-element elementor-element-104ad1a e-flex e-con-boxed e-con e-parent\" data-id=\"104ad1a\" data-element_type=\"container\" data-e-type=\"container\">\n\t\t\t\t\t<div class=\"e-con-inner\">\n\t\t\t\t<div class=\"elementor-element elementor-element-990b397 elementor-widget elementor-widget-heading\" data-id=\"990b397\" data-element_type=\"widget\" data-e-type=\"widget\" data-widget_type=\"heading.default\">\n\t\t\t\t<div class=\"elementor-widget-container\">\n\t\t\t\t\t<p class=\"elementor-heading-title elementor-size-default\">Kiedy przedmiot staje si\u0119 eksponatem? | Dlaczego muzeum ich potrzebuje? | Jakie ma wobec nich obowi\u0105zki?<\/p>\t\t\t\t<\/div>\n\t\t\t\t<\/div>\n\t\t\t\t\t<\/div>\n\t\t\t\t<\/div>\n\t\t<div class=\"elementor-element elementor-element-81ac6c2 e-flex e-con-boxed e-con e-parent\" data-id=\"81ac6c2\" data-element_type=\"container\" data-e-type=\"container\">\n\t\t\t\t\t<div class=\"e-con-inner\">\n\t\t<div class=\"elementor-element elementor-element-a825592 e-con-full e-flex e-con e-child\" data-id=\"a825592\" data-element_type=\"container\" data-e-type=\"container\">\n\t\t\t\t<div class=\"elementor-element elementor-element-3a258d4 elementor-widget elementor-widget-text-editor\" data-id=\"3a258d4\" data-element_type=\"widget\" data-e-type=\"widget\" data-widget_type=\"text-editor.default\">\n\t\t\t\t<div class=\"elementor-widget-container\">\n\t\t\t\t\t\t\t\t\t<p>Jedna z naj\u0142adniejszych definicji muzeum m\u00f3wi, \u017ce zadaniem instytucji jest wycofanie wybranych rzeczy z obiegu codziennego oraz ocalenie ich od zapomnienia i zniszczenia. W procesie tym kluczowym elementem jest przemiana przedmiotu w eksponat, zwi\u0105zana z wykluczeniem go ze \u015brodowiska naturalnego i odebranie mu pierwotnej funkcji. Dzie\u0142a sztuki sakralnej przestaj\u0105 by\u0107 w\u00f3wczas przedmiotami kultu, bro\u0144 nie s\u0142u\u017cy do obrony lub ataku, a w tych konkretnych lekkoatletycznych kolcach Natalia Bukowiecka (z domu Kaczmarek) nie zdob\u0119dzie kolejnych medali olimpijskich. Nawet najmniejszy obiekt pokazywany w muzealnej gablocie nabiera nowych w\u0142a\u015bciwo\u015bci. Kryje bowiem w sobie histori\u0119 ale i opowie\u015b\u0107 o w\u0142a\u015bcicielu, kt\u00f3r\u0105 chcemy przekaza\u0107 zwiedzaj\u0105cym.<\/p><p>Ka\u017cde muzeum potrzebuje eksponatu, fizycznego \u015bladu przesz\u0142o\u015bci. Ale te\u017c przedmiot potrzebuje muzeum by sta\u0107 si\u0119 eksponatem i korzysta\u0107 z wszystkich przywilej\u00f3w. Ka\u017cda oddana pami\u0105tka zostaje szczeg\u00f3\u0142owa opisana, opracowana naukowo i skatalogowana. Przede wszystkim: nigdy ju\u017c nie przepadnie!<\/p>\t\t\t\t\t\t\t\t<\/div>\n\t\t\t\t<\/div>\n\t\t\t\t<\/div>\n\t\t<div class=\"elementor-element elementor-element-d7d30a7 e-con-full e-flex e-con e-child\" data-id=\"d7d30a7\" data-element_type=\"container\" data-e-type=\"container\">\n\t\t\t\t<div class=\"elementor-element elementor-element-24e439a elementor-widget elementor-widget-image\" data-id=\"24e439a\" data-element_type=\"widget\" data-e-type=\"widget\" data-widget_type=\"image.default\">\n\t\t\t\t<div class=\"elementor-widget-container\">\n\t\t\t\t\t\t\t\t\t\t\t\t\t\t\t\t<a href=\"https:\/\/mwb.com.pl\/sport\/wp-content\/uploads\/2025\/02\/eksponat01.jpg\" data-elementor-open-lightbox=\"yes\" data-elementor-lightbox-title=\"Eksponaty\" data-e-action-hash=\"#elementor-action%3Aaction%3Dlightbox%26settings%3DeyJpZCI6NzUzLCJ1cmwiOiJodHRwczpcL1wvbXdiLmNvbS5wbFwvc3BvcnRcL3dwLWNvbnRlbnRcL3VwbG9hZHNcLzIwMjVcLzAyXC9la3Nwb25hdDAxLmpwZyJ9\">\n\t\t\t\t\t\t\t<img decoding=\"async\" src=\"https:\/\/mwb.com.pl\/sport\/wp-content\/uploads\/2025\/02\/eksponat01.jpg\" title=\"Eksponaty\" alt=\"Eksponaty\" loading=\"lazy\" \/>\t\t\t\t\t\t\t\t<\/a>\n\t\t\t\t\t\t\t\t\t\t\t\t\t\t\t<\/div>\n\t\t\t\t<\/div>\n\t\t\t\t<\/div>\n\t\t\t\t\t<\/div>\n\t\t\t\t<\/div>\n\t\t<div class=\"elementor-element elementor-element-583e139 e-flex e-con-boxed e-con e-parent\" data-id=\"583e139\" data-element_type=\"container\" data-e-type=\"container\">\n\t\t\t\t\t<div class=\"e-con-inner\">\n\t\t<div class=\"elementor-element elementor-element-a721b91 e-con-full elementor-hidden-mobile e-flex e-con e-child\" data-id=\"a721b91\" data-element_type=\"container\" data-e-type=\"container\">\n\t\t\t\t<div class=\"elementor-element elementor-element-131fa14 elementor-widget elementor-widget-image\" data-id=\"131fa14\" data-element_type=\"widget\" data-e-type=\"widget\" data-widget_type=\"image.default\">\n\t\t\t\t<div class=\"elementor-widget-container\">\n\t\t\t\t\t\t\t\t\t\t\t\t\t\t\t\t<a href=\"https:\/\/mwb.com.pl\/sport\/wp-content\/uploads\/2025\/02\/eksponat02.jpg\" data-elementor-open-lightbox=\"yes\" data-elementor-lightbox-title=\"Eksponaty\" data-e-action-hash=\"#elementor-action%3Aaction%3Dlightbox%26settings%3DeyJpZCI6NzU2LCJ1cmwiOiJodHRwczpcL1wvbXdiLmNvbS5wbFwvc3BvcnRcL3dwLWNvbnRlbnRcL3VwbG9hZHNcLzIwMjVcLzAyXC9la3Nwb25hdDAyLmpwZyJ9\">\n\t\t\t\t\t\t\t<img decoding=\"async\" src=\"https:\/\/mwb.com.pl\/sport\/wp-content\/uploads\/2025\/02\/eksponat02.jpg\" title=\"Eksponaty\" alt=\"Eksponaty\" loading=\"lazy\" \/>\t\t\t\t\t\t\t\t<\/a>\n\t\t\t\t\t\t\t\t\t\t\t\t\t\t\t<\/div>\n\t\t\t\t<\/div>\n\t\t\t\t<\/div>\n\t\t<div class=\"elementor-element elementor-element-f845663 e-con-full e-flex e-con e-child\" data-id=\"f845663\" data-element_type=\"container\" data-e-type=\"container\">\n\t\t\t\t<div class=\"elementor-element elementor-element-18675d6 elementor-widget elementor-widget-text-editor\" data-id=\"18675d6\" data-element_type=\"widget\" data-e-type=\"widget\" data-widget_type=\"text-editor.default\">\n\t\t\t\t<div class=\"elementor-widget-container\">\n\t\t\t\t\t\t\t\t\t<p>Dlaczego warto zaufa\u0107 muzeum w tym wzgl\u0119dzie? Instytucja zobowi\u0105zana jest odpowiednio przechowywa\u0107, magazynowa\u0107 i zabezpiecza\u0107 swoje zbiory, prawid\u0142owo je ewidencjonowa\u0107, naukowo opracowywa\u0107 oraz udost\u0119pnia\u0107 poprzez prezentowanie na wystawach. Przedmioty zgromadzone w muzeum ewidencjonuje si\u0119 w ksi\u0119gach inwentarzowych, rejestrach pomocniczych oraz ksi\u0119gach depozytu. Ka\u017cdy przedmiot zostaje wpisany do ewidencji pod w\u0142asnym numerem i otrzymuje swoje indywidualne oznakowanie, sk\u0142adaj\u0105ce si\u0119 z oznaczenia w\u0142a\u015bciciela (najcz\u0119\u015bciej s\u0105 to pierwsze litery nazwy muzeum\/instytucji) oraz kolejnego numeru. Wszystkie zabytki, zanim zostan\u0105 zaprezentowane na wystawie, powinny mie\u0107 odpowiednio opracowan\u0105 dokumentacj\u0119, w tym fotograficzn\u0105, a tak\u017ce by\u0107 w\u0142a\u015bciwe oznakowane.<\/p>\t\t\t\t\t\t\t\t<\/div>\n\t\t\t\t<\/div>\n\t\t<div class=\"elementor-element elementor-element-130413a e-con-full elementor-hidden-desktop elementor-hidden-tablet e-flex e-con e-child\" data-id=\"130413a\" data-element_type=\"container\" data-e-type=\"container\">\n\t\t\t\t<div class=\"elementor-element elementor-element-a0fcdea elementor-widget elementor-widget-image\" data-id=\"a0fcdea\" data-element_type=\"widget\" data-e-type=\"widget\" data-widget_type=\"image.default\">\n\t\t\t\t<div class=\"elementor-widget-container\">\n\t\t\t\t\t\t\t\t\t\t\t\t\t\t\t\t<a href=\"https:\/\/mwb.com.pl\/sport\/wp-content\/uploads\/2025\/02\/eksponat02.jpg\" data-elementor-open-lightbox=\"yes\" data-elementor-lightbox-title=\"Eksponaty\" data-e-action-hash=\"#elementor-action%3Aaction%3Dlightbox%26settings%3DeyJpZCI6NzU2LCJ1cmwiOiJodHRwczpcL1wvbXdiLmNvbS5wbFwvc3BvcnRcL3dwLWNvbnRlbnRcL3VwbG9hZHNcLzIwMjVcLzAyXC9la3Nwb25hdDAyLmpwZyJ9\">\n\t\t\t\t\t\t\t<img decoding=\"async\" src=\"https:\/\/mwb.com.pl\/sport\/wp-content\/uploads\/2025\/02\/eksponat02.jpg\" title=\"Eksponaty\" alt=\"Eksponaty\" loading=\"lazy\" \/>\t\t\t\t\t\t\t\t<\/a>\n\t\t\t\t\t\t\t\t\t\t\t\t\t\t\t<\/div>\n\t\t\t\t<\/div>\n\t\t\t\t<\/div>\n\t\t\t\t<\/div>\n\t\t\t\t\t<\/div>\n\t\t\t\t<\/div>\n\t\t<div class=\"elementor-element elementor-element-949a825 e-flex e-con-boxed e-con e-parent\" data-id=\"949a825\" data-element_type=\"container\" data-e-type=\"container\">\n\t\t\t\t\t<div class=\"e-con-inner\">\n\t\t<div class=\"elementor-element elementor-element-e855e2d e-con-full e-flex e-con e-child\" data-id=\"e855e2d\" data-element_type=\"container\" data-e-type=\"container\">\n\t\t\t\t<div class=\"elementor-element elementor-element-0468593 elementor-widget elementor-widget-text-editor\" data-id=\"0468593\" data-element_type=\"widget\" data-e-type=\"widget\" data-widget_type=\"text-editor.default\">\n\t\t\t\t<div class=\"elementor-widget-container\">\n\t\t\t\t\t\t\t\t\t<p>W Muzeum Wojska w Bia\u0142ymstoku potrafimy to robi\u0107, pracujemy w ten spos\u00f3b od blisko 60 lat. Przez dekady swoje najcenniejsze pami\u0105tki powierzy\u0142o nam wiele tysi\u0119cy os\u00f3b. Do ka\u017cdego przedmiotu podchodzimy z tak\u0105 sam\u0105 dba\u0142o\u015bci\u0105 i szacunkiem.<\/p>\t\t\t\t\t\t\t\t<\/div>\n\t\t\t\t<\/div>\n\t\t\t\t<\/div>\n\t\t<div class=\"elementor-element elementor-element-a9772aa e-con-full e-flex e-con e-child\" data-id=\"a9772aa\" data-element_type=\"container\" data-e-type=\"container\">\n\t\t\t\t<div class=\"elementor-element elementor-element-06bc63c elementor-widget elementor-widget-image\" data-id=\"06bc63c\" data-element_type=\"widget\" data-e-type=\"widget\" data-widget_type=\"image.default\">\n\t\t\t\t<div class=\"elementor-widget-container\">\n\t\t\t\t\t\t\t\t\t\t\t\t\t\t\t\t<a href=\"https:\/\/mwb.com.pl\/sport\/wp-content\/uploads\/2025\/02\/eksponat03.jpg\" data-elementor-open-lightbox=\"yes\" data-elementor-lightbox-title=\"Eksponaty\" data-e-action-hash=\"#elementor-action%3Aaction%3Dlightbox%26settings%3DeyJpZCI6ODM5LCJ1cmwiOiJodHRwczpcL1wvbXdiLmNvbS5wbFwvc3BvcnRcL3dwLWNvbnRlbnRcL3VwbG9hZHNcLzIwMjVcLzAyXC9la3Nwb25hdDAzLmpwZyJ9\">\n\t\t\t\t\t\t\t<img decoding=\"async\" src=\"https:\/\/mwb.com.pl\/sport\/wp-content\/uploads\/2025\/02\/eksponat03.jpg\" title=\"Eksponaty\" alt=\"Eksponaty\" loading=\"lazy\" \/>\t\t\t\t\t\t\t\t<\/a>\n\t\t\t\t\t\t\t\t\t\t\t\t\t\t\t<\/div>\n\t\t\t\t<\/div>\n\t\t\t\t<\/div>\n\t\t\t\t\t<\/div>\n\t\t\t\t<\/div>\n\t\t<div class=\"elementor-element elementor-element-06648af e-flex e-con-boxed e-con e-parent\" data-id=\"06648af\" data-element_type=\"container\" data-e-type=\"container\">\n\t\t\t\t\t<div class=\"e-con-inner\">\n\t\t\t\t<div class=\"elementor-element elementor-element-18400ad elementor-align-center elementor-widget elementor-widget-button\" data-id=\"18400ad\" data-element_type=\"widget\" data-e-type=\"widget\" data-widget_type=\"button.default\">\n\t\t\t\t<div class=\"elementor-widget-container\">\n\t\t\t\t\t\t\t\t\t<div class=\"elementor-button-wrapper\">\n\t\t\t\t\t<a class=\"elementor-button elementor-button-link elementor-size-sm\" href=\"https:\/\/mwb.com.pl\/sport\">\n\t\t\t\t\t\t<span class=\"elementor-button-content-wrapper\">\n\t\t\t\t\t\t\t\t\t<span class=\"elementor-button-text\">Powr\u00f3t do strony g\u0142\u00f3wnej<\/span>\n\t\t\t\t\t<\/span>\n\t\t\t\t\t<\/a>\n\t\t\t\t<\/div>\n\t\t\t\t\t\t\t\t<\/div>\n\t\t\t\t<\/div>\n\t\t\t\t\t<\/div>\n\t\t\t\t<\/div>\n\t\t\t\t<\/div>\n\t\t","protected":false},"excerpt":{"rendered":"<p>Kiedy przedmiot staje si\u0119 eksponatem? | Dlaczego muzeum ich potrzebuje? | Jakie ma wobec nich obowi\u0105zki? Jedna z naj\u0142adniejszych definicji muzeum m\u00f3wi, [&hellip;]<\/p>\n","protected":false},"author":1,"featured_media":0,"parent":0,"menu_order":0,"comment_status":"closed","ping_status":"closed","template":"elementor_header_footer","meta":{"footnotes":""},"class_list":["post-640","page","type-page","status-publish","hentry"],"_links":{"self":[{"href":"https:\/\/mwb.com.pl\/sport\/wp-json\/wp\/v2\/pages\/640","targetHints":{"allow":["GET"]}}],"collection":[{"href":"https:\/\/mwb.com.pl\/sport\/wp-json\/wp\/v2\/pages"}],"about":[{"href":"https:\/\/mwb.com.pl\/sport\/wp-json\/wp\/v2\/types\/page"}],"author":[{"embeddable":true,"href":"https:\/\/mwb.com.pl\/sport\/wp-json\/wp\/v2\/users\/1"}],"replies":[{"embeddable":true,"href":"https:\/\/mwb.com.pl\/sport\/wp-json\/wp\/v2\/comments?post=640"}],"version-history":[{"count":31,"href":"https:\/\/mwb.com.pl\/sport\/wp-json\/wp\/v2\/pages\/640\/revisions"}],"predecessor-version":[{"id":1563,"href":"https:\/\/mwb.com.pl\/sport\/wp-json\/wp\/v2\/pages\/640\/revisions\/1563"}],"wp:attachment":[{"href":"https:\/\/mwb.com.pl\/sport\/wp-json\/wp\/v2\/media?parent=640"}],"curies":[{"name":"wp","href":"https:\/\/api.w.org\/{rel}","templated":true}]}}