{"id":42,"date":"2023-07-18T11:32:42","date_gmt":"2023-07-18T09:32:42","guid":{"rendered":"https:\/\/mwb.com.pl\/smp\/?page_id=42"},"modified":"2023-09-05T07:48:59","modified_gmt":"2023-09-05T05:48:59","slug":"kontakt","status":"publish","type":"page","link":"https:\/\/mwb.com.pl\/smp\/kontakt\/","title":{"rendered":"Kontakt"},"content":{"rendered":"\t\t<div data-elementor-type=\"wp-page\" data-elementor-id=\"42\" class=\"elementor elementor-42\">\n\t\t\t\t\t\t<section class=\"elementor-section elementor-top-section elementor-element elementor-element-71eec30 elementor-section-boxed elementor-section-height-default elementor-section-height-default\" data-id=\"71eec30\" data-element_type=\"section\" data-e-type=\"section\">\n\t\t\t\t\t\t<div class=\"elementor-container elementor-column-gap-default\">\n\t\t\t\t\t<div class=\"elementor-column elementor-col-100 elementor-top-column elementor-element elementor-element-65fe9e6\" data-id=\"65fe9e6\" data-element_type=\"column\" data-e-type=\"column\">\n\t\t\t<div class=\"elementor-widget-wrap elementor-element-populated\">\n\t\t\t\t\t\t<div class=\"elementor-element elementor-element-1c64b94 elementor-widget elementor-widget-heading\" data-id=\"1c64b94\" data-element_type=\"widget\" data-e-type=\"widget\" data-widget_type=\"heading.default\">\n\t\t\t\t<div class=\"elementor-widget-container\">\n\t\t\t\t\t<h4 class=\"elementor-heading-title elementor-size-default\">Kontakt<\/h4>\t\t\t\t<\/div>\n\t\t\t\t<\/div>\n\t\t\t\t\t<\/div>\n\t\t<\/div>\n\t\t\t\t\t<\/div>\n\t\t<\/section>\n\t\t\t\t<section class=\"elementor-section elementor-top-section elementor-element elementor-element-f5872c6 elementor-section-boxed elementor-section-height-default elementor-section-height-default\" data-id=\"f5872c6\" data-element_type=\"section\" data-e-type=\"section\">\n\t\t\t\t\t\t<div class=\"elementor-container elementor-column-gap-default\">\n\t\t\t\t\t<div class=\"elementor-column elementor-col-100 elementor-top-column elementor-element elementor-element-86f0d3d\" data-id=\"86f0d3d\" data-element_type=\"column\" data-e-type=\"column\">\n\t\t\t<div class=\"elementor-widget-wrap elementor-element-populated\">\n\t\t\t\t\t\t<div class=\"elementor-element elementor-element-4ca8702 elementor-widget elementor-widget-text-editor\" data-id=\"4ca8702\" data-element_type=\"widget\" data-e-type=\"widget\" data-widget_type=\"text-editor.default\">\n\t\t\t\t<div class=\"elementor-widget-container\">\n\t\t\t\t\t\t\t\t\t<p style=\"text-align: center;\"><b>Marek Gajewski \u2013 prezes<\/b><\/p><p style=\"text-align: center;\"><a href=\"mailto:%3Ca%20href=\">marekgaj71@wp.pl<\/a><\/p><p style=\"text-align: center;\"><strong>Dane adresowe:<\/strong><\/p><p style=\"text-align: center;\">Oddzia\u0142 Podlaski Stowarzyszenia Muzealnik\u00f3w Polskich<\/p><p style=\"text-align: center;\">ul. Jana Kili\u0144skiego 7<\/p><p style=\"text-align: center;\">15-089 Bia\u0142ystok<\/p><p style=\"text-align: center;\">e-mail: <a href=\"mailto:smp.podlasie@wp.pl\">smp.podlasie@wp.pl<\/a><\/p><p style=\"text-align: center;\"><b>\u00a0<\/b><\/p>\t\t\t\t\t\t\t\t<\/div>\n\t\t\t\t<\/div>\n\t\t\t\t\t<\/div>\n\t\t<\/div>\n\t\t\t\t\t<\/div>\n\t\t<\/section>\n\t\t\t\t<\/div>\n\t\t","protected":false},"excerpt":{"rendered":"<p>Kontakt Marek Gajewski \u2013 prezes marekgaj71@wp.pl Dane adresowe: Oddzia\u0142 Podlaski Stowarzyszenia Muzealnik\u00f3w Polskich ul. Jana Kili\u0144skiego 7 15-089 Bia\u0142ystok e-mail: smp.podlasie@wp.pl \u00a0<\/p>\n","protected":false},"author":1,"featured_media":0,"parent":0,"menu_order":0,"comment_status":"closed","ping_status":"closed","template":"elementor_header_footer","meta":{"footnotes":""},"class_list":["post-42","page","type-page","status-publish","hentry"],"_links":{"self":[{"href":"https:\/\/mwb.com.pl\/smp\/wp-json\/wp\/v2\/pages\/42","targetHints":{"allow":["GET"]}}],"collection":[{"href":"https:\/\/mwb.com.pl\/smp\/wp-json\/wp\/v2\/pages"}],"about":[{"href":"https:\/\/mwb.com.pl\/smp\/wp-json\/wp\/v2\/types\/page"}],"author":[{"embeddable":true,"href":"https:\/\/mwb.com.pl\/smp\/wp-json\/wp\/v2\/users\/1"}],"replies":[{"embeddable":true,"href":"https:\/\/mwb.com.pl\/smp\/wp-json\/wp\/v2\/comments?post=42"}],"version-history":[{"count":7,"href":"https:\/\/mwb.com.pl\/smp\/wp-json\/wp\/v2\/pages\/42\/revisions"}],"predecessor-version":[{"id":518,"href":"https:\/\/mwb.com.pl\/smp\/wp-json\/wp\/v2\/pages\/42\/revisions\/518"}],"wp:attachment":[{"href":"https:\/\/mwb.com.pl\/smp\/wp-json\/wp\/v2\/media?parent=42"}],"curies":[{"name":"wp","href":"https:\/\/api.w.org\/{rel}","templated":true}]}}