{"id":36,"date":"2023-07-18T11:31:52","date_gmt":"2023-07-18T09:31:52","guid":{"rendered":"https:\/\/mwb.com.pl\/smp\/?page_id=36"},"modified":"2023-08-22T14:49:03","modified_gmt":"2023-08-22T12:49:03","slug":"zarzad","status":"publish","type":"page","link":"https:\/\/mwb.com.pl\/smp\/zarzad\/","title":{"rendered":"Zarz\u0105d"},"content":{"rendered":"\t\t<div data-elementor-type=\"wp-page\" data-elementor-id=\"36\" class=\"elementor elementor-36\">\n\t\t\t\t\t\t<section class=\"elementor-section elementor-top-section elementor-element elementor-element-d547af3 elementor-section-boxed elementor-section-height-default elementor-section-height-default\" data-id=\"d547af3\" data-element_type=\"section\" data-e-type=\"section\">\n\t\t\t\t\t\t<div class=\"elementor-container elementor-column-gap-default\">\n\t\t\t\t\t<div class=\"elementor-column elementor-col-100 elementor-top-column elementor-element elementor-element-26db08d\" data-id=\"26db08d\" data-element_type=\"column\" data-e-type=\"column\">\n\t\t\t<div class=\"elementor-widget-wrap elementor-element-populated\">\n\t\t\t\t\t\t<div class=\"elementor-element elementor-element-3387652 elementor-widget elementor-widget-heading\" data-id=\"3387652\" data-element_type=\"widget\" data-e-type=\"widget\" data-widget_type=\"heading.default\">\n\t\t\t\t<div class=\"elementor-widget-container\">\n\t\t\t\t\t<h4 class=\"elementor-heading-title elementor-size-default\">Zarz\u0105d<\/h4>\t\t\t\t<\/div>\n\t\t\t\t<\/div>\n\t\t\t\t\t<\/div>\n\t\t<\/div>\n\t\t\t\t\t<\/div>\n\t\t<\/section>\n\t\t\t\t<section class=\"elementor-section elementor-top-section elementor-element elementor-element-29c7c0d elementor-section-boxed elementor-section-height-default elementor-section-height-default\" data-id=\"29c7c0d\" data-element_type=\"section\" data-e-type=\"section\">\n\t\t\t\t\t\t<div class=\"elementor-container elementor-column-gap-default\">\n\t\t\t\t\t<div class=\"elementor-column elementor-col-100 elementor-top-column elementor-element elementor-element-7e87efb\" data-id=\"7e87efb\" data-element_type=\"column\" data-e-type=\"column\">\n\t\t\t<div class=\"elementor-widget-wrap elementor-element-populated\">\n\t\t\t\t\t\t<div class=\"elementor-element elementor-element-04d6410 elementor-widget elementor-widget-text-editor\" data-id=\"04d6410\" data-element_type=\"widget\" data-e-type=\"widget\" data-widget_type=\"text-editor.default\">\n\t\t\t\t<div class=\"elementor-widget-container\">\n\t\t\t\t\t\t\t\t\t<p style=\"text-align: center;\"><span style=\"font-size: 12pt;\"><strong>ZARZ\u0104D ODDZIA\u0141U PODLASKIEGO <\/strong><\/span><\/p>\n<p style=\"text-align: center;\"><span style=\"font-size: 12pt;\"><\/span><span style=\"font-size: 12pt;\"><strong>STOWARZYSZENIA MUZEALNIK\u00d3W POLSKICH <\/strong><\/span><\/p>\n<p style=\"text-align: center;\"><span style=\"font-size: 12pt;\"><strong>(KADENCJA NA LATA 2022-2025)<\/strong><\/span><\/p>\n<p style=\"text-align: center;\"><strong>Marek Gajewski \u2013 prezes<\/strong><br \/>e-mail: <a href=\"mailto:mgajewski@mwb.com.pl\">mgajewski@mwb.com.pl<\/a><\/p>\n<p style=\"text-align: center;\"><strong>Magdalena Muska\u0142a \u2013 wiceprezes<\/strong><br \/>e-mail: <a href=\"mailto:magdalena.muskala@umb.edu.pl\">magdalena.muskala@umb.edu.pl<\/a><\/p>\n<p style=\"text-align: center;\"><strong>Bogus\u0142aw Kosel \u2013 sekretarz<\/strong><br \/>e-mail: <a href=\"mailto:kosel.boguslaw@gmail.com\">kosel.boguslaw@gmail.com<\/a><\/p>\n<p style=\"text-align: center;\"><strong>Wies\u0142aw Kapla \u2013 skarbnik<\/strong><\/p>\n<p style=\"text-align: center;\"><strong>Piotr Nizio\u0142ek \u2013 cz\u0142onek<\/strong><\/p>\n<p style=\"text-align: center;\"><strong>Adam Soko\u0142owski \u2013 cz\u0142onek<\/strong><\/p>\n<p style=\"text-align: center;\"><strong>Waldemar Tyszuk \u2013 cz\u0142onek<\/strong><\/p>\n<p>&nbsp;<\/p>\n<p style=\"text-align: center;\"><span style=\"font-size: 12pt;\"><strong>KOMISJA REWIZYJNA ODDZIA\u0141U PODLASKIEGO <\/strong><\/span><\/p>\n<p style=\"text-align: center;\"><span style=\"font-size: 12pt;\"><\/span><span style=\"font-size: 12pt;\"><strong>STOWARZYSZENIA MUZEALNIK\u00d3W POLSKICH <\/strong><\/span><\/p>\n<p style=\"text-align: center;\"><span style=\"font-size: 12pt;\"><strong>(KADENCJA NA LATA 2022-2025)<\/strong><\/span><\/p>\n<p style=\"text-align: center;\"><strong>Katarzyna Szarejko<\/strong> \u2013 przewodnicz\u0105cy<\/p>\n<p style=\"text-align: center;\"><strong>Mateusz Budzy\u0144ski<\/strong> \u2013 cz\u0142onek<\/p>\n<p style=\"text-align: center;\"><strong>Urszula Szymak-Wa\u015bkiewicz<\/strong> \u2013 cz\u0142onek<\/p>\n<p style=\"text-align: center;\"><br \/><span style=\"font-size: 12pt;\"><strong>DELEGACI ODDZIA\u0141U PODLASKIEGO <\/strong><\/span><\/p>\n<p style=\"text-align: center;\"><span style=\"font-size: 12pt;\"><\/span><span style=\"font-size: 12pt;\"><strong>NA WALNY ZJAZD DELEGAT\u00d3W CZ\u0141ONK\u00d3W ODDZIA\u0141\u00d3W <\/strong><\/span><\/p>\n<p style=\"text-align: center;\"><span style=\"font-size: 12pt;\"><strong>STOWARZYSZENIA MUZEALNIK\u00d3W POLSKICH <\/strong><\/span><\/p>\n<p style=\"text-align: center;\"><span style=\"font-size: 12pt;\"><strong>(KADENCJA NA LATA 2022-2025)<\/strong><\/span><\/p>\n<p style=\"text-align: center;\"><strong>Piotr Bia\u0142okozowicz<\/strong><br \/>(Muzeum Wojska w Bia\u0142ymstoku)<\/p>\n<p style=\"text-align: center;\"><strong>Jerzy Brzozowski<\/strong><br \/>(dyrektor Muzeum Okr\u0119gowego w Suwa\u0142kach)<\/p>\n<p style=\"text-align: center;\"><strong>Mateusz Budzy\u0144ski<\/strong><br \/>(Muzeum Wojska w Bia\u0142ymstoku)<\/p>\n<p style=\"text-align: center;\"><strong>Marek Gajewski<\/strong><br \/>(prezes Zarz\u0105du Oddzia\u0142u Podlaskiego SMP, <br \/>Muzeum Wojska w Bia\u0142ymstoku)<\/p>\n<p style=\"text-align: center;\"><strong>Artur Gawe\u0142<\/strong><br \/>(dyrektor Podlaskiego Muzeum Kultury Ludowej w Wasilkowie)<\/p>\n<p style=\"text-align: center;\"><strong>Bogus\u0142aw Kosel<\/strong><br \/>(Muzeum Podlaskie w Bia\u0142ymstoku)<\/p>\n<p style=\"text-align: center;\"><strong>Magdalena Muska\u0142a<\/strong> <br \/>(wiceprezes Zarz\u0105du Oddzia\u0142u Podlaskiego SMP, <br \/>Muzeum Historii Medycyny i Farmacji w Bia\u0142ymstoku)<\/p>\n<p style=\"text-align: center;\"><strong>Szczepan Skibicki<\/strong><br \/>(Muzeum Wojska w Bia\u0142ymstoku)<\/p>\n<p style=\"text-align: center;\"><strong>Karolina Sk\u0142odowska<\/strong><br \/>(Muzeum P\u00f3\u0142nocno-Mazowieckie w \u0141om\u017cy)<\/p>\n<hr style=\"color: green;\" \/>\n<p>&nbsp;<\/p>\n<p style=\"text-align: center;\"><span style=\"font-size: 12pt;\"><strong>ZARZ\u0104D ODDZIA\u0141U PODLASKIEGO <\/strong><\/span><\/p>\n<p style=\"text-align: center;\"><span style=\"font-size: 12pt;\"><strong>STOWARZYSZENIA MUZEALNIK\u00d3W POLSKICH <\/strong><\/span><\/p>\n<p style=\"text-align: center;\"><span style=\"font-size: 12pt;\"><strong>(KADENCJA 2017-2020)<\/strong><\/span><\/p>\n<p style=\"text-align: center;\"><strong>Marek Gajewski \u2013 prezes<\/strong><br \/>e-mail: <a href=\"mailto:mgajewski@mwb.com.pl\">mgajewski@mwb.com.pl<\/a>, tel. 505-134-020<\/p>\n<p style=\"text-align: center;\"><strong>Magdalena Grassmann \u2013 wiceprezes<\/strong><br \/>e-mail: <a href=\"mailto:magdalena.grassmann@umb.edu.pl\">magdalena.grassmann@umb.edu.pl<\/a><\/p>\n<p style=\"text-align: center;\"><strong>Piotr Nizio\u0142ek \u2013 sekretarz<\/strong><br \/>e-mail: <a href=\"mailto:p.niziolek@muzeum.bialystok.pl\">p.niziolek@muzeum.bialystok.pl<\/a> &nbsp;<\/p>\n<p style=\"text-align: center;\"><strong>Waldemar Tyszuk \u2013 skarbnik<\/strong> &nbsp;<br \/>e-mail: <a href=\"mailto:wt82@op.pl\">wt82@op.pl<\/a><\/p>\n<p style=\"text-align: center;\"><strong>Karolina Sk\u0142odowska \u2013 cz\u0142onek<\/strong><br \/>e-mail: <a href=\"mailto:ksklodowska@poczta.onet.pl\">ksklodowska@poczta.onet.pl<\/a><\/p>\n<p style=\"text-align: center;\"><strong>Jerzy Siemaszko \u2013 cz\u0142onek<\/strong><br \/>e-mail: <a href=\"mailto:jsiemaszko@wp.pl\">jsiemaszko@wp.pl<\/a><\/p>\n<p style=\"text-align: center;\"><strong>J\u00f3zef Waczy\u0144ski \u2013 cz\u0142onek<\/strong><br \/>e-mail: <a>jwaczynski@mwb.com.pl<\/a><\/p>\n<p>&nbsp;<\/p>\n<p style=\"text-align: center;\"><span style=\"font-size: 12pt;\"><strong>KOMISJA REWIZYJNA ODDZIA\u0141U PODLASKIEGO <\/strong><\/span><\/p>\n<p style=\"text-align: center;\"><span style=\"font-size: 12pt;\"><strong>STOWARZYSZENIA MUZEALNIK\u00d3W POLSKICH <\/strong><\/span><\/p>\n<p style=\"text-align: center;\"><span style=\"font-size: 12pt;\"><strong>(KADENCJA 2017-2020)<\/strong><\/span><\/p>\n<p style=\"text-align: center;\"><strong>Katarzyna Hryszko<\/strong> \u2013 przewodnicz\u0105cy &nbsp;<br \/><strong>Katarzyna Rusin<\/strong> \u2013 cz\u0142onek<br \/><strong>Monika Ko\u015bciukiewcz<\/strong> \u2013 cz\u0142onek<\/p>\n<p>&nbsp;<\/p>\n<p style=\"text-align: center;\"><span style=\"font-size: 12pt;\"><strong>DELEGACI ODDZIA\u0141U PODLASKIEGO <\/strong><\/span><\/p>\n<p style=\"text-align: center;\"><span style=\"font-size: 12pt;\"><strong>NA WALNY ZJAZD DELEGAT\u00d3W CZ\u0141ONK\u00d3W ODDZIA\u0141\u00d3W <\/strong><\/span><\/p>\n<p style=\"text-align: center;\"><span style=\"font-size: 12pt;\"><strong>STOWARZYSZENIA MUZEALNIK\u00d3W POLSKICH <\/strong><\/span><\/p>\n<p style=\"text-align: center;\"><span style=\"font-size: 12pt;\"><strong>(KADENCJA 2017-2020)<\/strong> <\/span><\/p>\n<p style=\"text-align: center;\"><strong>Andrzej Lechowski<\/strong><br \/>(dyrektor Muzeum Podlaskiego w Bia\u0142ymstoku)<\/p>\n<p style=\"text-align: center;\"><strong>Robert Sadowski<\/strong><br \/>(dyrektor Muzeum Wojska w Bia\u0142ymstoku)<\/p>\n<p style=\"text-align: center;\"><strong>Jerzy Brzozowski<\/strong><br \/>(dyrektor Muzeum Okr\u0119gowego w Suwa\u0142kach)<\/p>\n<p style=\"text-align: center;\"><strong>Artur Gawe\u0142<\/strong><br \/>(p.o. dyrektora Podlaskiego Muzeum Kultury Ludowej w Wasilkowie)<\/p>\n<p style=\"text-align: center;\"><strong>Marek Gajewski<\/strong><br \/>(prezes Zarz\u0105du Oddzia\u0142u Podlaskiego SMP, Muzeum Wojska w Bia\u0142ymstoku)<\/p>\n<p style=\"text-align: center;\"><strong>Magdalena Grassmann<\/strong> &nbsp;<br \/>(wiceprezes Zarz\u0105du Oddzia\u0142u Podlaskiego SMP, Muzeum Historii Medycyny i Farmacji w Bia\u0142ymstoku)<\/p>\n<p style=\"text-align: center;\"><strong>Jerzy Siemaszko<\/strong><br \/>(cz\u0142onek Zarz\u0105du Oddzia\u0142u Podlaskiego SMP, Muzeum Okr\u0119gowe w Suwa\u0142kach)<\/p>\n<p style=\"text-align: center;\"><strong>Marta Gosk<\/strong><br \/>(Muzeum P\u00f3\u0142nocno-Mazowieckie w \u0141om\u017cy)<\/p>\n<p style=\"text-align: center;\"><strong>Jerzy Ostapczuk<\/strong><br \/>(Muzeum Podlaskie w Bia\u0142ymstoku)<\/p>\n<p style=\"text-align: center;\">&#8212;&#8212;&#8212;&#8212;&#8212;&#8212;&#8212;&#8212;&#8212;&#8212;&#8212;&#8212;&#8212;&#8212;&#8212;&#8212;&#8212;&#8212;&#8212;&#8212;&#8212;&#8212;&#8212;&#8212;&#8212;-<\/p>\t\t\t\t\t\t\t\t<\/div>\n\t\t\t\t<\/div>\n\t\t\t\t\t<\/div>\n\t\t<\/div>\n\t\t\t\t\t<\/div>\n\t\t<\/section>\n\t\t\t\t<\/div>\n\t\t","protected":false},"excerpt":{"rendered":"<p>Zarz\u0105d ZARZ\u0104D ODDZIA\u0141U PODLASKIEGO STOWARZYSZENIA MUZEALNIK\u00d3W POLSKICH (KADENCJA NA LATA 2022-2025) Marek Gajewski \u2013 prezese-mail: mgajewski@mwb.com.pl Magdalena Muska\u0142a \u2013 wiceprezese-mail: magdalena.muskala@umb.edu.pl Bogus\u0142aw [&hellip;]<\/p>\n","protected":false},"author":1,"featured_media":0,"parent":0,"menu_order":0,"comment_status":"closed","ping_status":"closed","template":"elementor_header_footer","meta":{"footnotes":""},"class_list":["post-36","page","type-page","status-publish","hentry"],"_links":{"self":[{"href":"https:\/\/mwb.com.pl\/smp\/wp-json\/wp\/v2\/pages\/36","targetHints":{"allow":["GET"]}}],"collection":[{"href":"https:\/\/mwb.com.pl\/smp\/wp-json\/wp\/v2\/pages"}],"about":[{"href":"https:\/\/mwb.com.pl\/smp\/wp-json\/wp\/v2\/types\/page"}],"author":[{"embeddable":true,"href":"https:\/\/mwb.com.pl\/smp\/wp-json\/wp\/v2\/users\/1"}],"replies":[{"embeddable":true,"href":"https:\/\/mwb.com.pl\/smp\/wp-json\/wp\/v2\/comments?post=36"}],"version-history":[{"count":4,"href":"https:\/\/mwb.com.pl\/smp\/wp-json\/wp\/v2\/pages\/36\/revisions"}],"predecessor-version":[{"id":381,"href":"https:\/\/mwb.com.pl\/smp\/wp-json\/wp\/v2\/pages\/36\/revisions\/381"}],"wp:attachment":[{"href":"https:\/\/mwb.com.pl\/smp\/wp-json\/wp\/v2\/media?parent=36"}],"curies":[{"name":"wp","href":"https:\/\/api.w.org\/{rel}","templated":true}]}}