{"id":4021,"date":"2024-03-20T15:11:36","date_gmt":"2024-03-20T14:11:36","guid":{"rendered":"https:\/\/mwb.com.pl\/rezerwacja\/?page_id=4021"},"modified":"2024-03-21T09:09:18","modified_gmt":"2024-03-21T08:09:18","slug":"osoby-60","status":"publish","type":"page","link":"https:\/\/mwb.com.pl\/rezerwacja\/osoby-60\/","title":{"rendered":"Osoby 60+"},"content":{"rendered":"<p><strong>Dawne dzieje &#8211; nowe zainteresowania \u2013 cykl warsztat\u00f3w dla senior\u00f3w<\/strong><\/p>\n<p>Muzeum Wojska w Bia\u0142ymstoku, z my\u015bl\u0105 o osobach w wieku 60+, przygotowa\u0142o bogat\u0105 ofert\u0119 edukacyjn\u0105: cykl warsztat\u00f3w, spacery historyczne , wyk\u0142ady oraz interaktywne zwiedzanie Muzeum, a w okresie letnim zwiedzanie Parku Militarnego w po\u0142\u0105czeniu z aktywno\u015bciami fizycznymi.<\/p>\n<p>Zapraszamy do Muzeum senior\u00f3w, kt\u00f3rzy pragn\u0105 wraz z Nami kultywowa\u0107 dziedzictwo narodowe, a dzi\u0119ki aktywno\u015bci tw\u00f3rczej b\u0119d\u0105 mogli pobudza\u0107 kreatywno\u015b\u0107 i realizowa\u0107 w\u0142asne pomys\u0142y oraz budowa\u0107 relacje z innymi uczestnikami warsztat\u00f3w.<\/p>\n<p>Obowi\u0105zuje rezerwacja miejsc:<\/p>\n<p>Przyjmujemy zapisy telefonicznie w godz. 9.30- 15.30 pod numerem: 85 7416-449, mo\u017cna te\u017c wys\u0142a\u0107 e-mail na adres:<u>rezerwacja@mwb.com.pl<br \/>\n<\/u><\/p>\n<p>W przypadku grup prosimy o wyb\u00f3r zaj\u0119\u0107 z oferty i wype\u0142nienie formularza rezerwacyjnego.<\/p>\n<p>Osoba do kontaktu: Teresa Przepie\u015b\u0107-Misarko tel. 85 7416-449 w.17, tmisarko@mwb.com.pl<\/p>\n","protected":false},"excerpt":{"rendered":"<p>Dawne dzieje &#8211; nowe zainteresowania \u2013 cykl warsztat\u00f3w dla senior\u00f3w Muzeum Wojska w Bia\u0142ymstoku, z my\u015bl\u0105 o osobach w wieku 60+, przygotowa\u0142o bogat\u0105 ofert\u0119 edukacyjn\u0105: cykl warsztat\u00f3w, spacery historyczne , wyk\u0142ady oraz interaktywne zwiedzanie Muzeum, a w okresie letnim zwiedzanie Parku Militarnego w po\u0142\u0105czeniu z aktywno\u015bciami fizycznymi. Zapraszamy do Muzeum senior\u00f3w, kt\u00f3rzy pragn\u0105 wraz zContinue reading &rarr;<\/p>\n","protected":false},"author":1,"featured_media":0,"parent":0,"menu_order":0,"comment_status":"closed","ping_status":"closed","template":"","meta":{"footnotes":""},"class_list":["post-4021","page","type-page","status-publish","hentry","no-thumb"],"_links":{"self":[{"href":"https:\/\/mwb.com.pl\/rezerwacja\/wp-json\/wp\/v2\/pages\/4021","targetHints":{"allow":["GET"]}}],"collection":[{"href":"https:\/\/mwb.com.pl\/rezerwacja\/wp-json\/wp\/v2\/pages"}],"about":[{"href":"https:\/\/mwb.com.pl\/rezerwacja\/wp-json\/wp\/v2\/types\/page"}],"author":[{"embeddable":true,"href":"https:\/\/mwb.com.pl\/rezerwacja\/wp-json\/wp\/v2\/users\/1"}],"replies":[{"embeddable":true,"href":"https:\/\/mwb.com.pl\/rezerwacja\/wp-json\/wp\/v2\/comments?post=4021"}],"version-history":[{"count":3,"href":"https:\/\/mwb.com.pl\/rezerwacja\/wp-json\/wp\/v2\/pages\/4021\/revisions"}],"predecessor-version":[{"id":4073,"href":"https:\/\/mwb.com.pl\/rezerwacja\/wp-json\/wp\/v2\/pages\/4021\/revisions\/4073"}],"wp:attachment":[{"href":"https:\/\/mwb.com.pl\/rezerwacja\/wp-json\/wp\/v2\/media?parent=4021"}],"curies":[{"name":"wp","href":"https:\/\/api.w.org\/{rel}","templated":true}]}}