{"id":202,"date":"2019-01-04T13:34:19","date_gmt":"2019-01-04T12:34:19","guid":{"rendered":"https:\/\/mwb.com.pl\/rezerwacja\/?page_id=202"},"modified":"2023-01-31T13:59:32","modified_gmt":"2023-01-31T12:59:32","slug":"witamy-w-systemie-rezerwacji-muzeum-wojska","status":"publish","type":"page","link":"https:\/\/mwb.com.pl\/rezerwacja\/","title":{"rendered":"Witamy w systemie rezerwacji Muzeum Wojska w&nbsp;Bia\u0142ymstoku"},"content":{"rendered":"<h3>Aby dokona\u0107 rezerwacji:<\/h3>\n<p>1. Prosz\u0119 wybra\u0107 temat z g\u00f3rnego menu. Opisy zaj\u0119\u0107 znajduj\u0105 si\u0119 na stronie internetowej muzeum, <a href=\"https:\/\/mwb.com.pl\/mwb2017\/oferta\/edukacja\">pod tym linkiem<\/a>.<\/p>\n<p>2. Nast\u0119pnie prosz\u0119 wybra\u0107 klikni\u0119ciem dzie\u0144 w kalendarzu, wype\u0142ni\u0107 i wys\u0142a\u0107 formularz.<\/p>\n<p>3. Otrzymaj\u0105 Pa\u0144stwo na podany adres e-mail potwierdzenie wys\u0142ania formularza.<\/p>\n<p>4. Rezerwacja jest dokonana <strong>po zatwierdzeniu<\/strong> przez pracownika muzeum, co zostanie potwierdzone kolejn\u0105 wiadomo\u015bci\u0105 e-mail.<\/p>\n<p><strong>UWAGA<\/strong><\/p>\n<p>W wypadku konieczno\u015bci odwo\u0142ania wizyty w muzeum, prosimy o przes\u0142anie informacji na adres e-mail: rezerwacja@mwb.com.pl lub o telefon na nr 535 956 007<\/p>\n","protected":false},"excerpt":{"rendered":"<p>Aby dokona\u0107 rezerwacji: 1. Prosz\u0119 wybra\u0107 temat z g\u00f3rnego menu. Opisy zaj\u0119\u0107 znajduj\u0105 si\u0119 na stronie internetowej muzeum, pod tym linkiem. 2. Nast\u0119pnie prosz\u0119 wybra\u0107 klikni\u0119ciem dzie\u0144 w kalendarzu, wype\u0142ni\u0107 i wys\u0142a\u0107 formularz. 3. Otrzymaj\u0105 Pa\u0144stwo na podany adres e-mail potwierdzenie wys\u0142ania formularza. 4. Rezerwacja jest dokonana po zatwierdzeniu przez pracownika muzeum, co zostanie potwierdzoneContinue reading &rarr;<\/p>\n","protected":false},"author":1,"featured_media":0,"parent":0,"menu_order":0,"comment_status":"closed","ping_status":"closed","template":"","meta":{"footnotes":""},"class_list":["post-202","page","type-page","status-publish","hentry","no-thumb"],"_links":{"self":[{"href":"https:\/\/mwb.com.pl\/rezerwacja\/wp-json\/wp\/v2\/pages\/202","targetHints":{"allow":["GET"]}}],"collection":[{"href":"https:\/\/mwb.com.pl\/rezerwacja\/wp-json\/wp\/v2\/pages"}],"about":[{"href":"https:\/\/mwb.com.pl\/rezerwacja\/wp-json\/wp\/v2\/types\/page"}],"author":[{"embeddable":true,"href":"https:\/\/mwb.com.pl\/rezerwacja\/wp-json\/wp\/v2\/users\/1"}],"replies":[{"embeddable":true,"href":"https:\/\/mwb.com.pl\/rezerwacja\/wp-json\/wp\/v2\/comments?post=202"}],"version-history":[{"count":17,"href":"https:\/\/mwb.com.pl\/rezerwacja\/wp-json\/wp\/v2\/pages\/202\/revisions"}],"predecessor-version":[{"id":3147,"href":"https:\/\/mwb.com.pl\/rezerwacja\/wp-json\/wp\/v2\/pages\/202\/revisions\/3147"}],"wp:attachment":[{"href":"https:\/\/mwb.com.pl\/rezerwacja\/wp-json\/wp\/v2\/media?parent=202"}],"curies":[{"name":"wp","href":"https:\/\/api.w.org\/{rel}","templated":true}]}}