{"id":9325,"date":"2022-06-21T15:04:17","date_gmt":"2022-06-21T13:04:17","guid":{"rendered":"https:\/\/mwb.com.pl\/mwb2017\/?page_id=9325"},"modified":"2025-05-26T09:59:08","modified_gmt":"2025-05-26T07:59:08","slug":"park-militarny","status":"publish","type":"page","link":"https:\/\/mwb.com.pl\/mwb2017\/wystawy\/park-militarny\/","title":{"rendered":"Park Militarny"},"content":{"rendered":"<h4>Wystawa sta\u0142a w Parku Militarnym Muzeum Wojska w Bia\u0142ymstoku.<\/h4>\n<p><img decoding=\"async\" src=\"https:\/\/mwb.com.pl\/mwb2017\/wp-content\/uploads\/2022\/06\/park.jpg\" width=\"600px\" \/><\/p>\n<p>Park Militarny znajduje si\u0119 w Bia\u0142ymstoku, na ul. W\u0119glowej 3A. Zwiedzaj\u0105cych zapraszamy w soboty i niedziele, w godz. 9.30-17.00. Bilety w cenie 7 z\u0142 (normalny) i 5 z\u0142 (ulgowy).<\/p>\n<p>Ekspozycja gromadzi pojazdy, jednostki artylerii i inne eksponaty, ze zbior\u00f3w naszego muzeum, kt\u00f3rych gabaryty nie pozwala\u0142y na prezentowanie w siedzibie muzeum przy ulicy Kili\u0144skiego . Wszystkie obiekty prezentowane w zadaszonej hali wystawienniczej przesz\u0142y gruntowne prace konserwatorskie i zabezpieczaj\u0105ce. W wi\u0119kszo\u015bci jest to sprz\u0119t pochodzenia sowieckiego, kt\u00f3ry by\u0142 wykorzystywany w jednostkach Wojska Polskiego, ale jest tu te\u017c kilka pere\u0142ek z okresu mi\u0119dzywojennego. I tak id\u0105c zgodnie z kierunkiem zwiedzania zobaczymy desantowe dzia\u0142o szturmowe ASU \u2013 85, kt\u00f3re by\u0142o na wyposa\u017ceniu 6 Pomorskiej Dywizji Powietrznodesantowej \u2013 s\u0142ynnych w okresie PRL \u201eCzerwonych Beret\u00f3w\u201d. Dalej natrafimy na dwa przyk\u0142ady dzia\u0142 przeciwlotniczych, za nimi konstrukcja, kt\u00f3rej nie trzeba przedstawia\u0107: najbardziej rozpoznawalny i drugi najliczniej produkowany czo\u0142g na \u015bwiecie: T-34\/85. Z nim s\u0105siaduje powojenna artyleryjska wyrzutnia rakietowa BM-13 &#8211; nast\u0119pca s\u0142ynnej \u201eKatiuszy\u201d, na podwoziu samochodu ci\u0119\u017carowego ZIS 151. Kolejny eksponat to pozycja zdecydowanie mniej oczywista: Latarnia KNS-1PM2 &#8211; kodowo neonowa latarnia lotniskowa, kt\u00f3ra przeznaczona by\u0142a do oznaczania lotnisk sygna\u0142ami \u015bwietlnymi podawanymi alfabetem Morse\u2019a, zamontowana na samochodzie ci\u0119\u017carowym Zi\u0141 130. Obok samoch\u00f3d terenowy GAZ 69A, w Polsce popularnie zwany \u201eGazikiem\u201d w czterodrzwiowej wersji zwan\u0105 \u201ekomandork\u0105\u201d. Za stoj\u0105cym obok sowieckim motocyklem M 72 znajdziemy z kolei dwa zabytki zwi\u0105zane z wy\u017cywieniem \u017co\u0142nierzy na linii frontu: polsk\u0105 kuchni\u0119 polow\u0105 wz. 320\/51, kt\u00f3ra pozwala\u0142a nakarmi\u0107 jednorazowo 160 os\u00f3b, oraz ruchomy piec piekarski wz. OPP na podwoziu dwuosiowej przyczepy D46 wypiekaj\u0105cy 54 chleby na godzin\u0119. Naprzeciwko pieca znajduj\u0105 si\u0119 samoch\u00f3d ci\u0119\u017carowy Star 660 M1 wyposa\u017cony w instalacj\u0119 rozlewcz\u0105 do odka\u017cania IRS. Obok niego eksponat, kt\u00f3ry mo\u017ce by\u0107 niema\u0142ym zaskoczeniem: morski kuter rozpoznawczy Jesion, naprzeciwko za\u015b kolekcja artylerii oraz broni wielkokalibrowej.<\/p>\n<p>W centralnej cz\u0119\u015bci ekspozycji dominuje sprz\u0119t polskiej produkcji, pochodz\u0105cy z okresu mi\u0119dzywojennego. Jako pierwszy rzuca si\u0119 w oczy eksponat unikalny: polska taczanka piechoty wz. 36 \u2013 jeden z dw\u00f3ch oryginalnych egzemplarzy tego pojazdu w zbiorach polskich muze\u00f3w, tu prezentowana w tr\u00f3jkonnym zaprz\u0119giem. Obok kolejne pere\u0142ki: 37 mm. armata przeciwpancerna wz. 36 produkowana w Pruszkowie i Rzeszowie na licencji szwedzkiego Boforsa \u2013 prezentowany egzemplarz jest weteranem wojny obronnej 1939 r oraz fi\u0144sko \u2013 sowieckiej wojny kontynuacyjnej. Obok biedka amunicyjna wz. 33 \u2013 lekki jednokonny w\u00f3z do transportu amunicji do karabinu maszynowego i przodek \u2013 czyli cz\u0119\u015b\u0107 do kt\u00f3rej zaprz\u0119gano konie oraz na kt\u00f3rej siedzia\u0142 wo\u017anica \u2013 polskiej kuchni polowej wz. 31. Dalej kolejny unikat: \u0142\u00f3d\u017a saperska z wozem LKS (lekki konno-samochodowy), jest to jedyny taki zestaw w polskich muzeach, ostatnio widziany w komplecie na polskich drogach we wrze\u015bniu 1939 r.<br \/>\nNa koniec warto wspomnie\u0107 o jeszcze dw\u00f3ch cennych eksponatach: armacie niemieckiego dzia\u0142a szturmowego Sdkfz 142 SutG III, kt\u00f3r\u0105 odnaleziono w bia\u0142ostockich Dojlidach podczas prac budowlanych oraz kopule jednej z dw\u00f3ch wie\u017c pomocniczych radzieckiego czo\u0142gu \u015bredniego T-28.<\/p>\n<style id=\"bwg-style-0\">      #bwg_container1_0 #bwg_container2_0 .bwg_masonry_thumb_0 {        text-align: center;        display: inline-block;        vertical-align: middle;      \t          width: 100% !important;;      \t        margin: 0;        opacity: 1.00;      }\t\t\t\t\t\t      #bwg_container1_0 #bwg_container2_0 .bwg-container-0.bwg-masonry-thumbnails .bwg-item,      #bwg_container1_0 #bwg_container2_0 .bwg-container-temp0.bwg-masonry-thumbnails .bwg-item {        padding: calc(4px \/ 2);\t\t\t\t      }      #bwg_container1_0 #bwg_container2_0 .bwg-container-0.bwg-masonry-thumbnails .bwg-item0 {      \t        background-color:rgba(0,0,0, 0.30);        border: 0px none #CCCCCC;\t\t\t\topacity: 1.00;        border-radius: 0;      }      #bwg_container1_0 #bwg_container2_0 .bwg-container-0.bwg-masonry-thumbnails .bwg-item1 img {        max-height: none;\t\t\t\t        \tmax-width: calc(250px + (4px + 0px));\t\t\t\t      }\t\t\t\t\t\t\t@media only screen and (min-width: 480px) {\t\t\t\t\t#bwg_container1_0 #bwg_container2_0 .bwg-container-0.bwg-masonry-thumbnails .bwg-item1 img {\t\t\t\t\t\t-webkit-transition: -webkit-transform .3s; transition: transform .3s;\t\t\t\t\t}\t\t\t\t\t#bwg_container1_0 #bwg_container2_0 .bwg-container-0.bwg-masonry-thumbnails .bwg-item1 img:hover {\t\t\t\t\t\t-ms-transform: scale(1.08);\t\t\t\t\t\t-webkit-transform: scale(1.08);\t\t\t\t\t\ttransform: scale(1.08);\t\t\t\t\t}\t\t\t\t\t\t\t\t\t}\t\t\t\t\t\t\t\t\t#bwg_container1_0 #bwg_container2_0 .bwg-container-0.bwg-masonry-thumbnails .bwg-title2,\t\t\t#bwg_container1_0 #bwg_container2_0 .bwg-container-temp0.bwg-masonry-thumbnails .bwg-title2,\t\t\t#bwg_container1_0 #bwg_container2_0 .bwg-container-0.bwg-masonry-thumbnails .bwg-play-icon2,\t\t\t#bwg_container1_0 #bwg_container2_0 .bwg-container-0.bwg-masonry-thumbnails .bwg-ecommerce2 {\t\t\t\tmax-height: 100%;\t\t\t\tpadding: 2px;\t\t\t\tfont-family: Ubuntu;\t\t\t\tfont-weight: bold;\t\t\t\tfont-size: 16px;\t\t\t\tcolor: #323A45;\t\t\t}\t\t\t#bwg_container1_0 #bwg_container2_0 .bwg-container-0.bwg-masonry-thumbnails .bwg-ecommerce2 {\t\t\t\tcolor: #323A45;\t\t\t}\t  \t#bwg_container1_0 #bwg_container2_0 .bwg_masonry_thumbnails_0 {\t\t\t\tposition: relative;\t\t\t\tbackground-color: rgba(255, 255, 255, 0.00);\t\t\t\tfont-size: 0;\t\t\t\t\t\t\t\t\twidth: 1254px;\t\t\t\t\tmax-width: 100%;\t\t\t\t\t\t\t\t\tmax-width: 100%;\t\t\t\t\t\t\t\t\t\t\t\t\tmargin: 0 auto;\t\t\t\t\t\t\t}\t\t\t\t\t\t\t@media only screen and (max-width: 1290px) {\t\t\t\t\t#bwg_container1_0 #bwg_container2_0 .bwg_masonry_thumbnails_0 {\t\t\t\t\t\twidth: inherit;\t\t\t\t\t}\t\t\t\t}\t\t\t\t\t\t#bwg_container1_0 #bwg_container2_0 .bwg_masonry_thumb_description_0 {        color: #323A45;        line-height: 1.4;        font-size: 16px;        font-family: Ubuntu;        text-align: justify;      }      #bwg_container1_0.bwg_thumbnails_masonry .wd_error p {        color: #323A45;      }      #bwg_container1_0 #bwg_container2_0 .bwg_gal_title_0 {        background-color: rgba(0, 0, 0, 0);        color: #323A45;        display: block;        font-family: Ubuntu;        font-size: 16px;        font-weight: bold;        padding: 2px;        text-shadow: ;        text-align: center;      }      <\/style>    <div id=\"bwg_container1_0\"         class=\"bwg_container bwg_thumbnail bwg_thumbnails_masonry \"         data-right-click-protection=\"0\"         data-bwg=\"0\"         data-scroll=\"0\"         data-gallery-type=\"thumbnails_masonry\"         data-gallery-view-type=\"thumbnails_masonry\"         data-current-url=\"\/mwb2017\/wp-json\/wp\/v2\/pages\/9325\"         data-lightbox-url=\"https:\/\/mwb.com.pl\/mwb2017\/wp-admin\/admin-ajax.php?action=GalleryBox&#038;current_view=0&#038;gallery_id=5&#038;tag=0&#038;theme_id=1&#038;shortcode_id=31&#038;sort_by=order&#038;order_by=asc&#038;current_url=%2Fmwb2017%2Fwp-json%2Fwp%2Fv2%2Fpages%2F9325\"         data-gallery-id=\"5\"         data-popup-width=\"800\"         data-popup-height=\"500\"         data-is-album=\"gallery\"         data-buttons-position=\"bottom\">      <div id=\"bwg_container2_0\">             <div id=\"ajax_loading_0\" class=\"bwg_loading_div_1\">      <div class=\"bwg_loading_div_2\">        <div class=\"bwg_loading_div_3\">          <div id=\"loading_div_0\" class=\"bwg_spider_ajax_loading\">          <\/div>        <\/div>      <\/div>    <\/div>            <form id=\"gal_front_form_0\"              class=\"bwg-hidden\"              method=\"post\"              action=\"#\"              data-current=\"0\"              data-shortcode-id=\"31\"              data-gallery-type=\"thumbnails_masonry\"              data-gallery-id=\"5\"              data-tag=\"0\"              data-album-id=\"0\"              data-theme-id=\"1\"              data-ajax-url=\"https:\/\/mwb.com.pl\/mwb2017\/wp-admin\/admin-ajax.php?action=bwg_frontend_data\">          <div id=\"bwg_container3_0\" class=\"bwg-background bwg-background-0\">                <div id=\"bwg_thumbnails_masonry_0\"         data-bwg=\"0\"         data-masonry-type=\"vertical\"         data-resizable-thumbnails=\"1\"         data-max-count=\"5\"         data-thumbnail-width=\"250\"         data-thumbnail-height=\"250\"         data-thumbnail-padding=\"4\"         data-thumbnail-border=\"0\"         data-gallery-id=\"5\"         data-lightbox-url=\"https:\/\/mwb.com.pl\/mwb2017\/wp-admin\/admin-ajax.php?action=GalleryBox&#038;current_view=0&#038;gallery_id=5&#038;tag=0&#038;theme_id=1&#038;shortcode_id=31&#038;sort_by=order&#038;order_by=asc&#038;current_url=%2Fmwb2017%2Fwp-json%2Fwp%2Fv2%2Fpages%2F9325\"         class=\"bwg-container-0 bwg_masonry_thumbnails_0 bwg-masonry-thumbnails bwg-masonry-vertical bwg-container bwg-border-box\">              <div class=\"bwg-item\">          <a class=\"bwg-a  bwg_lightbox\"  data-image-id=\"62\" href=\"https:\/\/mwb.com.pl\/mwb2017\/wp-content\/uploads\/photo-gallery\/park\/MG_6951.jpg?bwg=1655983462\" data-elementor-open-lightbox=\"no\">            <div class=\"bwg-item0\">              <div class=\"bwg-item1 \">      \t\t\t\t\t<img decoding=\"async\" class=\"skip-lazy bwg-masonry-thumb bwg_masonry_thumb_0 \"                       data-id=\"62\"                       data-src=\"https:\/\/mwb.com.pl\/mwb2017\/wp-content\/uploads\/photo-gallery\/park\/thumb\/MG_6951.jpg?bwg=1655983462\"                       data-width=\"500.00\"                       data-height=\"333.00\"\t\t\t\t\t\t\t\t\t\t   src=\"https:\/\/mwb.com.pl\/mwb2017\/wp-content\/uploads\/photo-gallery\/park\/thumb\/MG_6951.jpg?bwg=1655983462\"\t\t\t\t\t\t\t\t\t\t   alt=\"Park Militarny - Noc Muze\u00f3w 2022\"\t\t\t\t\t\t\t\t\t\t   title=\"Park Militarny - Noc Muze\u00f3w 2022\" \/>                <div class=\"\">                  \t\t\t\t                                            <\/div>              <\/div>            <\/div>                      <\/a>                  <\/div>              <div class=\"bwg-item\">          <a class=\"bwg-a  bwg_lightbox\"  data-image-id=\"63\" href=\"https:\/\/mwb.com.pl\/mwb2017\/wp-content\/uploads\/photo-gallery\/park\/MG_6841.jpg?bwg=1655983462\" data-elementor-open-lightbox=\"no\">            <div class=\"bwg-item0\">              <div class=\"bwg-item1 \">      \t\t\t\t\t<img decoding=\"async\" class=\"skip-lazy bwg-masonry-thumb bwg_masonry_thumb_0 \"                       data-id=\"63\"                       data-src=\"https:\/\/mwb.com.pl\/mwb2017\/wp-content\/uploads\/photo-gallery\/park\/thumb\/MG_6841.jpg?bwg=1655983462\"                       data-width=\"500.00\"                       data-height=\"333.00\"\t\t\t\t\t\t\t\t\t\t   src=\"https:\/\/mwb.com.pl\/mwb2017\/wp-content\/uploads\/photo-gallery\/park\/thumb\/MG_6841.jpg?bwg=1655983462\"\t\t\t\t\t\t\t\t\t\t   alt=\"Park Militarny - Noc Muze\u00f3w 2022\"\t\t\t\t\t\t\t\t\t\t   title=\"Park Militarny - Noc Muze\u00f3w 2022\" \/>                <div class=\"\">                  \t\t\t\t                                            <\/div>              <\/div>            <\/div>                      <\/a>                  <\/div>              <div class=\"bwg-item\">          <a class=\"bwg-a  bwg_lightbox\"  data-image-id=\"64\" href=\"https:\/\/mwb.com.pl\/mwb2017\/wp-content\/uploads\/photo-gallery\/park\/MG_7004.jpg?bwg=1655983462\" data-elementor-open-lightbox=\"no\">            <div class=\"bwg-item0\">              <div class=\"bwg-item1 \">      \t\t\t\t\t<img decoding=\"async\" class=\"skip-lazy bwg-masonry-thumb bwg_masonry_thumb_0 \"                       data-id=\"64\"                       data-src=\"https:\/\/mwb.com.pl\/mwb2017\/wp-content\/uploads\/photo-gallery\/park\/thumb\/MG_7004.jpg?bwg=1655983462\"                       data-width=\"500.00\"                       data-height=\"333.00\"\t\t\t\t\t\t\t\t\t\t   src=\"https:\/\/mwb.com.pl\/mwb2017\/wp-content\/uploads\/photo-gallery\/park\/thumb\/MG_7004.jpg?bwg=1655983462\"\t\t\t\t\t\t\t\t\t\t   alt=\"Park Militarny - Noc Muze\u00f3w 2022\"\t\t\t\t\t\t\t\t\t\t   title=\"Park Militarny - Noc Muze\u00f3w 2022\" \/>                <div class=\"\">                  \t\t\t\t                                            <\/div>              <\/div>            <\/div>                      <\/a>                  <\/div>              <div class=\"bwg-item\">          <a class=\"bwg-a  bwg_lightbox\"  data-image-id=\"65\" href=\"https:\/\/mwb.com.pl\/mwb2017\/wp-content\/uploads\/photo-gallery\/park\/MG_7008.jpg?bwg=1655983462\" data-elementor-open-lightbox=\"no\">            <div class=\"bwg-item0\">              <div class=\"bwg-item1 \">      \t\t\t\t\t<img decoding=\"async\" class=\"skip-lazy bwg-masonry-thumb bwg_masonry_thumb_0 \"                       data-id=\"65\"                       data-src=\"https:\/\/mwb.com.pl\/mwb2017\/wp-content\/uploads\/photo-gallery\/park\/thumb\/MG_7008.jpg?bwg=1655983462\"                       data-width=\"500.00\"                       data-height=\"333.00\"\t\t\t\t\t\t\t\t\t\t   src=\"https:\/\/mwb.com.pl\/mwb2017\/wp-content\/uploads\/photo-gallery\/park\/thumb\/MG_7008.jpg?bwg=1655983462\"\t\t\t\t\t\t\t\t\t\t   alt=\"Park Militarny - Noc Muze\u00f3w 2022\"\t\t\t\t\t\t\t\t\t\t   title=\"Park Militarny - Noc Muze\u00f3w 2022\" \/>                <div class=\"\">                  \t\t\t\t                                            <\/div>              <\/div>            <\/div>                      <\/a>                  <\/div>              <div class=\"bwg-item\">          <a class=\"bwg-a  bwg_lightbox\"  data-image-id=\"66\" href=\"https:\/\/mwb.com.pl\/mwb2017\/wp-content\/uploads\/photo-gallery\/park\/MG_6948.jpg?bwg=1655983462\" data-elementor-open-lightbox=\"no\">            <div class=\"bwg-item0\">              <div class=\"bwg-item1 \">      \t\t\t\t\t<img decoding=\"async\" class=\"skip-lazy bwg-masonry-thumb bwg_masonry_thumb_0 \"                       data-id=\"66\"                       data-src=\"https:\/\/mwb.com.pl\/mwb2017\/wp-content\/uploads\/photo-gallery\/park\/thumb\/MG_6948.jpg?bwg=1655983462\"                       data-width=\"500.00\"                       data-height=\"333.00\"\t\t\t\t\t\t\t\t\t\t   src=\"https:\/\/mwb.com.pl\/mwb2017\/wp-content\/uploads\/photo-gallery\/park\/thumb\/MG_6948.jpg?bwg=1655983462\"\t\t\t\t\t\t\t\t\t\t   alt=\"Park Militarny - Noc Muze\u00f3w 2022\"\t\t\t\t\t\t\t\t\t\t   title=\"Park Militarny - Noc Muze\u00f3w 2022\" \/>                <div class=\"\">                  \t\t\t\t                                            <\/div>              <\/div>            <\/div>                      <\/a>                  <\/div>              <div class=\"bwg-item\">          <a class=\"bwg-a  bwg_lightbox\"  data-image-id=\"67\" href=\"https:\/\/mwb.com.pl\/mwb2017\/wp-content\/uploads\/photo-gallery\/park\/MG_6903.jpg?bwg=1655983462\" data-elementor-open-lightbox=\"no\">            <div class=\"bwg-item0\">              <div class=\"bwg-item1 \">      \t\t\t\t\t<img decoding=\"async\" class=\"skip-lazy bwg-masonry-thumb bwg_masonry_thumb_0 \"                       data-id=\"67\"                       data-src=\"https:\/\/mwb.com.pl\/mwb2017\/wp-content\/uploads\/photo-gallery\/park\/thumb\/MG_6903.jpg?bwg=1655983462\"                       data-width=\"500.00\"                       data-height=\"333.00\"\t\t\t\t\t\t\t\t\t\t   src=\"https:\/\/mwb.com.pl\/mwb2017\/wp-content\/uploads\/photo-gallery\/park\/thumb\/MG_6903.jpg?bwg=1655983462\"\t\t\t\t\t\t\t\t\t\t   alt=\"Park Militarny - Noc Muze\u00f3w 2022\"\t\t\t\t\t\t\t\t\t\t   title=\"Park Militarny - Noc Muze\u00f3w 2022\" \/>                <div class=\"\">                  \t\t\t\t                                            <\/div>              <\/div>            <\/div>                      <\/a>                  <\/div>          <\/div>    <style>      \/*pagination styles*\/      #bwg_container1_0 #bwg_container2_0 .tablenav-pages_0 {\t\t\t\ttext-align: center;\t\t\t\tfont-size: 12px;\t\t\t\tfont-family: Ubuntu;\t\t\t\tfont-weight: bold;\t\t\t\tcolor: #666666;\t\t\t\tmargin: 6px 0 4px;\t\t\t\tdisplay: block;      }      @media only screen and (max-width : 320px) {      #bwg_container1_0 #bwg_container2_0 .displaying-num_0 {     \t display: none;      }      }      #bwg_container1_0 #bwg_container2_0 .displaying-num_0 {\t\t\t\tfont-size: 12px;\t\t\t\tfont-family: Ubuntu;\t\t\t\tfont-weight: bold;\t\t\t\tcolor: #666666;\t\t\t\tmargin-right: 10px;\t\t\t\tvertical-align: middle;      }      #bwg_container1_0 #bwg_container2_0 .paging-input_0 {\t\t\t\tfont-size: 12px;\t\t\t\tfont-family: Ubuntu;\t\t\t\tfont-weight: bold;\t\t\t\tcolor: #666666;\t\t\t\tvertical-align: middle;      }      #bwg_container1_0 #bwg_container2_0 .tablenav-pages_0 a.disabled,      #bwg_container1_0 #bwg_container2_0 .tablenav-pages_0 a.disabled:hover,      #bwg_container1_0 #bwg_container2_0 .tablenav-pages_0 a.disabled:focus,\t\t\t#bwg_container1_0 #bwg_container2_0 .tablenav-pages_0 input.bwg_current_page {\t\t\t\tcursor: default;\t\t\t\tcolor: rgba(102, 102, 102, 0.5);      }      #bwg_container1_0 #bwg_container2_0 .tablenav-pages_0 a,      #bwg_container1_0 #bwg_container2_0 .tablenav-pages_0 input.bwg_current_page {\t\t\t\tcursor: pointer;\t\t\t\ttext-align: center;\t\t\t\tfont-size: 12px;\t\t\t\tfont-family: Ubuntu;\t\t\t\tfont-weight: bold;\t\t\t\tcolor: #666666;\t\t\t\ttext-decoration: none;\t\t\t\tpadding: 3px 6px;\t\t\t\tmargin: 0;\t\t\t\tborder-radius: 0;\t\t\t\tborder-style: solid;\t\t\t\tborder-width: 1px;\t\t\t\tborder-color: #E3E3E3;\t\t\t\t\t\t\t\tbackground-color: rgba(255, 255, 255, 1.00);\t\t\t\tbox-shadow: 0;\t\t\t\ttransition: all 0.3s ease 0s;-webkit-transition: all 0.3s ease 0s;      }      <\/style>      <span class=\"bwg_nav_cont_0\">              <div class=\"tablenav-pages_0\">                  <\/div>                <input type=\"hidden\" id=\"page_number_0\" name=\"page_number_0\" value=\"1\" \/>      <script type=\"text\/javascript\">        if( jQuery('.bwg_nav_cont_0').length > 1 ) {          jQuery('.bwg_nav_cont_0').first().remove()        }        function spider_page_0(cur, x, y, load_more) {          if (typeof load_more == \"undefined\") {            var load_more = false;          }          if (jQuery(cur).hasClass('disabled')) {            return false;          }          var items_county_0 = 1;          switch (y) {            case 1:              if (x >= items_county_0) {                document.getElementById('page_number_0').value = items_county_0;              }              else {                document.getElementById('page_number_0').value = x + 1;              }              break;            case 2:              document.getElementById('page_number_0').value = items_county_0;              break;            case -1:              if (x == 1) {                document.getElementById('page_number_0').value = 1;              }              else {                document.getElementById('page_number_0').value = x - 1;              }              break;            case -2:              document.getElementById('page_number_0').value = 1;              break;\t\t\t\t\t\tcase 0:              document.getElementById('page_number_0').value = x;              break;            default:              document.getElementById('page_number_0').value = 1;          }          bwg_ajax('gal_front_form_0', '0', 'bwg_thumbnails_masonry_0', '0', '', 'gallery', 0, '', '', load_more, '', 1);        }                    jQuery('.first-page-0').on('click', function () {              spider_page_0(this, 1, -2, 'numeric');              return false;            });            jQuery('.prev-page-0').on('click', function () {              spider_page_0(this, 1, -1, 'numeric');              return false;            });            jQuery('.next-page-0').on('click', function () {              spider_page_0(this, 1, 1, 'numeric');              return false;            });            jQuery('.last-page-0').on('click', function () {              spider_page_0(this, 1, 2, 'numeric');              return false;            });        \t\t\t\t\/* Change page on input enter. *\/        function bwg_change_page_0( e, that ) {          if (  e.key == 'Enter' ) {            var to_page = parseInt(jQuery(that).val());            var pages_count = jQuery(that).parents(\".pagination-links\").data(\"pages-count\");            var current_url_param = jQuery(that).attr('data-url-info');            if (to_page > pages_count) {              to_page = 1;            }\t \t\t\t\t\t\t\t\t\t\t\t\tspider_page_0(this, to_page, 0, 'numeric');\t\t\t\t\t\t\treturn false;\t\t\t\t\t\t          }          return true;        }        jQuery('.bwg_load_btn_0').on('click', function () {            spider_page_0(this, 1, 1, true);            return false;        });      <\/script>      <\/span>                <\/div>        <\/form>        <style>          #bwg_container1_0 #bwg_container2_0 #spider_popup_overlay_0 {          background-color: #EEEEEE;          opacity: 0.60;          }          <\/style>        <div id=\"bwg_spider_popup_loading_0\" class=\"bwg_spider_popup_loading\"><\/div>        <div id=\"spider_popup_overlay_0\" class=\"spider_popup_overlay\" onclick=\"spider_destroypopup(1000)\"><\/div>        <input type=\"hidden\" id=\"bwg_random_seed_0\" value=\"86759178\">                <\/div>    <\/div>    <script>      if (document.readyState === 'complete') {        if( typeof bwg_main_ready == 'function' ) {          if ( jQuery(\"#bwg_container1_0\").height() ) {            bwg_main_ready(jQuery(\"#bwg_container1_0\"));          }        }      } else {        document.addEventListener('DOMContentLoaded', function() {          if( typeof bwg_main_ready == 'function' ) {            if ( jQuery(\"#bwg_container1_0\").height() ) {             bwg_main_ready(jQuery(\"#bwg_container1_0\"));            }          }        });      }    <\/script>    \n","protected":false},"excerpt":{"rendered":"<p>Wystawa sta\u0142a w Parku Militarnym Muzeum Wojska w Bia\u0142ymstoku. Park Militarny znajduje si\u0119 w Bia\u0142ymstoku, na ul. W\u0119glowej 3A. Zwiedzaj\u0105cych zapraszamy w soboty i niedziele, w godz. 9.30-17.00. Bilety w cenie 7 z\u0142 (normalny) i 5 z\u0142 (ulgowy). Ekspozycja gromadzi pojazdy, jednostki artylerii i inne eksponaty, ze zbior\u00f3w naszego muzeum, kt\u00f3rych gabaryty nie pozwala\u0142y na [&hellip;]<\/p>\n","protected":false},"author":1,"featured_media":0,"parent":16,"menu_order":0,"comment_status":"closed","ping_status":"closed","template":"","meta":{"ngg_post_thumbnail":0,"h5ap_radio_sources":[],"_vp_format_video_url":"","_vp_image_focal_point":[],"footnotes":""},"class_list":["post-9325","page","type-page","status-publish","hentry"],"_links":{"self":[{"href":"https:\/\/mwb.com.pl\/mwb2017\/wp-json\/wp\/v2\/pages\/9325","targetHints":{"allow":["GET"]}}],"collection":[{"href":"https:\/\/mwb.com.pl\/mwb2017\/wp-json\/wp\/v2\/pages"}],"about":[{"href":"https:\/\/mwb.com.pl\/mwb2017\/wp-json\/wp\/v2\/types\/page"}],"author":[{"embeddable":true,"href":"https:\/\/mwb.com.pl\/mwb2017\/wp-json\/wp\/v2\/users\/1"}],"replies":[{"embeddable":true,"href":"https:\/\/mwb.com.pl\/mwb2017\/wp-json\/wp\/v2\/comments?post=9325"}],"version-history":[{"count":15,"href":"https:\/\/mwb.com.pl\/mwb2017\/wp-json\/wp\/v2\/pages\/9325\/revisions"}],"predecessor-version":[{"id":14258,"href":"https:\/\/mwb.com.pl\/mwb2017\/wp-json\/wp\/v2\/pages\/9325\/revisions\/14258"}],"up":[{"embeddable":true,"href":"https:\/\/mwb.com.pl\/mwb2017\/wp-json\/wp\/v2\/pages\/16"}],"wp:attachment":[{"href":"https:\/\/mwb.com.pl\/mwb2017\/wp-json\/wp\/v2\/media?parent=9325"}],"curies":[{"name":"wp","href":"https:\/\/api.w.org\/{rel}","templated":true}]}}