{"id":9185,"date":"2022-06-08T14:55:48","date_gmt":"2022-06-08T12:55:48","guid":{"rendered":"https:\/\/mwb.com.pl\/mwb2017\/?page_id=9185"},"modified":"2022-06-13T12:01:23","modified_gmt":"2022-06-13T10:01:23","slug":"%d0%bc%d0%b0%d0%b3%d0%b0%d0%b7%d0%b8%d0%bd","status":"publish","type":"page","link":"https:\/\/mwb.com.pl\/mwb2017\/uk\/%d0%bc%d0%b0%d0%b3%d0%b0%d0%b7%d0%b8%d0%bd\/","title":{"rendered":"\u041c\u0430\u0433\u0430\u0437\u0438\u043d"},"content":{"rendered":"<p>\u041f\u0440\u0435\u0434\u0441\u0442\u0430\u0432\u043b\u0435\u043d\u0456 \u0432\u0438\u0434\u0430\u043d\u043d\u044f \u043f\u043e \u0456\u0441\u0442\u043e\u0440\u0456\u0457 \u0456 \u0433\u0430\u0434\u0436\u0435\u0442\u0438 \u043c\u043e\u0436\u043d\u0430 \u043f\u0440\u0438\u0434\u0431\u0430\u0442\u0438 \u0432 \u043a\u0430\u0441\u0456 \u043c\u0443\u0437\u0435\u044e \u0456 \u0437\u0430\u043c\u043e\u0432\u0438\u0442\u0438 \u043f\u043e \u0435\u043b\u0435\u043a\u0442\u0440\u043e\u043d\u043d\u0456\u0439 \u043f\u043e\u0448\u0442\u0456, \u043d\u0430\u043f\u0438\u0441\u0430\u0432\u0448\u0438 \u0437\u0430 \u0430\u0434\u0440\u0435\u0441\u043e\u044e sklep@mwb.com.pl<\/p>\n<p>\u041f\u0435\u0440\u0435\u043a\u043b\u0430\u0434 \u0437 \u0420\u043e\u0441\u0456\u0439\u0441\u044c\u043a\u043e\u0457 \u043d\u0430 \u0423\u043a\u0440\u0430\u0457\u043d\u0441\u044c\u043a\u0443 \u043c\u043e\u0432\u0443 \u2013 \u0414\u043e\u043d\u0435\u0446\u044c  \u041e\u043b\u0435\u043d\u0430 <\/p>\n\n<div class=\"vp-portfolio vp-uid-6d5c23a5 vp-id-9240 \"\n\tdata-vp-layout=\"masonry\" data-vp-content-source=\"post-based\" data-vp-items-style=\"fade\" data-vp-items-click-action=\"url\" data-vp-items-gap=\"15\" data-vp-items-gap-vertical=\"\" data-vp-pagination=\"infinite\" data-vp-next-page-url=\"https:\/\/mwb.com.pl\/mwb2017\/wp-json\/wp\/v2\/pages\/9185?vp_page=2\" data-vp-masonry-columns=\"2\" >\n\t<div class=\"vp-portfolio__preloader-wrap\">\n\t\t<div class=\"vp-portfolio__preloader\">\n\t\t\t<img decoding=\"async\" loading=\"eager\" src=\"https:\/\/mwb.com.pl\/mwb2017\/wp-content\/plugins\/visual-portfolio\/assets\/images\/logo-dark.svg\" alt=\"Wizualne portfolio, wpisy i galeria obrazk\u00f3w dla WordPressa\" width=\"20\" height=\"20\" data-skip-lazy>\n\t\t<\/div>\n\t<\/div>\n\t\t<div class=\"vp-portfolio__items-wrap\">\n\t\t\t\n<div class=\"vp-portfolio__items vp-portfolio__items-style-fade vp-portfolio__items-show-overlay-hover\">\n\n\t\t<article\t\tclass=\"vp-portfolio__item-wrap post-14985 portfolio type-portfolio status-publish format-standard has-post-thumbnail hentry portfolio_category-ksiazki vp-portfolio__item-uid-9e4d8f3f\" data-vp-filter=\"ksiazki\" \t\t>\n\t\t\t\t\t\t\t\t\t<figure class=\"vp-portfolio__item\">\n\t\t\t\t\n<div class=\"vp-portfolio__item-img-wrap\">\n\t<div class=\"vp-portfolio__item-img\">\n\t\t\t<a\n\t\thref=\"https:\/\/mwb.com.pl\/mwb2017\/portfolio\/kolos-na-glinianych-nogach-sowieckie-korpusy-zmechanizowane-na-bialostocczyznie-lipiec-1940-czerwiec-1941-jan-nikolajuk\/\"\n\t\t\t>\n\t\n\t\t<noscript><img fetchpriority=\"high\" decoding=\"async\" width=\"1920\" height=\"1281\" data-skip-lazy src=\"https:\/\/mwb.com.pl\/mwb2017\/wp-content\/uploads\/2025\/12\/ks_6-1920x1281.jpg\" class=\"wp-image-14986\" alt=\"Przedstawienie nowej ksi\u0105\u017cki MWB\" srcset=\"https:\/\/mwb.com.pl\/mwb2017\/wp-content\/uploads\/2025\/12\/ks_6-1920x1281.jpg 1920w, https:\/\/mwb.com.pl\/mwb2017\/wp-content\/uploads\/2025\/12\/ks_6-300x200.jpg 300w, https:\/\/mwb.com.pl\/mwb2017\/wp-content\/uploads\/2025\/12\/ks_6-1024x683.jpg 1024w, https:\/\/mwb.com.pl\/mwb2017\/wp-content\/uploads\/2025\/12\/ks_6-768x512.jpg 768w, https:\/\/mwb.com.pl\/mwb2017\/wp-content\/uploads\/2025\/12\/ks_6-1536x1025.jpg 1536w, https:\/\/mwb.com.pl\/mwb2017\/wp-content\/uploads\/2025\/12\/ks_6-2048x1366.jpg 2048w, https:\/\/mwb.com.pl\/mwb2017\/wp-content\/uploads\/2025\/12\/ks_6-500x333.jpg 500w, https:\/\/mwb.com.pl\/mwb2017\/wp-content\/uploads\/2025\/12\/ks_6-800x534.jpg 800w, https:\/\/mwb.com.pl\/mwb2017\/wp-content\/uploads\/2025\/12\/ks_6-1280x854.jpg 1280w, https:\/\/mwb.com.pl\/mwb2017\/wp-content\/uploads\/2025\/12\/ks_6-1320x880.jpg 1320w\" sizes=\"(max-width: 1920px) 100vw, 1920px\" \/><\/noscript><img decoding=\"async\" width=\"1920\" height=\"1281\" src=\"https:\/\/mwb.com.pl\/mwb2017\/wp-content\/uploads\/2025\/12\/ks_6-1920x1281.jpg\" class=\"wp-image-14986 vp-lazyload\" alt=\"Przedstawienie nowej ksi\u0105\u017cki MWB\" srcset=\"data:image\/svg+xml;base64,PHN2ZyB3aWR0aD0iMTkyMCIgaGVpZ2h0PSIxMjgxIiB2aWV3Qm94PSIwIDAgMTkyMCAxMjgxIiBmaWxsPSJub25lIiB4bWxucz0iaHR0cDovL3d3dy53My5vcmcvMjAwMC9zdmciPjwvc3ZnPg==\" data-src=\"https:\/\/mwb.com.pl\/mwb2017\/wp-content\/uploads\/2025\/12\/ks_6-1920x1281.jpg\" data-srcset=\"https:\/\/mwb.com.pl\/mwb2017\/wp-content\/uploads\/2025\/12\/ks_6-1920x1281.jpg 1920w, https:\/\/mwb.com.pl\/mwb2017\/wp-content\/uploads\/2025\/12\/ks_6-300x200.jpg 300w, https:\/\/mwb.com.pl\/mwb2017\/wp-content\/uploads\/2025\/12\/ks_6-1024x683.jpg 1024w, https:\/\/mwb.com.pl\/mwb2017\/wp-content\/uploads\/2025\/12\/ks_6-768x512.jpg 768w, https:\/\/mwb.com.pl\/mwb2017\/wp-content\/uploads\/2025\/12\/ks_6-1536x1025.jpg 1536w, https:\/\/mwb.com.pl\/mwb2017\/wp-content\/uploads\/2025\/12\/ks_6-2048x1366.jpg 2048w, https:\/\/mwb.com.pl\/mwb2017\/wp-content\/uploads\/2025\/12\/ks_6-500x333.jpg 500w, https:\/\/mwb.com.pl\/mwb2017\/wp-content\/uploads\/2025\/12\/ks_6-800x534.jpg 800w, https:\/\/mwb.com.pl\/mwb2017\/wp-content\/uploads\/2025\/12\/ks_6-1280x854.jpg 1280w, https:\/\/mwb.com.pl\/mwb2017\/wp-content\/uploads\/2025\/12\/ks_6-1320x880.jpg 1320w\" data-sizes=\"auto\" loading=\"eager\">\n\t\t<\/a>\t<\/div>\n<\/div>\n\t<figcaption class=\"vp-portfolio__item-overlay vp-portfolio__item-overlay-text-align-center\">\n\t\t<div class=\"vp-portfolio__item-meta-wrap vp-portfolio__custom-scrollbar\">\n\t\t\t\t<a\n\t\thref=\"https:\/\/mwb.com.pl\/mwb2017\/portfolio\/kolos-na-glinianych-nogach-sowieckie-korpusy-zmechanizowane-na-bialostocczyznie-lipiec-1940-czerwiec-1941-jan-nikolajuk\/\"\n\t\ttabindex=\"-1\" class=\"vp-portfolio__item-meta\" \t>\n\t\n<h2 class=\"vp-portfolio__item-meta-title\">\n\tKolos na glinianych nogach. Sowieckie korpusy zmechanizowane na Bia\u0142ostocczy\u017anie (lipiec 1940 &#8211; czerwiec 1941) &#8211; Jan Niko\u0142ajuk<\/h2>\n\n<div class=\"vp-portfolio__item-meta-excerpt\">\n\t<div>\n\t\tCena - 75 z\u0142\t<\/div>\n<\/div>\n<\/a>\t\t<\/div>\n\t<\/figcaption>\n\t\t\t<\/figure>\n\t\t\t\t\t<\/article>\n\t\t\n\t\t<article\t\tclass=\"vp-portfolio__item-wrap post-14898 portfolio type-portfolio status-publish format-standard has-post-thumbnail hentry portfolio_category-gadzety portfolio_category-ksiazki vp-portfolio__item-uid-f825a8f4\" data-vp-filter=\"gadzety,ksiazki\" \t\t>\n\t\t\t\t\t\t\t\t\t<figure class=\"vp-portfolio__item\">\n\t\t\t\t\n<div class=\"vp-portfolio__item-img-wrap\">\n\t<div class=\"vp-portfolio__item-img\">\n\t\t\t<a\n\t\thref=\"https:\/\/mwb.com.pl\/mwb2017\/portfolio\/krolewskie-roszady-ksiazka-dla-dzieci\/\"\n\t\t\t>\n\t\n\t\t<noscript><img decoding=\"async\" width=\"1920\" height=\"1280\" data-skip-lazy src=\"https:\/\/mwb.com.pl\/mwb2017\/wp-content\/uploads\/2025\/11\/ksiazki_8-1920x1280.jpg\" class=\"wp-image-14899\" alt=\"Ksi\u0105\u017cka dla dzieci\" srcset=\"https:\/\/mwb.com.pl\/mwb2017\/wp-content\/uploads\/2025\/11\/ksiazki_8-1920x1280.jpg 1920w, https:\/\/mwb.com.pl\/mwb2017\/wp-content\/uploads\/2025\/11\/ksiazki_8-300x200.jpg 300w, https:\/\/mwb.com.pl\/mwb2017\/wp-content\/uploads\/2025\/11\/ksiazki_8-1024x683.jpg 1024w, https:\/\/mwb.com.pl\/mwb2017\/wp-content\/uploads\/2025\/11\/ksiazki_8-768x512.jpg 768w, https:\/\/mwb.com.pl\/mwb2017\/wp-content\/uploads\/2025\/11\/ksiazki_8-1536x1024.jpg 1536w, https:\/\/mwb.com.pl\/mwb2017\/wp-content\/uploads\/2025\/11\/ksiazki_8-2048x1365.jpg 2048w, https:\/\/mwb.com.pl\/mwb2017\/wp-content\/uploads\/2025\/11\/ksiazki_8-500x333.jpg 500w, https:\/\/mwb.com.pl\/mwb2017\/wp-content\/uploads\/2025\/11\/ksiazki_8-800x533.jpg 800w, https:\/\/mwb.com.pl\/mwb2017\/wp-content\/uploads\/2025\/11\/ksiazki_8-1280x853.jpg 1280w, https:\/\/mwb.com.pl\/mwb2017\/wp-content\/uploads\/2025\/11\/ksiazki_8-1320x880.jpg 1320w\" sizes=\"(max-width: 1920px) 100vw, 1920px\" \/><\/noscript><img decoding=\"async\" width=\"1920\" height=\"1280\" src=\"https:\/\/mwb.com.pl\/mwb2017\/wp-content\/uploads\/2025\/11\/ksiazki_8-1920x1280.jpg\" class=\"wp-image-14899 vp-lazyload\" alt=\"Ksi\u0105\u017cka dla dzieci\" srcset=\"data:image\/svg+xml;base64,PHN2ZyB3aWR0aD0iMTkyMCIgaGVpZ2h0PSIxMjgwIiB2aWV3Qm94PSIwIDAgMTkyMCAxMjgwIiBmaWxsPSJub25lIiB4bWxucz0iaHR0cDovL3d3dy53My5vcmcvMjAwMC9zdmciPjwvc3ZnPg==\" data-src=\"https:\/\/mwb.com.pl\/mwb2017\/wp-content\/uploads\/2025\/11\/ksiazki_8-1920x1280.jpg\" data-srcset=\"https:\/\/mwb.com.pl\/mwb2017\/wp-content\/uploads\/2025\/11\/ksiazki_8-1920x1280.jpg 1920w, https:\/\/mwb.com.pl\/mwb2017\/wp-content\/uploads\/2025\/11\/ksiazki_8-300x200.jpg 300w, https:\/\/mwb.com.pl\/mwb2017\/wp-content\/uploads\/2025\/11\/ksiazki_8-1024x683.jpg 1024w, https:\/\/mwb.com.pl\/mwb2017\/wp-content\/uploads\/2025\/11\/ksiazki_8-768x512.jpg 768w, https:\/\/mwb.com.pl\/mwb2017\/wp-content\/uploads\/2025\/11\/ksiazki_8-1536x1024.jpg 1536w, https:\/\/mwb.com.pl\/mwb2017\/wp-content\/uploads\/2025\/11\/ksiazki_8-2048x1365.jpg 2048w, https:\/\/mwb.com.pl\/mwb2017\/wp-content\/uploads\/2025\/11\/ksiazki_8-500x333.jpg 500w, https:\/\/mwb.com.pl\/mwb2017\/wp-content\/uploads\/2025\/11\/ksiazki_8-800x533.jpg 800w, https:\/\/mwb.com.pl\/mwb2017\/wp-content\/uploads\/2025\/11\/ksiazki_8-1280x853.jpg 1280w, https:\/\/mwb.com.pl\/mwb2017\/wp-content\/uploads\/2025\/11\/ksiazki_8-1320x880.jpg 1320w\" data-sizes=\"auto\" loading=\"eager\">\n\t\t<\/a>\t<\/div>\n<\/div>\n\t<figcaption class=\"vp-portfolio__item-overlay vp-portfolio__item-overlay-text-align-center\">\n\t\t<div class=\"vp-portfolio__item-meta-wrap vp-portfolio__custom-scrollbar\">\n\t\t\t\t<a\n\t\thref=\"https:\/\/mwb.com.pl\/mwb2017\/portfolio\/krolewskie-roszady-ksiazka-dla-dzieci\/\"\n\t\ttabindex=\"-1\" class=\"vp-portfolio__item-meta\" \t>\n\t\n<h2 class=\"vp-portfolio__item-meta-title\">\n\tKr\u00f3lewskie Roszady &#8211; ksi\u0105\u017cka dla dzieci<\/h2>\n\n<div class=\"vp-portfolio__item-meta-excerpt\">\n\t<div>\n\t\t25 z\u0142\t<\/div>\n<\/div>\n<\/a>\t\t<\/div>\n\t<\/figcaption>\n\t\t\t<\/figure>\n\t\t\t\t\t<\/article>\n\t\t\n\t\t<article\t\tclass=\"vp-portfolio__item-wrap post-14893 portfolio type-portfolio status-publish format-standard has-post-thumbnail hentry vp-portfolio__item-uid-6ff7717c\" data-vp-filter=\"\" \t\t>\n\t\t\t\t\t\t\t\t\t<figure class=\"vp-portfolio__item\">\n\t\t\t\t\n<div class=\"vp-portfolio__item-img-wrap\">\n\t<div class=\"vp-portfolio__item-img\">\n\t\t\t<a\n\t\thref=\"https:\/\/mwb.com.pl\/mwb2017\/portfolio\/zeszyt-naukowy-muzeum-wojska-nr-38\/\"\n\t\t\t>\n\t\n\t\t<noscript><img decoding=\"async\" width=\"1920\" height=\"1280\" data-skip-lazy src=\"https:\/\/mwb.com.pl\/mwb2017\/wp-content\/uploads\/2025\/11\/pk_16-1920x1280.jpg\" class=\"wp-image-14894\" alt=\"Zeszyty naukowy Muzeum Wojska nr 38\" srcset=\"https:\/\/mwb.com.pl\/mwb2017\/wp-content\/uploads\/2025\/11\/pk_16-1920x1280.jpg 1920w, https:\/\/mwb.com.pl\/mwb2017\/wp-content\/uploads\/2025\/11\/pk_16-300x200.jpg 300w, https:\/\/mwb.com.pl\/mwb2017\/wp-content\/uploads\/2025\/11\/pk_16-1024x683.jpg 1024w, https:\/\/mwb.com.pl\/mwb2017\/wp-content\/uploads\/2025\/11\/pk_16-768x512.jpg 768w, https:\/\/mwb.com.pl\/mwb2017\/wp-content\/uploads\/2025\/11\/pk_16-1536x1024.jpg 1536w, https:\/\/mwb.com.pl\/mwb2017\/wp-content\/uploads\/2025\/11\/pk_16-2048x1365.jpg 2048w, https:\/\/mwb.com.pl\/mwb2017\/wp-content\/uploads\/2025\/11\/pk_16-500x333.jpg 500w, https:\/\/mwb.com.pl\/mwb2017\/wp-content\/uploads\/2025\/11\/pk_16-800x533.jpg 800w, https:\/\/mwb.com.pl\/mwb2017\/wp-content\/uploads\/2025\/11\/pk_16-1280x853.jpg 1280w, https:\/\/mwb.com.pl\/mwb2017\/wp-content\/uploads\/2025\/11\/pk_16-1320x880.jpg 1320w\" sizes=\"(max-width: 1920px) 100vw, 1920px\" \/><\/noscript><img decoding=\"async\" width=\"1920\" height=\"1280\" src=\"https:\/\/mwb.com.pl\/mwb2017\/wp-content\/uploads\/2025\/11\/pk_16-1920x1280.jpg\" class=\"wp-image-14894 vp-lazyload\" alt=\"Zeszyty naukowy Muzeum Wojska nr 38\" srcset=\"data:image\/svg+xml;base64,PHN2ZyB3aWR0aD0iMTkyMCIgaGVpZ2h0PSIxMjgwIiB2aWV3Qm94PSIwIDAgMTkyMCAxMjgwIiBmaWxsPSJub25lIiB4bWxucz0iaHR0cDovL3d3dy53My5vcmcvMjAwMC9zdmciPjwvc3ZnPg==\" data-src=\"https:\/\/mwb.com.pl\/mwb2017\/wp-content\/uploads\/2025\/11\/pk_16-1920x1280.jpg\" data-srcset=\"https:\/\/mwb.com.pl\/mwb2017\/wp-content\/uploads\/2025\/11\/pk_16-1920x1280.jpg 1920w, https:\/\/mwb.com.pl\/mwb2017\/wp-content\/uploads\/2025\/11\/pk_16-300x200.jpg 300w, https:\/\/mwb.com.pl\/mwb2017\/wp-content\/uploads\/2025\/11\/pk_16-1024x683.jpg 1024w, https:\/\/mwb.com.pl\/mwb2017\/wp-content\/uploads\/2025\/11\/pk_16-768x512.jpg 768w, https:\/\/mwb.com.pl\/mwb2017\/wp-content\/uploads\/2025\/11\/pk_16-1536x1024.jpg 1536w, https:\/\/mwb.com.pl\/mwb2017\/wp-content\/uploads\/2025\/11\/pk_16-2048x1365.jpg 2048w, https:\/\/mwb.com.pl\/mwb2017\/wp-content\/uploads\/2025\/11\/pk_16-500x333.jpg 500w, https:\/\/mwb.com.pl\/mwb2017\/wp-content\/uploads\/2025\/11\/pk_16-800x533.jpg 800w, https:\/\/mwb.com.pl\/mwb2017\/wp-content\/uploads\/2025\/11\/pk_16-1280x853.jpg 1280w, https:\/\/mwb.com.pl\/mwb2017\/wp-content\/uploads\/2025\/11\/pk_16-1320x880.jpg 1320w\" data-sizes=\"auto\" loading=\"eager\">\n\t\t<\/a>\t<\/div>\n<\/div>\n\t<figcaption class=\"vp-portfolio__item-overlay vp-portfolio__item-overlay-text-align-center\">\n\t\t<div class=\"vp-portfolio__item-meta-wrap vp-portfolio__custom-scrollbar\">\n\t\t\t\t<a\n\t\thref=\"https:\/\/mwb.com.pl\/mwb2017\/portfolio\/zeszyt-naukowy-muzeum-wojska-nr-38\/\"\n\t\ttabindex=\"-1\" class=\"vp-portfolio__item-meta\" \t>\n\t\n<h2 class=\"vp-portfolio__item-meta-title\">\n\tZeszyt Naukowy Muzeum Wojska nr 38<\/h2>\n\n<div class=\"vp-portfolio__item-meta-excerpt\">\n\t<div>\n\t\tCena 50 z\u0142\t<\/div>\n<\/div>\n<\/a>\t\t<\/div>\n\t<\/figcaption>\n\t\t\t<\/figure>\n\t\t\t\t\t<\/article>\n\t\t\n\t\t<article\t\tclass=\"vp-portfolio__item-wrap post-13806 portfolio type-portfolio status-publish format-standard has-post-thumbnail hentry portfolio_category-ksiazki vp-portfolio__item-uid-53880603\" data-vp-filter=\"ksiazki\" \t\t>\n\t\t\t\t\t\t\t\t\t<figure class=\"vp-portfolio__item\">\n\t\t\t\t\n<div class=\"vp-portfolio__item-img-wrap\">\n\t<div class=\"vp-portfolio__item-img\">\n\t\t\t<a\n\t\thref=\"https:\/\/mwb.com.pl\/mwb2017\/portfolio\/artyleria-najciezsza-armii-ii-rzeczypospolitej-tom-i\/\"\n\t\t\t>\n\t\n\t\t<noscript><img loading=\"lazy\" decoding=\"async\" width=\"566\" height=\"800\" data-skip-lazy src=\"https:\/\/mwb.com.pl\/mwb2017\/wp-content\/uploads\/2025\/01\/artyleria.jpg\" class=\"wp-image-13807\" alt=\"Artyleria najci\u0119\u017csza Armii II Rzeczypospolitej\" srcset=\"https:\/\/mwb.com.pl\/mwb2017\/wp-content\/uploads\/2025\/01\/artyleria.jpg 566w, https:\/\/mwb.com.pl\/mwb2017\/wp-content\/uploads\/2025\/01\/artyleria-212x300.jpg 212w, https:\/\/mwb.com.pl\/mwb2017\/wp-content\/uploads\/2025\/01\/artyleria-500x707.jpg 500w\" sizes=\"(max-width: 566px) 100vw, 566px\" \/><\/noscript><img decoding=\"async\" width=\"566\" height=\"800\" src=\"https:\/\/mwb.com.pl\/mwb2017\/wp-content\/uploads\/2025\/01\/artyleria.jpg\" class=\"wp-image-13807 vp-lazyload\" alt=\"Artyleria najci\u0119\u017csza Armii II Rzeczypospolitej\" srcset=\"data:image\/svg+xml;base64,PHN2ZyB3aWR0aD0iNTY2IiBoZWlnaHQ9IjgwMCIgdmlld0JveD0iMCAwIDU2NiA4MDAiIGZpbGw9Im5vbmUiIHhtbG5zPSJodHRwOi8vd3d3LnczLm9yZy8yMDAwL3N2ZyI+PC9zdmc+\" data-src=\"https:\/\/mwb.com.pl\/mwb2017\/wp-content\/uploads\/2025\/01\/artyleria.jpg\" data-srcset=\"https:\/\/mwb.com.pl\/mwb2017\/wp-content\/uploads\/2025\/01\/artyleria.jpg 566w, https:\/\/mwb.com.pl\/mwb2017\/wp-content\/uploads\/2025\/01\/artyleria-212x300.jpg 212w, https:\/\/mwb.com.pl\/mwb2017\/wp-content\/uploads\/2025\/01\/artyleria-500x707.jpg 500w\" data-sizes=\"auto\" loading=\"eager\">\n\t\t<\/a>\t<\/div>\n<\/div>\n\t<figcaption class=\"vp-portfolio__item-overlay vp-portfolio__item-overlay-text-align-center\">\n\t\t<div class=\"vp-portfolio__item-meta-wrap vp-portfolio__custom-scrollbar\">\n\t\t\t\t<a\n\t\thref=\"https:\/\/mwb.com.pl\/mwb2017\/portfolio\/artyleria-najciezsza-armii-ii-rzeczypospolitej-tom-i\/\"\n\t\ttabindex=\"-1\" class=\"vp-portfolio__item-meta\" \t>\n\t\n<h2 class=\"vp-portfolio__item-meta-title\">\n\tArtyleria najci\u0119\u017csza Armii II Rzeczypospolitej, tom I<\/h2>\n\n<div class=\"vp-portfolio__item-meta-excerpt\">\n\t<div>\n\t\tcena 45 z\u0142\t<\/div>\n<\/div>\n<\/a>\t\t<\/div>\n\t<\/figcaption>\n\t\t\t<\/figure>\n\t\t\t\t\t<\/article>\n\t\t\n\t\t<article\t\tclass=\"vp-portfolio__item-wrap post-13759 portfolio type-portfolio status-publish format-standard has-post-thumbnail hentry portfolio_category-zeszyty-naukowe vp-portfolio__item-uid-b51ca8ea\" data-vp-filter=\"zeszyty-naukowe\" \t\t>\n\t\t\t\t\t\t\t\t\t<figure class=\"vp-portfolio__item\">\n\t\t\t\t\n<div class=\"vp-portfolio__item-img-wrap\">\n\t<div class=\"vp-portfolio__item-img\">\n\t\t\t<a\n\t\thref=\"https:\/\/mwb.com.pl\/mwb2017\/portfolio\/zeszyt-naukowy-muzeum-wojska-nr-37\/\"\n\t\t\t>\n\t\n\t\t<noscript><img loading=\"lazy\" decoding=\"async\" width=\"562\" height=\"800\" data-skip-lazy src=\"https:\/\/mwb.com.pl\/mwb2017\/wp-content\/uploads\/2024\/12\/Zeszyt37.jpg\" class=\"wp-image-13760\" alt=\"Zeszyt Naukowy Muzeum Wojska nr 37\" srcset=\"https:\/\/mwb.com.pl\/mwb2017\/wp-content\/uploads\/2024\/12\/Zeszyt37.jpg 562w, https:\/\/mwb.com.pl\/mwb2017\/wp-content\/uploads\/2024\/12\/Zeszyt37-211x300.jpg 211w, https:\/\/mwb.com.pl\/mwb2017\/wp-content\/uploads\/2024\/12\/Zeszyt37-500x712.jpg 500w\" sizes=\"(max-width: 562px) 100vw, 562px\" \/><\/noscript><img decoding=\"async\" width=\"562\" height=\"800\" src=\"https:\/\/mwb.com.pl\/mwb2017\/wp-content\/uploads\/2024\/12\/Zeszyt37.jpg\" class=\"wp-image-13760 vp-lazyload\" alt=\"Zeszyt Naukowy Muzeum Wojska nr 37\" srcset=\"data:image\/svg+xml;base64,PHN2ZyB3aWR0aD0iNTYyIiBoZWlnaHQ9IjgwMCIgdmlld0JveD0iMCAwIDU2MiA4MDAiIGZpbGw9Im5vbmUiIHhtbG5zPSJodHRwOi8vd3d3LnczLm9yZy8yMDAwL3N2ZyI+PC9zdmc+\" data-src=\"https:\/\/mwb.com.pl\/mwb2017\/wp-content\/uploads\/2024\/12\/Zeszyt37.jpg\" data-srcset=\"https:\/\/mwb.com.pl\/mwb2017\/wp-content\/uploads\/2024\/12\/Zeszyt37.jpg 562w, https:\/\/mwb.com.pl\/mwb2017\/wp-content\/uploads\/2024\/12\/Zeszyt37-211x300.jpg 211w, https:\/\/mwb.com.pl\/mwb2017\/wp-content\/uploads\/2024\/12\/Zeszyt37-500x712.jpg 500w\" data-sizes=\"auto\" loading=\"eager\">\n\t\t<\/a>\t<\/div>\n<\/div>\n\t<figcaption class=\"vp-portfolio__item-overlay vp-portfolio__item-overlay-text-align-center\">\n\t\t<div class=\"vp-portfolio__item-meta-wrap vp-portfolio__custom-scrollbar\">\n\t\t\t\t<a\n\t\thref=\"https:\/\/mwb.com.pl\/mwb2017\/portfolio\/zeszyt-naukowy-muzeum-wojska-nr-37\/\"\n\t\ttabindex=\"-1\" class=\"vp-portfolio__item-meta\" \t>\n\t\n<h2 class=\"vp-portfolio__item-meta-title\">\n\tZeszyt Naukowy Muzeum Wojska nr 37<\/h2>\n\n<div class=\"vp-portfolio__item-meta-excerpt\">\n\t<div>\n\t\tcena 35 z\u0142\t<\/div>\n<\/div>\n<\/a>\t\t<\/div>\n\t<\/figcaption>\n\t\t\t<\/figure>\n\t\t\t\t\t<\/article>\n\t\t\n\t\t<article\t\tclass=\"vp-portfolio__item-wrap post-13756 portfolio type-portfolio status-publish format-standard has-post-thumbnail hentry portfolio_category-ksiazki vp-portfolio__item-uid-25a3b57b\" data-vp-filter=\"ksiazki\" \t\t>\n\t\t\t\t\t\t\t\t\t<figure class=\"vp-portfolio__item\">\n\t\t\t\t\n<div class=\"vp-portfolio__item-img-wrap\">\n\t<div class=\"vp-portfolio__item-img\">\n\t\t\t<a\n\t\thref=\"https:\/\/mwb.com.pl\/mwb2017\/portfolio\/folder-park-militarny\/\"\n\t\t\t>\n\t\n\t\t<noscript><img loading=\"lazy\" decoding=\"async\" width=\"800\" height=\"571\" data-skip-lazy src=\"https:\/\/mwb.com.pl\/mwb2017\/wp-content\/uploads\/2024\/12\/ParkMilitarny.jpg\" class=\"wp-image-13757\" alt=\"Folder - Park Militarny\" srcset=\"https:\/\/mwb.com.pl\/mwb2017\/wp-content\/uploads\/2024\/12\/ParkMilitarny.jpg 800w, https:\/\/mwb.com.pl\/mwb2017\/wp-content\/uploads\/2024\/12\/ParkMilitarny-300x214.jpg 300w, https:\/\/mwb.com.pl\/mwb2017\/wp-content\/uploads\/2024\/12\/ParkMilitarny-768x548.jpg 768w, https:\/\/mwb.com.pl\/mwb2017\/wp-content\/uploads\/2024\/12\/ParkMilitarny-500x357.jpg 500w\" sizes=\"(max-width: 800px) 100vw, 800px\" \/><\/noscript><img decoding=\"async\" width=\"800\" height=\"571\" src=\"https:\/\/mwb.com.pl\/mwb2017\/wp-content\/uploads\/2024\/12\/ParkMilitarny.jpg\" class=\"wp-image-13757 vp-lazyload\" alt=\"Folder - Park Militarny\" srcset=\"data:image\/svg+xml;base64,PHN2ZyB3aWR0aD0iODAwIiBoZWlnaHQ9IjU3MSIgdmlld0JveD0iMCAwIDgwMCA1NzEiIGZpbGw9Im5vbmUiIHhtbG5zPSJodHRwOi8vd3d3LnczLm9yZy8yMDAwL3N2ZyI+PC9zdmc+\" data-src=\"https:\/\/mwb.com.pl\/mwb2017\/wp-content\/uploads\/2024\/12\/ParkMilitarny.jpg\" data-srcset=\"https:\/\/mwb.com.pl\/mwb2017\/wp-content\/uploads\/2024\/12\/ParkMilitarny.jpg 800w, https:\/\/mwb.com.pl\/mwb2017\/wp-content\/uploads\/2024\/12\/ParkMilitarny-300x214.jpg 300w, https:\/\/mwb.com.pl\/mwb2017\/wp-content\/uploads\/2024\/12\/ParkMilitarny-768x548.jpg 768w, https:\/\/mwb.com.pl\/mwb2017\/wp-content\/uploads\/2024\/12\/ParkMilitarny-500x357.jpg 500w\" data-sizes=\"auto\" loading=\"eager\">\n\t\t<\/a>\t<\/div>\n<\/div>\n\t<figcaption class=\"vp-portfolio__item-overlay vp-portfolio__item-overlay-text-align-center\">\n\t\t<div class=\"vp-portfolio__item-meta-wrap vp-portfolio__custom-scrollbar\">\n\t\t\t\t<a\n\t\thref=\"https:\/\/mwb.com.pl\/mwb2017\/portfolio\/folder-park-militarny\/\"\n\t\ttabindex=\"-1\" class=\"vp-portfolio__item-meta\" \t>\n\t\n<h2 class=\"vp-portfolio__item-meta-title\">\n\tFolder &#8211; Park Militarny<\/h2>\n\n<div class=\"vp-portfolio__item-meta-excerpt\">\n\t<div>\n\t\tcena 40 z\u0142\t<\/div>\n<\/div>\n<\/a>\t\t<\/div>\n\t<\/figcaption>\n\t\t\t<\/figure>\n\t\t\t\t\t<\/article>\n\t\t\n<\/div>\n\t\t<\/div>\n\t\t\t\t<div class=\"vp-portfolio__layout-elements vp-portfolio__layout-elements-bottom vp-portfolio__layout-elements-align-center\">\n\t\t\t\t<div class=\"vp-portfolio__pagination-wrap\">\n\t\t\n<div class=\"vp-pagination vp-pagination__style-minimal\" data-vp-pagination-type=\"infinite\">\n\t<div class=\"vp-pagination__item\">\n\t\t<a class=\"vp-pagination__load-more\" href=\"https:\/\/mwb.com.pl\/mwb2017\/wp-json\/wp\/v2\/pages\/9185?vp_page=2\">\n\t\t\t<span>\u041f\u043e\u043a\u0430\u0437\u0430\u0442\u0438 \u0431\u0456\u043b\u044c\u0448\u0435<\/span>\n\t\t\t<span class=\"vp-pagination__load-more-loading\"><span class=\"vp-spinner\"><\/span><span class=\"vp-screen-reader-text\"> \u0411\u0456\u043b\u044c\u0448\u0435...<\/span><\/span>\n\t\t\t<span class=\"vp-pagination__load-more-no-more\">\u041a\u0456\u043d\u0435\u0446\u044c<\/span>\n\t\t<\/a>\n\t<\/div>\n<\/div>\n\t\t<\/div>\n\t\t\t\t<\/div>\n\t\t\n<\/div>\n\n","protected":false},"excerpt":{"rendered":"<p>\u041f\u0440\u0435\u0434\u0441\u0442\u0430\u0432\u043b\u0435\u043d\u0456 \u0432\u0438\u0434\u0430\u043d\u043d\u044f \u043f\u043e \u0456\u0441\u0442\u043e\u0440\u0456\u0457 \u0456 \u0433\u0430\u0434\u0436\u0435\u0442\u0438 \u043c\u043e\u0436\u043d\u0430 \u043f\u0440\u0438\u0434\u0431\u0430\u0442\u0438 \u0432 \u043a\u0430\u0441\u0456 \u043c\u0443\u0437\u0435\u044e \u0456 \u0437\u0430\u043c\u043e\u0432\u0438\u0442\u0438 \u043f\u043e \u0435\u043b\u0435\u043a\u0442\u0440\u043e\u043d\u043d\u0456\u0439 \u043f\u043e\u0448\u0442\u0456, \u043d\u0430\u043f\u0438\u0441\u0430\u0432\u0448\u0438 \u0437\u0430 \u0430\u0434\u0440\u0435\u0441\u043e\u044e sklep@mwb.com.pl \u041f\u0435\u0440\u0435\u043a\u043b\u0430\u0434 \u0437 \u0420\u043e\u0441\u0456\u0439\u0441\u044c\u043a\u043e\u0457 \u043d\u0430 \u0423\u043a\u0440\u0430\u0457\u043d\u0441\u044c\u043a\u0443 \u043c\u043e\u0432\u0443 \u2013 \u0414\u043e\u043d\u0435\u0446\u044c \u041e\u043b\u0435\u043d\u0430<\/p>\n","protected":false},"author":1,"featured_media":0,"parent":0,"menu_order":0,"comment_status":"closed","ping_status":"closed","template":"","meta":{"ngg_post_thumbnail":0,"h5ap_radio_sources":[],"_vp_format_video_url":"","_vp_image_focal_point":[],"footnotes":""},"class_list":["post-9185","page","type-page","status-publish","hentry"],"_links":{"self":[{"href":"https:\/\/mwb.com.pl\/mwb2017\/wp-json\/wp\/v2\/pages\/9185","targetHints":{"allow":["GET"]}}],"collection":[{"href":"https:\/\/mwb.com.pl\/mwb2017\/wp-json\/wp\/v2\/pages"}],"about":[{"href":"https:\/\/mwb.com.pl\/mwb2017\/wp-json\/wp\/v2\/types\/page"}],"author":[{"embeddable":true,"href":"https:\/\/mwb.com.pl\/mwb2017\/wp-json\/wp\/v2\/users\/1"}],"replies":[{"embeddable":true,"href":"https:\/\/mwb.com.pl\/mwb2017\/wp-json\/wp\/v2\/comments?post=9185"}],"version-history":[{"count":4,"href":"https:\/\/mwb.com.pl\/mwb2017\/wp-json\/wp\/v2\/pages\/9185\/revisions"}],"predecessor-version":[{"id":9262,"href":"https:\/\/mwb.com.pl\/mwb2017\/wp-json\/wp\/v2\/pages\/9185\/revisions\/9262"}],"wp:attachment":[{"href":"https:\/\/mwb.com.pl\/mwb2017\/wp-json\/wp\/v2\/media?parent=9185"}],"curies":[{"name":"wp","href":"https:\/\/api.w.org\/{rel}","templated":true}]}}