{"id":8754,"date":"2022-03-17T10:15:05","date_gmt":"2022-03-17T09:15:05","guid":{"rendered":"https:\/\/mwb.com.pl\/mwb2017\/?page_id=8754"},"modified":"2022-04-14T13:00:57","modified_gmt":"2022-04-14T11:00:57","slug":"na-zamku","status":"publish","type":"page","link":"https:\/\/mwb.com.pl\/mwb2017\/oferta\/edukacja\/na-zamku\/","title":{"rendered":"Na zamku"},"content":{"rendered":"<p>Poziom edukacji: <strong>przedszkola i kl. I-III<\/strong><\/p>\n<p>Legenda g\u0142osi, \u017ce pod zamkiem na Wawelu mieszka\u0142 smok. Czy to prawda? Czy ka\u017cdy zamek mia\u0142 swojego dy\u017curnego smoka? Co to w og\u00f3le jest zamek ? Z czego go budowano? Gdzie wznoszono? Kto w nich tak naprawd\u0119 mieszka\u0142? Na te wszystkie pytania spr\u00f3bujemy odpowiedzie\u0107 podczas warsztat\u00f3w. Uczestnicy w  grupach zbuduj\u0105  z klock\u00f3w zamki, a na zako\u0144czenie warsztat\u00f3w odb\u0119dzie si\u0119 uroczyste pasowanie na rycerza.  <\/p>\n<p>#zamek#rycerz#uzbrojenie<\/p>\n<p><strong>Zaj\u0119cia s\u0105 to\u017csame z zaj\u0119ciami TURNIEJ RYCERSKI realizowanymi w siedzibie g\u0142\u00f3wnej Muzeum Wojska na ulicy Kili\u0144skiego 7.<\/strong><\/p>\n<div align=\"center\"><a href=\"https:\/\/mwb.com.pl\/rezerwacja\/centrum-edukacji\/na-zamku\/\" target=\"_blank\" rel=\"noopener noreferrer\"><img decoding=\"async\" class=\"aligncenter wp-image-2736 size-thumbnail\" src=\"https:\/\/mwb.com.pl\/mwb2017\/wp-content\/uploads\/2019\/01\/booking-150x150.png\" alt=\"ikona rezerwacji\" width=\"150\" height=\"150\" srcset=\"https:\/\/mwb.com.pl\/mwb2017\/wp-content\/uploads\/2019\/01\/booking-150x150.png 150w, https:\/\/mwb.com.pl\/mwb2017\/wp-content\/uploads\/2019\/01\/booking.png 256w\" sizes=\"(max-width: 150px) 100vw, 150px\" \/><br \/>\nZarezerwuj online<\/a><\/div>\n","protected":false},"excerpt":{"rendered":"<p>Poziom edukacji: przedszkola i kl. I-III Legenda g\u0142osi, \u017ce pod zamkiem na Wawelu mieszka\u0142 smok. Czy to prawda? Czy ka\u017cdy zamek mia\u0142 swojego dy\u017curnego smoka? Co to w og\u00f3le jest zamek ? Z czego go budowano? Gdzie wznoszono? Kto w nich tak naprawd\u0119 mieszka\u0142? Na te wszystkie pytania spr\u00f3bujemy odpowiedzie\u0107 podczas warsztat\u00f3w. Uczestnicy w grupach [&hellip;]<\/p>\n","protected":false},"author":10,"featured_media":0,"parent":18,"menu_order":0,"comment_status":"closed","ping_status":"closed","template":"","meta":{"ngg_post_thumbnail":0,"h5ap_radio_sources":[],"_vp_format_video_url":"","_vp_image_focal_point":[],"footnotes":""},"class_list":["post-8754","page","type-page","status-publish","hentry"],"_links":{"self":[{"href":"https:\/\/mwb.com.pl\/mwb2017\/wp-json\/wp\/v2\/pages\/8754","targetHints":{"allow":["GET"]}}],"collection":[{"href":"https:\/\/mwb.com.pl\/mwb2017\/wp-json\/wp\/v2\/pages"}],"about":[{"href":"https:\/\/mwb.com.pl\/mwb2017\/wp-json\/wp\/v2\/types\/page"}],"author":[{"embeddable":true,"href":"https:\/\/mwb.com.pl\/mwb2017\/wp-json\/wp\/v2\/users\/10"}],"replies":[{"embeddable":true,"href":"https:\/\/mwb.com.pl\/mwb2017\/wp-json\/wp\/v2\/comments?post=8754"}],"version-history":[{"count":4,"href":"https:\/\/mwb.com.pl\/mwb2017\/wp-json\/wp\/v2\/pages\/8754\/revisions"}],"predecessor-version":[{"id":8903,"href":"https:\/\/mwb.com.pl\/mwb2017\/wp-json\/wp\/v2\/pages\/8754\/revisions\/8903"}],"up":[{"embeddable":true,"href":"https:\/\/mwb.com.pl\/mwb2017\/wp-json\/wp\/v2\/pages\/18"}],"wp:attachment":[{"href":"https:\/\/mwb.com.pl\/mwb2017\/wp-json\/wp\/v2\/media?parent=8754"}],"curies":[{"name":"wp","href":"https:\/\/api.w.org\/{rel}","templated":true}]}}