{"id":8142,"date":"2021-10-15T13:36:12","date_gmt":"2021-10-15T11:36:12","guid":{"rendered":"https:\/\/mwb.com.pl\/mwb2017\/?page_id=8142"},"modified":"2021-10-15T14:47:05","modified_gmt":"2021-10-15T12:47:05","slug":"miasto-garnizonowe","status":"publish","type":"page","link":"https:\/\/mwb.com.pl\/mwb2017\/oferta\/edukacja\/miasto-garnizonowe\/","title":{"rendered":"Miasto garnizonowe"},"content":{"rendered":"<p><strong>Dzieci i m\u0142odzie\u017c ze szczeg\u00f3lnymi potrzebami<\/strong><\/p>\n<p>Miasto garnizonowe<\/p>\n<p>Punktem wyj\u015bcia do warsztat\u00f3w b\u0119dzie poznanie poj\u0119\u0107 garnizonu, koszar oraz s\u0142u\u017cby \u017co\u0142nierskiej. Uczestnicy dowiedz\u0105 si\u0119 od jak dawna Bia\u0142ystok jest miejscem stacjonowania wojskowych. Wraz z prowadz\u0105cym zastanowi\u0105 si\u0119 w jaki spos\u00f3b obecno\u015b\u0107 \u017co\u0142nierzy wp\u0142ywa na \u017cycie wszystkich mieszka\u0144c\u00f3w miasta. Zobacz\u0105 przedmioty, kt\u00f3re s\u0142u\u017cy\u0142y bia\u0142ostockim \u017co\u0142nierzom. Wykonaj\u0105 w\u0142asn\u0105 map\u0119 garnizonu.*<\/p>\n<p>Metody artystyczne:<br \/>\nniepe\u0142nosprawno\u015b\u0107 intelektualna i autyzm \u2013 stemplowanie,<br \/>\nniepe\u0142nosprawno\u015b\u0107 s\u0142uchu \u2013 technika malarska, stemplowanie,<br \/>\nniepe\u0142nosprawno\u015b\u0107 wzroku \u2013 kompozycja.<\/p>\n<p>*Poziom warsztat\u00f3w, ich czas trwania oraz dob\u00f3r metod pracy zale\u017cy od wieku, mo\u017cliwo\u015bci poznawczych i indywidualnych potrzeb poszczeg\u00f3lnych uczestnik\u00f3w. Prosimy o podawanie wszelkich informacji, kt\u00f3re pozwol\u0105 nam przygotowa\u0107 zaj\u0119cia odpowiednie dla Pa\u0144stwa podopiecznych. Zapraszamy tak\u017ce grupy integracyjne.<\/p>\n<p>Istnieje mo\u017cliwo\u015b\u0107 realizacji warsztat\u00f3w w siedzibie Zamawiaj\u0105cego po uprzednim ustaleniu terminu.<\/p>\n<p>Udzia\u0142 w warsztatach jest bezp\u0142atny.<\/p>\n<p>Dofinansowano ze \u015brodk\u00f3w Muzeum Historii Polski w Warszawie w ramach programu \u201cPatriotyzm Jutra\u201d<\/p>\n<div align=\"center\"><a href=\"https:\/\/mwb.com.pl\/rezerwacja\/garnizon\/miasto-garnizonowe\/\" target=\"_blank\" rel=\"noopener noreferrer\"><img decoding=\"async\" class=\"aligncenter wp-image-2736 size-thumbnail\" src=\"https:\/\/mwb.com.pl\/mwb2017\/wp-content\/uploads\/2019\/01\/booking-150x150.png\" alt=\"ikona rezerwacji\" width=\"150\" height=\"150\" srcset=\"https:\/\/mwb.com.pl\/mwb2017\/wp-content\/uploads\/2019\/01\/booking-150x150.png 150w, https:\/\/mwb.com.pl\/mwb2017\/wp-content\/uploads\/2019\/01\/booking.png 256w\" sizes=\"(max-width: 150px) 100vw, 150px\" \/><br \/>\nZarezerwuj online<\/a><\/div>\n","protected":false},"excerpt":{"rendered":"<p>Dzieci i m\u0142odzie\u017c ze szczeg\u00f3lnymi potrzebami Miasto garnizonowe Punktem wyj\u015bcia do warsztat\u00f3w b\u0119dzie poznanie poj\u0119\u0107 garnizonu, koszar oraz s\u0142u\u017cby \u017co\u0142nierskiej. Uczestnicy dowiedz\u0105 si\u0119 od jak dawna Bia\u0142ystok jest miejscem stacjonowania wojskowych. Wraz z prowadz\u0105cym zastanowi\u0105 si\u0119 w jaki spos\u00f3b obecno\u015b\u0107 \u017co\u0142nierzy wp\u0142ywa na \u017cycie wszystkich mieszka\u0144c\u00f3w miasta. Zobacz\u0105 przedmioty, kt\u00f3re s\u0142u\u017cy\u0142y bia\u0142ostockim \u017co\u0142nierzom. Wykonaj\u0105 w\u0142asn\u0105 [&hellip;]<\/p>\n","protected":false},"author":10,"featured_media":0,"parent":18,"menu_order":0,"comment_status":"closed","ping_status":"closed","template":"","meta":{"ngg_post_thumbnail":0,"h5ap_radio_sources":[],"_vp_format_video_url":"","_vp_image_focal_point":[],"footnotes":""},"class_list":["post-8142","page","type-page","status-publish","hentry"],"_links":{"self":[{"href":"https:\/\/mwb.com.pl\/mwb2017\/wp-json\/wp\/v2\/pages\/8142","targetHints":{"allow":["GET"]}}],"collection":[{"href":"https:\/\/mwb.com.pl\/mwb2017\/wp-json\/wp\/v2\/pages"}],"about":[{"href":"https:\/\/mwb.com.pl\/mwb2017\/wp-json\/wp\/v2\/types\/page"}],"author":[{"embeddable":true,"href":"https:\/\/mwb.com.pl\/mwb2017\/wp-json\/wp\/v2\/users\/10"}],"replies":[{"embeddable":true,"href":"https:\/\/mwb.com.pl\/mwb2017\/wp-json\/wp\/v2\/comments?post=8142"}],"version-history":[{"count":3,"href":"https:\/\/mwb.com.pl\/mwb2017\/wp-json\/wp\/v2\/pages\/8142\/revisions"}],"predecessor-version":[{"id":8151,"href":"https:\/\/mwb.com.pl\/mwb2017\/wp-json\/wp\/v2\/pages\/8142\/revisions\/8151"}],"up":[{"embeddable":true,"href":"https:\/\/mwb.com.pl\/mwb2017\/wp-json\/wp\/v2\/pages\/18"}],"wp:attachment":[{"href":"https:\/\/mwb.com.pl\/mwb2017\/wp-json\/wp\/v2\/media?parent=8142"}],"curies":[{"name":"wp","href":"https:\/\/api.w.org\/{rel}","templated":true}]}}