{"id":54,"date":"2017-02-28T13:16:13","date_gmt":"2017-02-28T12:16:13","guid":{"rendered":"http:\/\/mwb.com.pl\/mwb2017\/?page_id=54"},"modified":"2023-03-03T10:22:58","modified_gmt":"2023-03-03T09:22:58","slug":"lokalizacja","status":"publish","type":"page","link":"https:\/\/mwb.com.pl\/mwb2017\/kontakt\/lokalizacja\/","title":{"rendered":"Lokalizacja"},"content":{"rendered":"<div style=\"text-align: right;\">\n<a href=\"https:\/\/mwb.com.pl\/mwb2017\/wp-content\/uploads\/jezyk_prosty\/dojazd_prosty.pdf\" target=\"_blank\" rel=\"noopener noreferrer\"><img decoding=\"async\" src=\"https:\/\/mwb.com.pl\/mwb2017\/wp-content\/uploads\/jezyk_prosty\/baner_jezyk_prosty2.jpg\" alt=\"tekst \u0142atwy do czytania i rozumienia\" width=\"60px\"><\/a>\n<\/div>\n<p style=\"text-align: center;\"><strong>Zobacz, gdzie si\u0119 znajdujemy i jak do nas dojecha\u0107.<\/strong><\/p>\n<p style=\"text-align: center;\">Wsp\u00f3\u0142rz\u0119dne geograficzne:<br \/>\n53\u00b07\u2019 55,76\u201d N<br \/>\n23\u00b09&#8242; 58,48\u201d E<\/p>\n<p style=\"text-align: center;\"><iframe style=\"border: 0;\" src=\"https:\/\/www.google.com\/maps\/embed?pb=!1m14!1m8!1m3!1d2393.743862008215!2d23.16644067855468!3d53.1327433872114!3m2!1i1024!2i768!4f13.1!3m3!1m2!1s0x0000000000000000%3A0x5ab5fcee3d33d485!2sMuzeum+Wojska!5e0!3m2!1spl!2spl!4v1431421110275\" width=\"600\" height=\"450\" frameborder=\"0\"><\/iframe><\/p>\n<p style=\"text-align: center;\">AUTOBUSY:<br \/>\nPrzystanek nr inw. 61 &#8211; teatr: 1, 12, 15, 24, 101, 105<br \/>\nPrzystanek nr inw. 182 &#8211; Plac Jana Paw\u0142a II: 8<br \/>\nPrzystanek nr inw. 510 &#8211; Pa\u0142acowa: 8, 13, 17<br \/>\nPrzystanek nr inw. 282 &#8211; hotel: 2, 5, 5N, 8, 13, 17, 28<br \/>\nPrzystanek nr inw. 996 &#8211; Rondo Lussy\/PK: 1, 12, 15, 21N, 21, 101, 105<\/p>\n","protected":false},"excerpt":{"rendered":"<p>Zobacz, gdzie si\u0119 znajdujemy i jak do nas dojecha\u0107. Wsp\u00f3\u0142rz\u0119dne geograficzne: 53\u00b07\u2019 55,76\u201d N 23\u00b09&#8242; 58,48\u201d E AUTOBUSY: Przystanek nr inw. 61 &#8211; teatr: 1, 12, 15, 24, 101, 105 Przystanek nr inw. 182 &#8211; Plac Jana Paw\u0142a II: 8 Przystanek nr inw. 510 &#8211; Pa\u0142acowa: 8, 13, 17 Przystanek nr inw. 282 &#8211; hotel: [&hellip;]<\/p>\n","protected":false},"author":1,"featured_media":0,"parent":14,"menu_order":0,"comment_status":"closed","ping_status":"closed","template":"","meta":{"ngg_post_thumbnail":0,"h5ap_radio_sources":[],"_vp_format_video_url":"","_vp_image_focal_point":[],"footnotes":""},"class_list":["post-54","page","type-page","status-publish","hentry"],"_links":{"self":[{"href":"https:\/\/mwb.com.pl\/mwb2017\/wp-json\/wp\/v2\/pages\/54","targetHints":{"allow":["GET"]}}],"collection":[{"href":"https:\/\/mwb.com.pl\/mwb2017\/wp-json\/wp\/v2\/pages"}],"about":[{"href":"https:\/\/mwb.com.pl\/mwb2017\/wp-json\/wp\/v2\/types\/page"}],"author":[{"embeddable":true,"href":"https:\/\/mwb.com.pl\/mwb2017\/wp-json\/wp\/v2\/users\/1"}],"replies":[{"embeddable":true,"href":"https:\/\/mwb.com.pl\/mwb2017\/wp-json\/wp\/v2\/comments?post=54"}],"version-history":[{"count":7,"href":"https:\/\/mwb.com.pl\/mwb2017\/wp-json\/wp\/v2\/pages\/54\/revisions"}],"predecessor-version":[{"id":10669,"href":"https:\/\/mwb.com.pl\/mwb2017\/wp-json\/wp\/v2\/pages\/54\/revisions\/10669"}],"up":[{"embeddable":true,"href":"https:\/\/mwb.com.pl\/mwb2017\/wp-json\/wp\/v2\/pages\/14"}],"wp:attachment":[{"href":"https:\/\/mwb.com.pl\/mwb2017\/wp-json\/wp\/v2\/media?parent=54"}],"curies":[{"name":"wp","href":"https:\/\/api.w.org\/{rel}","templated":true}]}}