{"id":446,"date":"2017-03-09T16:34:32","date_gmt":"2017-03-09T15:34:32","guid":{"rendered":"http:\/\/mwb.com.pl\/mwb2017\/?page_id=446"},"modified":"2017-03-14T09:32:16","modified_gmt":"2017-03-14T08:32:16","slug":"studia-z-dziejow-wojskowosci-t-iii-2014","status":"publish","type":"page","link":"https:\/\/mwb.com.pl\/mwb2017\/oferta\/wydawnictwa\/studia-z-dziejow-wojskowosci-t-iii-2014\/","title":{"rendered":"&#8222;Studia z Dziej\u00f3w Wojskowo\u015bci&#8221;, t. III, 2014"},"content":{"rendered":"<p><img fetchpriority=\"high\" decoding=\"async\" class=\"alignleft size-medium wp-image-439\" src=\"http:\/\/mwb.com.pl\/mwb2017\/wp-content\/uploads\/2017\/03\/studia3-213x300.jpg\" alt=\"\" width=\"213\" height=\"300\" srcset=\"https:\/\/mwb.com.pl\/mwb2017\/wp-content\/uploads\/2017\/03\/studia3-213x300.jpg 213w, https:\/\/mwb.com.pl\/mwb2017\/wp-content\/uploads\/2017\/03\/studia3.jpg 585w\" sizes=\"(max-width: 213px) 100vw, 213px\" \/><\/p>\n<p><strong>&#8222;Studia z Dziej\u00f3w Wojskowo\u015bci&#8221;<\/strong>, t. III, 2014<\/p>\n<p>T. III, 290 str., mi\u0119kka oprawa, fot. cz.b., cena: 20,00 z\u0142<\/p>\n<p>&nbsp;<\/p>\n<p>&nbsp;<\/p>\n<p>&nbsp;<\/p>\n<p>&nbsp;<\/p>\n<p>&nbsp;<\/p>\n<p>&nbsp;<\/p>\n<p>&nbsp;<\/p>\n<p><strong>Spis tre\u015bci:<\/strong><\/p>\n<p><strong>Studia:<\/strong><br \/>\nMariusz Cie\u015bla &#8211; <em>Zbroje ksi\u0119cia Braunschweigu Juliusza II w dawnych kolekcjach \u015bl\u0105skich<\/em><br \/>\nArkadiusz Bo\u017cejewicz &#8211; <em>Bitwa pod G\u00f3rznem 12 lutego 1629 roku. Przyczyny, przebieg, skutki<\/em><br \/>\nWojciech Kucharski &#8211;<em> Rzeczpospolita w obliczu wojny domowej 1648-1649r. Zabiegi dyplomatyczne, przygotowania wojskowe<\/em><br \/>\nZbigniew Hundert &#8211; <em>Wojsko koronne wobec elekcji 1669 roku<\/em><br \/>\nMi\u0142osz St\u0119pi\u0144ski &#8211; <em>Deutsche Turnerschaft im Dienste der Landesverteidigung im Deutschen Reich von 1871 bis 1914<\/em><br \/>\nTadeusz Grab &#8211; <em>Wojsko powsta\u0144cze pomys\u0142u Ludwika Mieros\u0142awskiego<\/em><br \/>\nKarol Olejnik &#8211; <em>Rola czynnika wojskowego w kszta\u0142towaniu niepodleg\u0142o\u015bci Polski w latach 1918-1921<\/em><br \/>\nAleksander Smoli\u0144ski &#8211; <em>Kontrowersje\u00a0 dotycz\u0105ce pora\u017cki sowieckich poci\u0105g\u00f3w pancernych w Korosteniu dnia 10 pa\u017adziernika 1920 r. Przyczynek do dziej\u00f3w wojny polsko\u2014sowieckiej z lat 1919-1921<\/em><br \/>\nTadeusz Kmiecik &#8211; <em>Traktat ryski i jego konsekwencje l9l9-l923<\/em><br \/>\nCzes\u0142aw Grzelak &#8211; <em>Armia Czerwona po wojnie polsko-rosyjskiej 1919-1921 roku<\/em><\/p>\n<p><strong>Recenzje i polemiki:<\/strong><br \/>\nAleksander Smoli\u0144ski &#8211; <em>Najnowsza monografia &#8222;Armii wielkiego ksi\u0119cia Konstantego&#8221;, czyli o Wojsku Polskim Kr\u00f3lestwa Polskiego z lat 1815-1830<\/em><br \/>\nMaciej Kledzik &#8211; <em>Jak kierowano Polskim Pa\u0144stwem Podziemnym<\/em><\/p>\n<p><strong>Noty biograficzne o autorach<\/strong><\/p>\n<p>&nbsp;<\/p>\n","protected":false},"excerpt":{"rendered":"<p>&#8222;Studia z Dziej\u00f3w Wojskowo\u015bci&#8221;, t. III, 2014 T. III, 290 str., mi\u0119kka oprawa, fot. cz.b., cena: 20,00 z\u0142 &nbsp; &nbsp; &nbsp; &nbsp; &nbsp; &nbsp; &nbsp; Spis tre\u015bci: Studia: Mariusz Cie\u015bla &#8211; Zbroje ksi\u0119cia Braunschweigu Juliusza II w dawnych kolekcjach \u015bl\u0105skich Arkadiusz Bo\u017cejewicz &#8211; Bitwa pod G\u00f3rznem 12 lutego 1629 roku. Przyczyny, przebieg, skutki Wojciech Kucharski [&hellip;]<\/p>\n","protected":false},"author":2,"featured_media":0,"parent":22,"menu_order":0,"comment_status":"closed","ping_status":"closed","template":"","meta":{"ngg_post_thumbnail":0,"h5ap_radio_sources":[],"_vp_format_video_url":"","_vp_image_focal_point":[],"footnotes":""},"class_list":["post-446","page","type-page","status-publish","hentry"],"_links":{"self":[{"href":"https:\/\/mwb.com.pl\/mwb2017\/wp-json\/wp\/v2\/pages\/446","targetHints":{"allow":["GET"]}}],"collection":[{"href":"https:\/\/mwb.com.pl\/mwb2017\/wp-json\/wp\/v2\/pages"}],"about":[{"href":"https:\/\/mwb.com.pl\/mwb2017\/wp-json\/wp\/v2\/types\/page"}],"author":[{"embeddable":true,"href":"https:\/\/mwb.com.pl\/mwb2017\/wp-json\/wp\/v2\/users\/2"}],"replies":[{"embeddable":true,"href":"https:\/\/mwb.com.pl\/mwb2017\/wp-json\/wp\/v2\/comments?post=446"}],"version-history":[{"count":4,"href":"https:\/\/mwb.com.pl\/mwb2017\/wp-json\/wp\/v2\/pages\/446\/revisions"}],"predecessor-version":[{"id":566,"href":"https:\/\/mwb.com.pl\/mwb2017\/wp-json\/wp\/v2\/pages\/446\/revisions\/566"}],"up":[{"embeddable":true,"href":"https:\/\/mwb.com.pl\/mwb2017\/wp-json\/wp\/v2\/pages\/22"}],"wp:attachment":[{"href":"https:\/\/mwb.com.pl\/mwb2017\/wp-json\/wp\/v2\/media?parent=446"}],"curies":[{"name":"wp","href":"https:\/\/api.w.org\/{rel}","templated":true}]}}