{"id":4328,"date":"2020-01-02T10:05:41","date_gmt":"2020-01-02T09:05:41","guid":{"rendered":"https:\/\/mwb.com.pl\/mwb2017\/?page_id=4328"},"modified":"2025-08-12T13:24:42","modified_gmt":"2025-08-12T11:24:42","slug":"program-dzialania","status":"publish","type":"page","link":"https:\/\/mwb.com.pl\/mwb2017\/muzeum\/program-dzialania\/","title":{"rendered":"Program dzia\u0142ania"},"content":{"rendered":"<p><strong>Program dzia\u0142ania Muzeum Wojska w Bia\u0142ymstoku na lata 2025 &#8211; 2031:<\/strong><\/p>\n<p><a href=\"https:\/\/mwb.com.pl\/mwb2017\/wp-content\/uploads\/program2025\/program2025.pdf\">do pobrania w wersji pdf<\/a><\/p>\n<p><a href=\"https:\/\/mwb.com.pl\/mwb2017\/wp-content\/uploads\/program2025\/program2025.docx\">do pobrania w wersji docx<\/a><\/p>\n<p><strong>Uzupe\u0142nienie Programu dzia\u0142ania Muzeum Wojska w Bia\u0142ymstoku na lata 2025 &#8211; 2031:<\/strong><\/p>\n<p><a href=\"https:\/\/mwb.com.pl\/mwb2017\/wp-content\/uploads\/program2025\/uzupelnienie.pdf\">do pobrania w wersji pdf<\/a><\/p>\n<p><strong>Program dzia\u0142alno\u015bci Muzeum Wojska w Bia\u0142ymstoku na lata 2020 &#8211; 2024:<\/strong><\/p>\n<p><a href=\"https:\/\/mwb.com.pl\/mwb2017\/wp-content\/uploads\/program2020\/program2020.pdf\">do pobrania w wersji pdf<\/a><\/p>\n<p><a href=\"https:\/\/mwb.com.pl\/mwb2017\/wp-content\/uploads\/program2020\/program2020.docx\">do pobrania w wersji docx<\/a><\/p>\n","protected":false},"excerpt":{"rendered":"<p>Program dzia\u0142ania Muzeum Wojska w Bia\u0142ymstoku na lata 2025 &#8211; 2031: do pobrania w wersji pdf do pobrania w wersji docx Uzupe\u0142nienie Programu dzia\u0142ania Muzeum Wojska w Bia\u0142ymstoku na lata 2025 &#8211; 2031: do pobrania w wersji pdf Program dzia\u0142alno\u015bci Muzeum Wojska w Bia\u0142ymstoku na lata 2020 &#8211; 2024: do pobrania w wersji pdf do [&hellip;]<\/p>\n","protected":false},"author":1,"featured_media":0,"parent":12,"menu_order":0,"comment_status":"closed","ping_status":"closed","template":"","meta":{"ngg_post_thumbnail":0,"h5ap_radio_sources":[],"_vp_format_video_url":"","_vp_image_focal_point":[],"footnotes":""},"class_list":["post-4328","page","type-page","status-publish","hentry"],"_links":{"self":[{"href":"https:\/\/mwb.com.pl\/mwb2017\/wp-json\/wp\/v2\/pages\/4328","targetHints":{"allow":["GET"]}}],"collection":[{"href":"https:\/\/mwb.com.pl\/mwb2017\/wp-json\/wp\/v2\/pages"}],"about":[{"href":"https:\/\/mwb.com.pl\/mwb2017\/wp-json\/wp\/v2\/types\/page"}],"author":[{"embeddable":true,"href":"https:\/\/mwb.com.pl\/mwb2017\/wp-json\/wp\/v2\/users\/1"}],"replies":[{"embeddable":true,"href":"https:\/\/mwb.com.pl\/mwb2017\/wp-json\/wp\/v2\/comments?post=4328"}],"version-history":[{"count":8,"href":"https:\/\/mwb.com.pl\/mwb2017\/wp-json\/wp\/v2\/pages\/4328\/revisions"}],"predecessor-version":[{"id":14534,"href":"https:\/\/mwb.com.pl\/mwb2017\/wp-json\/wp\/v2\/pages\/4328\/revisions\/14534"}],"up":[{"embeddable":true,"href":"https:\/\/mwb.com.pl\/mwb2017\/wp-json\/wp\/v2\/pages\/12"}],"wp:attachment":[{"href":"https:\/\/mwb.com.pl\/mwb2017\/wp-json\/wp\/v2\/media?parent=4328"}],"curies":[{"name":"wp","href":"https:\/\/api.w.org\/{rel}","templated":true}]}}