{"id":408,"date":"2017-03-09T16:01:10","date_gmt":"2017-03-09T15:01:10","guid":{"rendered":"http:\/\/mwb.com.pl\/mwb2017\/?page_id=408"},"modified":"2017-03-10T12:22:25","modified_gmt":"2017-03-10T11:22:25","slug":"zeszyt-naukowy-muzeum-wojska-nr-22-bialystok-2009","status":"publish","type":"page","link":"https:\/\/mwb.com.pl\/mwb2017\/oferta\/wydawnictwa\/zeszyt-naukowy-muzeum-wojska-nr-22-bialystok-2009\/","title":{"rendered":"&#8222;Zeszyt Naukowy Muzeum Wojska&#8221;, nr 22, Bia\u0142ystok 2009"},"content":{"rendered":"<p><img fetchpriority=\"high\" decoding=\"async\" class=\"alignleft size-full wp-image-432\" src=\"http:\/\/mwb.com.pl\/mwb2017\/wp-content\/uploads\/2017\/03\/zn_22.jpg\" alt=\"\" width=\"200\" height=\"294\" \/>&#8222;Zeszyt Naukowy Muzeum Wojska&#8221;, nr 22, Bia\u0142ystok 2009<\/p>\n<p>T.22, 202 s., fot. cz\/b, cena: 5.00 z\u0142<\/p>\n<p>&nbsp;<\/p>\n<p>&nbsp;<\/p>\n<p>&nbsp;<\/p>\n<p>&nbsp;<\/p>\n<p>&nbsp;<\/p>\n<p>&nbsp;<\/p>\n<p>&nbsp;<\/p>\n<p><strong>Spis tre\u015bci:<\/strong><\/p>\n<p><strong>Artyku\u0142y:<\/strong><br \/>\n\u0141ukasz Radulski \u2013 <em>Przyczynek do wycofania si\u0119 niemieckich wojsk z frontu wschodniego (listopad 1918 \u2013 luty 1919)<\/em><br \/>\nMarek Gajewski \u2013 <em>Bia\u0142ystok \u2013 Wolny i niepodleg\u0142y. 19 luty 1919r.<\/em><br \/>\nKrzysztof Filipow \u2013<em> Od samoobrony ziemi grodzie\u0144skiej do dywizji litewsko-bia\u0142oruskiej<\/em><br \/>\nMicha\u0142 Klimecki \u2013<em> Wyzwolenie p\u00f3\u0142nocno- wschodnich obszar\u00f3w Polski w marcu-kwietniu 1920r.<\/em><br \/>\nJoanna Gierowska \u2013 Ka\u0142\u0142aur \u2013 <em>\u201eStra\u017c Kresowa\u201d w drodze do Niepodleg\u0142o\u015bci<\/em><br \/>\nMarek Kietli\u0144ski \u2013 <em>Administracji w Bia\u0142ymstoku w okresie mi\u0119dzywojennym<\/em><br \/>\nTadeusz Radziwonowicz \u2013 <em>Droga do Niepodleg\u0142ej ( Suwalszczyzna listopad 1918- sierpie\u0144 1919)<\/em><br \/>\nKrzysztof Sk\u0142odowski \u2013 <em>Dzia\u0142alno\u015b\u0107 Polskiej Organizacji Wojskowej, Dow\u00f3dztwa Obrony Kres\u00f3w Ziemi Suwalskiej oraz powstanie sejne\u0144skie<\/em><br \/>\nSylwia Trzeciakowska \u2013 <em>Ko\u0142o Polek w Bia\u0142ymstoku<\/em><br \/>\nTomasz Dudzi\u0144ski \u2013 <em>Odzyskanie niepodleg\u0142o\u015bci. Grajewo i okolice<\/em><\/p>\n<p><strong>Materia\u0142y:<\/strong><br \/>\nTomasz Mleczek \u2013 <em>Od he\u0142mu garnczkowego do przy\u0142bicy \u2013 historia dw\u00f3ch rodzaj\u00f3w he\u0142m\u00f3w z XIV wieku.<\/em><br \/>\nS\u0142awomir Karp \u2013 <em>Testament J\u00f3zefa Karpia towarzysza Brygady Husarskiej \u015bwiadectwem solidarno\u015bci \u017co\u0142nierskiej z ko\u0144ca XVIII wieku.<\/em><br \/>\nMarek Gajewski \u2013 <em>Zapomniany oficer \u2013 Tadeusz Kazimierz Kosi\u0144ski (1891 -1939)<\/em><\/p>\n<p><strong>Zbiory:<\/strong><br \/>\nSylwia Trzeciakowska &#8211; <em>Miecz wczesno\u015bredniowieczny w zbiorach Muzeum Wojska w Bia\u0142ymstoku<\/em><br \/>\nMarcin Kozi\u0144ski \u2013 <em>Mapa Magni Ducatus Lithuaniae ( Wielkiego Ksi\u0119stwa Litewskiego) ze zbior\u00f3w Muzeum Wojska w Bia\u0142ymstoku<\/em><br \/>\nMarek Gajewski &#8211;<em> Zbi\u00f3r odznacze\u0144 ostatniego komendanta PKU\/KRU Bia\u0142ystok pp\u0142k. Zygmunta Szafranowskiego<\/em><\/p>\n<p><strong>Recenzje, polemiki:<\/strong><br \/>\nErnest Piech \u2013<em> Propaganda na wojnie<\/em><br \/>\nTomasz Demidowicz \u2013 <em>Maria Miko\u0142ajczuk, Lotnicze tradycje Bia\u0142ej Podlaskiej, Wydawnictwo ZP Grupa Sp. z o. o., Warszawa 2008.<\/em><\/p>\n","protected":false},"excerpt":{"rendered":"<p>&#8222;Zeszyt Naukowy Muzeum Wojska&#8221;, nr 22, Bia\u0142ystok 2009 T.22, 202 s., fot. cz\/b, cena: 5.00 z\u0142 &nbsp; &nbsp; &nbsp; &nbsp; &nbsp; &nbsp; &nbsp; Spis tre\u015bci: Artyku\u0142y: \u0141ukasz Radulski \u2013 Przyczynek do wycofania si\u0119 niemieckich wojsk z frontu wschodniego (listopad 1918 \u2013 luty 1919) Marek Gajewski \u2013 Bia\u0142ystok \u2013 Wolny i niepodleg\u0142y. 19 luty 1919r. Krzysztof [&hellip;]<\/p>\n","protected":false},"author":2,"featured_media":0,"parent":22,"menu_order":0,"comment_status":"closed","ping_status":"closed","template":"","meta":{"ngg_post_thumbnail":0,"h5ap_radio_sources":[],"_vp_format_video_url":"","_vp_image_focal_point":[],"footnotes":""},"class_list":["post-408","page","type-page","status-publish","hentry"],"_links":{"self":[{"href":"https:\/\/mwb.com.pl\/mwb2017\/wp-json\/wp\/v2\/pages\/408","targetHints":{"allow":["GET"]}}],"collection":[{"href":"https:\/\/mwb.com.pl\/mwb2017\/wp-json\/wp\/v2\/pages"}],"about":[{"href":"https:\/\/mwb.com.pl\/mwb2017\/wp-json\/wp\/v2\/types\/page"}],"author":[{"embeddable":true,"href":"https:\/\/mwb.com.pl\/mwb2017\/wp-json\/wp\/v2\/users\/2"}],"replies":[{"embeddable":true,"href":"https:\/\/mwb.com.pl\/mwb2017\/wp-json\/wp\/v2\/comments?post=408"}],"version-history":[{"count":4,"href":"https:\/\/mwb.com.pl\/mwb2017\/wp-json\/wp\/v2\/pages\/408\/revisions"}],"predecessor-version":[{"id":539,"href":"https:\/\/mwb.com.pl\/mwb2017\/wp-json\/wp\/v2\/pages\/408\/revisions\/539"}],"up":[{"embeddable":true,"href":"https:\/\/mwb.com.pl\/mwb2017\/wp-json\/wp\/v2\/pages\/22"}],"wp:attachment":[{"href":"https:\/\/mwb.com.pl\/mwb2017\/wp-json\/wp\/v2\/media?parent=408"}],"curies":[{"name":"wp","href":"https:\/\/api.w.org\/{rel}","templated":true}]}}