{"id":394,"date":"2017-03-09T15:53:49","date_gmt":"2017-03-09T14:53:49","guid":{"rendered":"http:\/\/mwb.com.pl\/mwb2017\/?page_id=394"},"modified":"2017-03-10T11:40:02","modified_gmt":"2017-03-10T10:40:02","slug":"zeszyt-naukowy-muzeum-wojska-nr-17-bialystok-2004","status":"publish","type":"page","link":"https:\/\/mwb.com.pl\/mwb2017\/oferta\/wydawnictwa\/zeszyt-naukowy-muzeum-wojska-nr-17-bialystok-2004\/","title":{"rendered":"&#8222;Zeszyt Naukowy Muzeum Wojska&#8221;, nr 17, Bia\u0142ystok 2004"},"content":{"rendered":"<p>&#8222;Zeszyt Naukowy Muzeum Wojska&#8221;, nr 17, Bia\u0142ystok 2004<img fetchpriority=\"high\" decoding=\"async\" class=\"alignleft size-full wp-image-427\" src=\"http:\/\/mwb.com.pl\/mwb2017\/wp-content\/uploads\/2017\/03\/zn_17.jpg\" alt=\"\" width=\"200\" height=\"292\" \/><\/p>\n<p>T. 17, 250 str., fot. cz.\/b.,cena: 5,00 z\u0142<\/p>\n<p>&nbsp;<\/p>\n<p>&nbsp;<\/p>\n<p>&nbsp;<\/p>\n<p>&nbsp;<\/p>\n<p>&nbsp;<\/p>\n<p>&nbsp;<\/p>\n<p>&nbsp;<\/p>\n<p>&nbsp;<\/p>\n<p><strong>Spis tre\u015bci:<\/strong><\/p>\n<p><strong>Artyku\u0142y:<\/strong><br \/>\nMarcin Kozi\u0144ski \u2013 <em>Rycerze \u015bwi\u0119ci religii rzymskokatolickiej i ich obecno\u015b\u0107 w niekt\u00f3rych aspektach ludzkiej dzia\u0142alno\u015bci<\/em><br \/>\nAntoni Giza &#8211; <em>Polityczne aspekty wojny Chorwat\u00f3w z W\u0119grami 1848-1849<\/em><br \/>\nAdam Bu\u0142awa \u2013 <em>Dzia\u0142alno\u015b\u0107 Ludwika \u017bychli\u0144skiego na Podlasiu podczas powstania styczniowego 1863-1864<\/em><br \/>\nMarek Rutkowski \u2013 <em>Kontrola spo\u0142ecze\u0144stwa Kr\u00f3lestwa Polskiego w pierwszych latach po upadku powstania styczniowego<\/em><br \/>\nAdam Miodowski \u2013 <em>Przeciwdzia\u0142anie wychod\u017aczych ugrupowa\u0144 demokratycznych pr\u00f3bom odbudowy jedno\u015bci ruchu wojskowych Polak\u00f3w w Rosji<\/em><br \/>\nJoanna Gierowska &#8211; Ka\u0142\u0142aur- <em>\u015acieranie si\u0119 koncepcji federacyjnej i inkorporacyjnej w stosunku do ziem by\u0142ego Wielkiego Ksi\u0119stwa Litewskiego w okresie poprzedzaj\u0105cym Odezw\u0119 Wile\u0144sk\u0105<\/em><br \/>\nMarek Gajewski \u2013<em> B\u00f3j Pod Ber\u017cnikami 22 IX 1920 r.<\/em><br \/>\nPiotr Ko\u0142akowski \u2013 <em>Lotnictwo czechos\u0142owackie w okresie mi\u0119dzywojennym w \u015bwietle raport\u00f3w polskich attaches wojskowych w Pradze<\/em><br \/>\nUrszula Kra\u015bnicka- <em>Wizyty Biskupa Polowego Wojska Polskiego J\u00f3zefa Gawliny w Korpusie Ochrony Pograniczna<\/em><br \/>\nAdolf Stachula- <em>Sergiusz Ab\u017c\u00f3\u0142towski \u2013 \u017co\u0142nierz i teoretyk wojskowo\u015bci<\/em><\/p>\n<p><strong>Materia\u0142y:<\/strong><br \/>\nPiotr Semk\u00f3w, Przymys\u0142aw Szuchnik \u2013 <em>Wspomnienia ochotniczej s\u0142u\u017cby wojskowej s\u0142uchacza Uniwersytetu Jagiello\u0144skiego w okresie odzyskania niepodleg\u0142o\u015bci<\/em><br \/>\nPiotr Szlezynger \u2013 <em>Nieznane pami\u0105tki genera\u0142a Romana \u017caby. Przyczynek do historii wojskowo\u015bci polskiej w dwudziestoleciu mi\u0119dzywojennym<\/em><br \/>\nTadeusz Krz\u0105stek \u2013 <em>Tradycje w si\u0142ach zbrojnych III Rzeczpospolitej. Powr\u00f3t do tradycji wojny polsko-rosyjskiej 1919-1920<\/em><\/p>\n<p>Zbiory:<br \/>\nMarcin Kozi\u0144ski- <em>Prace Stanis\u0142awa Jendrosza w zbiorach Muzeum Wojska w Bia\u0142ymstoku<\/em><br \/>\nUrszula Kra\u015bnicka- <em>Bia\u0142ystok w przededniu wojny polsko-bolszewickiej widziany oczami nauczycielki z Krakowa<\/em><br \/>\nUrszula Kra\u015bnicka- <em>Mjr Feliks Ksawery Chmielewski, oficer KOP, zast\u0119pca dow\u00f3dcy 42 pu\u0142ku piechoty<\/em><\/p>\n<p><strong>Recenzje, sprawozdania:<\/strong><br \/>\nRobert Kisiel \u2013 <em>Piotr Derdej, Ziele\u0144ce-Mir-Dubienka 1792, Warszawa 2000<\/em><br \/>\nTomasz Demidowicz \u2013 <em>Wies\u0142aw Caban, S\u0142u\u017cba rekrut\u00f3w z Kr\u00f3lestwa Polskiego w armii carskiej w latach 1831-1878, Wydawnictwo DiG, Warszawa 2001<\/em><br \/>\nRobert Kisiel \u2013 <em>Maciej Franz, Wojskowo\u015b\u0107 Kozaczyzny Zaporowskiej w XVI-XXII wieku. Geneza i charakter, Toru\u0144 2002<\/em><br \/>\nRobert Kisiel \u2013 <em>S\u0142awomir Augusiewicz, Prostki 1656, Warszawa 2002<\/em><br \/>\nMarek Gajewski \u2013 <em>Konferencja Naukowa \u201eO Niepodleg\u0142\u0105 i Granice\u201d, O\u015brodek Bada\u0144 Historii Wojskowej Muzeum Wojska w Bia\u0142ymstoku<\/em><br \/>\nMarcin Kozi\u0144ski \u2013<em> Wystawa czasowa \u201eRycerze- \u015awi\u0119ci\u201d \u00a0<\/em><\/p>\n","protected":false},"excerpt":{"rendered":"<p>&#8222;Zeszyt Naukowy Muzeum Wojska&#8221;, nr 17, Bia\u0142ystok 2004 T. 17, 250 str., fot. cz.\/b.,cena: 5,00 z\u0142 &nbsp; &nbsp; &nbsp; &nbsp; &nbsp; &nbsp; &nbsp; &nbsp; Spis tre\u015bci: Artyku\u0142y: Marcin Kozi\u0144ski \u2013 Rycerze \u015bwi\u0119ci religii rzymskokatolickiej i ich obecno\u015b\u0107 w niekt\u00f3rych aspektach ludzkiej dzia\u0142alno\u015bci Antoni Giza &#8211; Polityczne aspekty wojny Chorwat\u00f3w z W\u0119grami 1848-1849 Adam Bu\u0142awa \u2013 [&hellip;]<\/p>\n","protected":false},"author":2,"featured_media":0,"parent":22,"menu_order":0,"comment_status":"closed","ping_status":"closed","template":"","meta":{"ngg_post_thumbnail":0,"h5ap_radio_sources":[],"_vp_format_video_url":"","_vp_image_focal_point":[],"footnotes":""},"class_list":["post-394","page","type-page","status-publish","hentry"],"_links":{"self":[{"href":"https:\/\/mwb.com.pl\/mwb2017\/wp-json\/wp\/v2\/pages\/394","targetHints":{"allow":["GET"]}}],"collection":[{"href":"https:\/\/mwb.com.pl\/mwb2017\/wp-json\/wp\/v2\/pages"}],"about":[{"href":"https:\/\/mwb.com.pl\/mwb2017\/wp-json\/wp\/v2\/types\/page"}],"author":[{"embeddable":true,"href":"https:\/\/mwb.com.pl\/mwb2017\/wp-json\/wp\/v2\/users\/2"}],"replies":[{"embeddable":true,"href":"https:\/\/mwb.com.pl\/mwb2017\/wp-json\/wp\/v2\/comments?post=394"}],"version-history":[{"count":3,"href":"https:\/\/mwb.com.pl\/mwb2017\/wp-json\/wp\/v2\/pages\/394\/revisions"}],"predecessor-version":[{"id":509,"href":"https:\/\/mwb.com.pl\/mwb2017\/wp-json\/wp\/v2\/pages\/394\/revisions\/509"}],"up":[{"embeddable":true,"href":"https:\/\/mwb.com.pl\/mwb2017\/wp-json\/wp\/v2\/pages\/22"}],"wp:attachment":[{"href":"https:\/\/mwb.com.pl\/mwb2017\/wp-json\/wp\/v2\/media?parent=394"}],"curies":[{"name":"wp","href":"https:\/\/api.w.org\/{rel}","templated":true}]}}

&#8222;Zeszyt Naukowy Muzeum Wojska&#8221;, nr 17, Białystok 2004

<p>&#8222;Zeszyt Naukowy Muzeum Wojska&#8221;, nr 17, Białystok 2004<img fetchpriority="high" decoding="async" class="alignleft size-full wp-image-427" src="http://mwb.com.pl/mwb2017/wp-content/uploads/2017/03/zn_17.jpg" alt="" width="200" height="292" /></p>
<p>T. 17, 250 str., fot. cz./b.,cena: 5,00 zł</p>
<p>&nbsp;</p>
<p>&nbsp;</p>
<p>&nbsp;</p>
<p>&nbsp;</p>
<p>&nbsp;</p>
<p>&nbsp;</p>
<p>&nbsp;</p>
<p>&nbsp;</p>
<p><strong>Spis treści:</strong></p>
<p><strong>Artykuły:</strong><br />
Marcin Koziński – <em>Rycerze święci religii rzymskokatolickiej i ich obecność w niektórych aspektach ludzkiej działalności</em><br />
Antoni Giza &#8211; <em>Polityczne aspekty wojny Chorwatów z Węgrami 1848-1849</em><br />
Adam Buława – <em>Działalność Ludwika Żychlińskiego na Podlasiu podczas powstania styczniowego 1863-1864</em><br />
Marek Rutkowski – <em>Kontrola społeczeństwa Królestwa Polskiego w pierwszych latach po upadku powstania styczniowego</em><br />
Adam Miodowski – <em>Przeciwdziałanie wychodźczych ugrupowań demokratycznych próbom odbudowy jedności ruchu wojskowych Polaków w Rosji</em><br />
Joanna Gierowska &#8211; Kałłaur- <em>Ścieranie się koncepcji federacyjnej i inkorporacyjnej w stosunku do ziem byłego Wielkiego Księstwa Litewskiego w okresie poprzedzającym Odezwę Wileńską</em><br />
Marek Gajewski –<em> Bój Pod Berżnikami 22 IX 1920 r.</em><br />
Piotr Kołakowski – <em>Lotnictwo czechosłowackie w okresie międzywojennym w świetle raportów polskich attaches wojskowych w Pradze</em><br />
Urszula Kraśnicka- <em>Wizyty Biskupa Polowego Wojska Polskiego Józefa Gawliny w Korpusie Ochrony Pograniczna</em><br />
Adolf Stachula- <em>Sergiusz Abżółtowski – żołnierz i teoretyk wojskowości</em></p>
<p><strong>Materiały:</strong><br />
Piotr Semków, Przymysław Szuchnik – <em>Wspomnienia ochotniczej służby wojskowej słuchacza Uniwersytetu Jagiellońskiego w okresie odzyskania niepodległości</em><br />
Piotr Szlezynger – <em>Nieznane pamiątki generała Romana żaby. Przyczynek do historii wojskowości polskiej w dwudziestoleciu międzywojennym</em><br />
Tadeusz Krząstek – <em>Tradycje w siłach zbrojnych III Rzeczpospolitej. Powrót do tradycji wojny polsko-rosyjskiej 1919-1920</em></p>
<p>Zbiory:<br />
Marcin Koziński- <em>Prace Stanisława Jendrosza w zbiorach Muzeum Wojska w Białymstoku</em><br />
Urszula Kraśnicka- <em>Białystok w przededniu wojny polsko-bolszewickiej widziany oczami nauczycielki z Krakowa</em><br />
Urszula Kraśnicka- <em>Mjr Feliks Ksawery Chmielewski, oficer KOP, zastępca dowódcy 42 pułku piechoty</em></p>
<p><strong>Recenzje, sprawozdania:</strong><br />
Robert Kisiel – <em>Piotr Derdej, Zieleńce-Mir-Dubienka 1792, Warszawa 2000</em><br />
Tomasz Demidowicz – <em>Wiesław Caban, Służba rekrutów z Królestwa Polskiego w armii carskiej w latach 1831-1878, Wydawnictwo DiG, Warszawa 2001</em><br />
Robert Kisiel – <em>Maciej Franz, Wojskowość Kozaczyzny Zaporowskiej w XVI-XXII wieku. Geneza i charakter, Toruń 2002</em><br />
Robert Kisiel – <em>Sławomir Augusiewicz, Prostki 1656, Warszawa 2002</em><br />
Marek Gajewski – <em>Konferencja Naukowa „O Niepodległą i Granice”, Ośrodek Badań Historii Wojskowej Muzeum Wojska w Białymstoku</em><br />
Marcin Koziński –<em> Wystawa czasowa „Rycerze- Święci”  </em></p>

<p>&#8222;Zeszyt Naukowy Muzeum Wojska&#8221;, nr 17, Białystok 2004 T. 17, 250 str., fot. cz./b.,cena: 5,00 zł &nbsp; &nbsp; &nbsp; &nbsp; &nbsp; &nbsp; &nbsp; &nbsp; Spis treści: Artykuły: Marcin Koziński – Rycerze święci religii rzymskokatolickiej i ich obecność w niektórych aspektach ludzkiej działalności Antoni Giza &#8211; Polityczne aspekty wojny Chorwatów z Węgrami 1848-1849 Adam Buława – [&hellip;]</p>
