{"id":385,"date":"2017-03-09T15:19:54","date_gmt":"2017-03-09T14:19:54","guid":{"rendered":"http:\/\/mwb.com.pl\/mwb2017\/?page_id=385"},"modified":"2017-03-10T09:00:21","modified_gmt":"2017-03-10T08:00:21","slug":"zeszyt-naukowy-muzeum-wojska-nr-13-bialystok-2000","status":"publish","type":"page","link":"https:\/\/mwb.com.pl\/mwb2017\/oferta\/wydawnictwa\/zeszyt-naukowy-muzeum-wojska-nr-13-bialystok-2000\/","title":{"rendered":"&#8222;Zeszyt Naukowy Muzeum Wojska&#8221;, nr 13, Bia\u0142ystok 2000"},"content":{"rendered":"<p><img fetchpriority=\"high\" decoding=\"async\" class=\"alignleft size-full wp-image-421\" src=\"http:\/\/mwb.com.pl\/mwb2017\/wp-content\/uploads\/2017\/03\/zn_13.jpg\" alt=\"\" width=\"200\" height=\"297\" \/><\/p>\n<p>&#8222;Zeszyt Naukowy Muzeum Wojska&#8221;, nr 13, Bia\u0142ystok 2000<\/p>\n<p>T.13, 211 str., fot. cz\/b., cena: 5,00 z\u0142<\/p>\n<p>&nbsp;<\/p>\n<p>&nbsp;<\/p>\n<p>&nbsp;<\/p>\n<p>&nbsp;<\/p>\n<p>&nbsp;<\/p>\n<p>&nbsp;<\/p>\n<p>&nbsp;<\/p>\n<p>&nbsp;<\/p>\n<p><strong>Spis tre\u015bci:<\/strong><\/p>\n<p><strong>Artyku\u0142y:<\/strong><br \/>\nAriusz Ma\u0142ek \u2013<em> Tatarzy w Nowych Prusach Wschodnich<\/em><br \/>\nAntoni Giza &#8211; <em>Morski epizod powstania styczniowego w ca\u0142okszta\u0142cie rosyjskiej polityki ba\u0142tyckiej II po\u0142owy XIX wieku.<\/em><br \/>\nMieczys\u0142aw Wrzosek \u2013<em> Powo\u0142anie Armii Polskiej we Francji i pocz\u0105tkowy nab\u00f3r ochotnik\u00f3w do jego szereg\u00f3w ( czerwiec-pa\u017adziernik 1917r.)<\/em><br \/>\nMarek G\u00f3ry\u0144ski \u2013 <em>Mazowiecki Inspektorat Stra\u017cy Granicznej<\/em><br \/>\nAndrzej Konstantkiewicz \u2013 <em>umundurowanie i uzbrojenie Policji Pa\u0144stwowej 1919-1939<\/em><br \/>\nMagdalena\u00a0 Hu\u0142as \u2013 <em>Statut rz\u0105d\u00f3w i przedstawicielstw okupowanej Europy w Londynie (suplement)<\/em><br \/>\nPiotr Ko\u0142akowski \u2013<em> Metody i cele dzia\u0142ania sowieckich grup wywiadowczo-dywersyjnych na terenie Polski w latach 1941-1945<\/em><br \/>\nMarek Kietli\u0144ski \u2013 <em>Liga Przyjaci\u00f3\u0142 \u017bo\u0142nierza w Bia\u0142ymstoku w latach 1945-1962<\/em><\/p>\n<p><strong>Materia\u0142y:<\/strong><br \/>\nRyszard Ry\u015b &#8211; <em>Wykaz genera\u0142\u00f3w polskiej rebelianckiej armii zes\u0142anych z Warszawy do wewn\u0119trznych guberni Rosji na miejsce sta\u0142ego pobytu<\/em><br \/>\nJerzy W. Wojciechowski &#8211; <em>Dzia\u0142ania wojenne niemieckiej 1 Brygady Kawalerii w 1939r.<\/em><br \/>\nErik Jakobsons, Krzysztof Filipow \u2013 <em>\u0141otysze- Kawalerowie Krzy\u017ca Virtuti Militari<\/em><br \/>\nKazimierz Cimochowicz &#8211;<em> Moje wspomnienia<\/em><\/p>\n<p><strong>Zbiory:<\/strong><br \/>\nWojciech Bra\u0144ski \u2013 <em>Pi\u0142sudczana w zbiorach Muzeum Wojska w Bia\u0142ymstoku<\/em><br \/>\nUrszula Kra\u015bnicka \u2013 <em>Obraz Jerzego Kossaka \u201eBitwa pod Kutnem\u201d<\/em><br \/>\nSylwia Filon \u2013 <em>Dywany dwuosnowowe w galerii \u201e\u017bo\u0142nierz polski w sztuce ludowej\u201d Muzeum Wojska w Bia\u0142ymstoku<\/em><br \/>\nMaciej Markowski \u2013 <em>Rewolwery XIX-wieczne w zbiorach Muzeum Wojska w Bia\u0142ymstoku<\/em><\/p>\n<p><strong>Sprawozdania, Polemiki:<\/strong><br \/>\nKazimierz Cimochowicz \u2013<em> Prasa konspiracyjna \u2013 polemiki<\/em><br \/>\nMarek Gajewski &#8211; <em>Sprawozdanie z konferencji \u201eDzieje tkactwa i ubior\u00f3w na obszarze dawnych Prus Wschodnich\u201d<\/em> <em>zorganizowanej przez Muzeum Kultury Ludowej w W\u0119gorzewie<\/em><br \/>\nUrszula Kra\u015bnicka \u2013 <em>\u201ePoci\u0105gi pancerne (1918-1945)\u201d konferencja naukowa zorganizowane przez O\u015brodek Bada\u0144 Historii Wojskowej Muzeum Wojska w Bia\u0142ymstoku<\/em><br \/>\nPawe\u0142 Matyszkiewicz \u2013 <em>Powstanie Ko\u015bciuszkowskie 1794. Z dziej\u00f3w polityczno-spo\u0142ecznych \u00a0<\/em><\/p>\n<p>&nbsp;<\/p>\n<p>&nbsp;<\/p>\n<p>&nbsp;<\/p>\n<p>&nbsp;<\/p>\n<p>&nbsp;<\/p>\n","protected":false},"excerpt":{"rendered":"<p>&#8222;Zeszyt Naukowy Muzeum Wojska&#8221;, nr 13, Bia\u0142ystok 2000 T.13, 211 str., fot. cz\/b., cena: 5,00 z\u0142 &nbsp; &nbsp; &nbsp; &nbsp; &nbsp; &nbsp; &nbsp; &nbsp; Spis tre\u015bci: Artyku\u0142y: Ariusz Ma\u0142ek \u2013 Tatarzy w Nowych Prusach Wschodnich Antoni Giza &#8211; Morski epizod powstania styczniowego w ca\u0142okszta\u0142cie rosyjskiej polityki ba\u0142tyckiej II po\u0142owy XIX wieku. Mieczys\u0142aw Wrzosek \u2013 Powo\u0142anie [&hellip;]<\/p>\n","protected":false},"author":2,"featured_media":0,"parent":22,"menu_order":0,"comment_status":"closed","ping_status":"closed","template":"","meta":{"ngg_post_thumbnail":0,"h5ap_radio_sources":[],"_vp_format_video_url":"","_vp_image_focal_point":[],"footnotes":""},"class_list":["post-385","page","type-page","status-publish","hentry"],"_links":{"self":[{"href":"https:\/\/mwb.com.pl\/mwb2017\/wp-json\/wp\/v2\/pages\/385","targetHints":{"allow":["GET"]}}],"collection":[{"href":"https:\/\/mwb.com.pl\/mwb2017\/wp-json\/wp\/v2\/pages"}],"about":[{"href":"https:\/\/mwb.com.pl\/mwb2017\/wp-json\/wp\/v2\/types\/page"}],"author":[{"embeddable":true,"href":"https:\/\/mwb.com.pl\/mwb2017\/wp-json\/wp\/v2\/users\/2"}],"replies":[{"embeddable":true,"href":"https:\/\/mwb.com.pl\/mwb2017\/wp-json\/wp\/v2\/comments?post=385"}],"version-history":[{"count":8,"href":"https:\/\/mwb.com.pl\/mwb2017\/wp-json\/wp\/v2\/pages\/385\/revisions"}],"predecessor-version":[{"id":466,"href":"https:\/\/mwb.com.pl\/mwb2017\/wp-json\/wp\/v2\/pages\/385\/revisions\/466"}],"up":[{"embeddable":true,"href":"https:\/\/mwb.com.pl\/mwb2017\/wp-json\/wp\/v2\/pages\/22"}],"wp:attachment":[{"href":"https:\/\/mwb.com.pl\/mwb2017\/wp-json\/wp\/v2\/media?parent=385"}],"curies":[{"name":"wp","href":"https:\/\/api.w.org\/{rel}","templated":true}]}}