{"id":38,"date":"2017-02-28T13:12:42","date_gmt":"2017-02-28T12:12:42","guid":{"rendered":"http:\/\/mwb.com.pl\/mwb2017\/?page_id=38"},"modified":"2023-04-12T14:52:55","modified_gmt":"2023-04-12T12:52:55","slug":"ekspozycje-planszowe","status":"publish","type":"page","link":"https:\/\/mwb.com.pl\/mwb2017\/wystawy\/ekspozycje-planszowe\/","title":{"rendered":"Ekspozycje planszowe"},"content":{"rendered":"<p>Muzeum Wojska w Bia\u0142ymstoku (MWB) prowadzi nieodp\u0142atne wypo\u017cyczenia swoich wystaw planszowych. Wszystkie koszty zwi\u0105zane z u\u017cyczeniem \u2013 w tym transport \u2013 s\u0105 w gestii instytucji wypo\u017cyczaj\u0105cych. Odbiory i zwroty prowadzone s\u0105 w budynku MWB (Bia\u0142ystok, ul. Kili\u0144skiego 7) po uprzednim uzgodnieniu terminu.<\/p>\n<p>Kontakt:<br \/>\nPiotr Januszek<br \/>\ntel: 85 741 64 49 wew. 13<br \/>\nemail: pjanuszek@mwb.com.pl<\/p>\n<p>Z ofert\u0105 impresaryjn\u0105 mo\u017cna zapozna\u0107 si\u0119, przegl\u0105daj\u0105c poni\u017csze zestawienia:<\/p>\n<h4>Wystawy wydrukowane do wypo\u017cyczenia<\/h4>\n<p><img decoding=\"async\" src=\"https:\/\/mwb.com.pl\/mwb2017\/wp-content\/uploads\/2020\/03\/zwierz.jpg\" alt=\"Zwierz\u0119ta maskotki w Polskich Si\u0142ach Zbrojnych w latach 1918 - 1945\" style=\"width:35%; margin-right:15px; margin-bottom:15px; float:left;\"><\/p>\n<p>&#8222;Zwierz\u0119ta maskotki w Polskich Si\u0142ach Zbrojnych w latach 1918 &#8211; 1945&#8221;<\/p>\n<p>Wystawa plenerowa z Instytutu Polskiego i Muzeum im. gen. Sikorskiego z Londynu o zwierz\u0119tach \u2013 maskotkach, kt\u00f3re s\u0142u\u017cy\u0142y w armiach na ca\u0142ym \u015bwiecie, wzbogacona o w\u0105tki bia\u0142ostockie. Zwierz\u0119ta od wiek\u00f3w pomaga\u0142y cz\u0142owiekowi. Pilnowa\u0142y dobytku, transportowa\u0142y r\u00f3\u017cne materia\u0142y, przenosi\u0142y wiadomo\u015bci, a tak\u017ce bra\u0142y udzia\u0142 w konfliktach zbrojnych. W wojsku s\u0142u\u017cy\u0142y i s\u0142u\u017c\u0105 wspieraj\u0105c \u017co\u0142nierzy. Cz\u0119sto gin\u0119\u0142y jak oni, bohatersko lub przez nieuwag\u0119, wykonuj\u0105c rozkazy prze\u0142o\u017conych. W dow\u00f3d uznania otrzyma\u0142y medale i pa\u0144stwowe odznaczenia. A jednak tak ma\u0142o o nich wiemy.&nbsp;&nbsp;Na wystawie pokazujemy zar\u00f3wno te kt\u00f3re s\u0142u\u017cy\u0142y w pierwszej linii jak i te, kt\u00f3re podnosi\u0142y morale \u017co\u0142nierzy b\u0119d\u0105c symbolami poszczeg\u00f3lnych jednostek.<\/p>\n<p>(12 plansz PCV o wymiarach 100 x 70&nbsp; grubo\u015b\u0107 5 mm)<\/p>\n<hr style=\"width:100%; border: 1 solid grey;\">\n<p><img decoding=\"async\" src=\"http:\/\/mwb.com.pl\/mwb2017\/wp-content\/uploads\/2017\/02\/fotoeseje-01-225x300.jpg\" alt=\"Plansza wystawy S\u0142owo historii. Fotoeseje\" style=\"width:35%; margin-right:15px; margin-bottom:15px; float:left;\"><\/p>\n<p>\u201eS\u0142owo historii. Fotoeseje\u201d<\/p>\n<p>Podstaw\u0105 wystawy jest album fotograficzny, jaki trafi\u0142 do zbior\u00f3w Muzeum Wojska w Bia\u0142ymstoku. Przedmiot anonimowy, z nieznanym nazwiskiem tw\u00f3rcy, a przede wszystkim bez nazwisk bohater\u00f3w uwiecznionych na zdj\u0119ciach. Analiza historyczna materia\u0142u pomog\u0142a ustali\u0107, \u017ce to swoisty fotoreporta\u017c, dokumentuj\u0105cy w\u0119dr\u00f3wk\u0119 polskich repatriant\u00f3w z ZSRR z lat 1921-1924. Ich histori\u0119 spr\u00f3bowali opowiedzie\u0107 znani polscy pisarze: Filip Springer, Micha\u0142 Olszewski, Daniel Odija, Ilona Wi\u015bniewska, Wojciech Nowicki, Piotr Nesterowicz.<\/p>\n<p>(8 dwustronnych plansz o wymiarach 100&#215;150 cm, drukowanych na siatce bilbordowej; ekspozycja montowana na specjalnym stela\u017cu wypo\u017cyczanym razem z wystaw\u0105)<\/p>\n<hr style=\"width:100%; border: 1 solid grey;\">\n<p><img decoding=\"async\" src=\"http:\/\/mwb.com.pl\/mwb2017\/wp-content\/uploads\/2017\/02\/Monte-cassino-01-212x300.jpg\" alt=\"Plansza wystawy Monte Cassino\" style=\"width:35%; margin-right:15px; margin-bottom:15px; float:left;\" >\u201eMonte Cassino 1944\u201d<\/p>\n<p>Po podpisaniu uk\u0142adu Sikorski-Majski, na terenie Zwi\u0105zku Sowieckiego rozpocz\u0119\u0142o si\u0119 formowanie polskiej armii, pod dow\u00f3dztwem genera\u0142a W\u0142adys\u0142awa Andersa. Z teren\u00f3w ZSRS \u017co\u0142nierzy przegrupowano do Iraku nast\u0119pnie Palestyny, Egiptu a\u017c wreszcie do W\u0142och. Tu w 1944 roku Wojsko Polskie wzi\u0119\u0142o udzia\u0142 w szturmie na Monte Cassino.<\/p>\n<p>(16 plansz o wymiarach 70X100 cm, drukowanych na siatce bilbordowej; dzi\u0119ki \u201eoczkom szewskim\u201d istnieje mo\u017cliwo\u015b\u0107 monta\u017cu w dowolny, preferowany spos\u00f3b)<\/p>\n<hr style=\"width:100%; border: 1 solid grey;\">\n<p><img decoding=\"async\" src=\"http:\/\/mwb.com.pl\/mwb2017\/wp-content\/uploads\/2017\/02\/sikorski-212x300.jpg\" alt=\"\" style=\"width:35%; margin-right:15px; margin-bottom:15px; float:left;\"><\/p>\n<p>\u201eW\u0142adys\u0142aw Eugeniusz Sikorski 1881-1943&#8243;<\/p>\n<p>Wystawa przedstawia biografi\u0119 polskiego polityka, wojskowego, gen. broni Wojska Polskiego, Naczelnego Wodza PSZ i premiera RP na Uchod\u017astwie. Walczy\u0142 w Legionach Polskich. Odegra\u0142 znacz\u0105c\u0105 rol\u0119 w Bitwie Warszawskiej w 1920 r. By\u0142 zwolennikiem przywr\u00f3cenia stosunk\u00f3w dyplomatycznych pomi\u0119dzy Polsk\u0105 a ZSRS. Zgin\u0105\u0142 w katastrofie gibraltarskiej, kt\u00f3rej do tej pory w pe\u0142ni nie wyja\u015bniono.<\/p>\n<p>(19 kolorowych plansz o wymiarach 70\/100 cm, drukowanych na siatce bilbordowej; cztery k\u00f3\u0142ka na rogach plansz daj\u0105 mo\u017cliwo\u015b\u0107 zawiedzenia w dowolny preferowany spos\u00f3b.)<\/p>\n<p>&nbsp;<\/p>\n<h4>Wystawy do samodzielnego wydruku<\/h4>\n<p>W celu wypo\u017cyczenia prosimy o kontakt z Piotrem Januszkiem tel: 85 741 64 49 wew. 13,<br \/>\nemail: pjanuszek@mwb.com.pl.<\/p>\n<p>&nbsp;<\/p>\n<p><img decoding=\"async\" src=\"https:\/\/mwb.com.pl\/mwb2017\/wp-content\/uploads\/plansze\/1_Katyn.jpg\" alt=\"Katy\u0144 1940 \u2013 2020\" style=\"width:35%; margin-right:15px; margin-bottom:15px; float:left;\" ><\/p>\n<p>&#8222;Katy\u0144 1940 \u2013 2020&#8221;<\/p>\n<p>Wystawa sk\u0142ada si\u0119 z  plansz wielkoformatowych. Opowiada o polskich \u017co\u0142nierzach w niewoli sowieckiej w okresie od wrze\u015bnia 1939 r. do kwietnia 1940. <\/p>\n<p>12 plansz w formacie 2656&#215;2656 mm, pliki .tif<\/p>\n<hr style=\"width:100%; border: 1 solid grey;\">\n<p><img decoding=\"async\" style=\"width:35%; margin-right:15px; margin-bottom:15px; float:left;\" src=\"https:\/\/mwb.com.pl\/mwb2017\/wp-content\/uploads\/plansze\/2_getto.jpg\" alt=\"Getta dawnego powiatu bia\u0142ostockiego\" ><\/p>\n<p>&#8222;Getta dawnego powiatu bia\u0142ostockiego&#8221;<\/p>\n<p>Wystawa sk\u0142ada si\u0119 z plansz (baner\u00f3w). Pokazuje losy dw\u00f3ch gett w Wasilkowie i Bia\u0142ymstoku od momentu ich utworzenia do likwidacji wraz z kompozycj\u0105 ikonograficzn\u0105. <\/p>\n<p>12 plansz w formacie 2656&#215;2656 mm, pliki .tif<\/p>\n<hr style=\"width:100%; border: 1 solid grey;\">\n<p><img decoding=\"async\" src=\"https:\/\/mwb.com.pl\/mwb2017\/wp-content\/uploads\/plansze\/3_Spektrum.jpg\" alt=\"Spectrum. Muzeum opowiedziane\" style=\"width:35%; margin-right:15px; margin-bottom:15px; float:left;\" ><\/p>\n<p>&#8222;Spectrum. Muzeum opowiedziane&#8221;<\/p>\n<p>Kolejna ods\u0142ona wystawy, kt\u00f3rej bohaterami s\u0105 go\u015bcie muzeum. Przez kilka miesi\u0119cy pytali\u015bmy osoby zwiedzaj\u0105ce ekspozycje o ich wra\u017cenia, historie zwi\u0105zane z miejscem, powody dla kt\u00f3rych nas odwiedzaj\u0105. <\/p>\n<p>18 plansz w formacie 1000&#215;1500 mm, pliki .tif<\/p>\n<hr style=\"width:100%; border: 1 solid grey;\">\n<p><img decoding=\"async\" src=\"https:\/\/mwb.com.pl\/mwb2017\/wp-content\/uploads\/plansze\/4_SMO.jpg\" alt=\"Szko\u0142y M\u0142odszych Ochotniczek\" style=\"width:35%; margin-right:15px; margin-bottom:15px; float:left;\" ><\/p>\n<p>&#8222;Szko\u0142y M\u0142odszych Ochotniczek&#8221;<\/p>\n<p>Historia dziewcz\u0105t, kt\u00f3re w latach II wojny \u015bwiatowej pobiera\u0142y nauki w junackich szko\u0142ach przy wojsku polskim. Wystawa na podstawie relacji bia\u0142ostoczan.<\/p>\n<p>8 plansz w formacie 2656&#215;2656 mm, pliki .tif<\/p>\n<hr style=\"width:100%; border: 1 solid grey;\">\n<p><img decoding=\"async\" src=\"https:\/\/mwb.com.pl\/mwb2017\/wp-content\/uploads\/plansze\/5_synowie_pulkow.jpg\" alt=\"Synowie pu\u0142ku\" style=\"width:35%; margin-right:15px; margin-bottom:15px; float:left;\" ><\/p>\n<p>&#8222;Synowie pu\u0142ku&#8221;<\/p>\n<p>Kolejna ods\u0142ona wystawy, kt\u00f3rej bohaterami s\u0105 go\u015bcie muzeum. Przez kilka miesi\u0119cy pytali\u015bmy osoby zwiedzaj\u0105ce ekspozycje o ich wra\u017cenia, historie zwi\u0105zane z miejscem, powody dla kt\u00f3rych nas odwiedzaj\u0105. <\/p>\n<p>18 plansz w formacie 1000&#215;1500 mm, pliki .tif<\/p>\n<hr style=\"width:100%; border: 1 solid grey;\">\n<p><img decoding=\"async\" src=\"https:\/\/mwb.com.pl\/mwb2017\/wp-content\/uploads\/plansze\/6_w_drodze.jpg\" alt=\"W drodze. \u017bo\u0142nierze \u00abArmii Andersa\u00bb 1941-1946\" style=\"width:35%; margin-right:15px; margin-bottom:15px; float:left;\" ><\/p>\n<p>&#8222;W drodze. \u017bo\u0142nierze \u00abArmii Andersa\u00bb 1941-1946&#8221;<\/p>\n<p>W 80. rocznic\u0119 powstania armii gen. W\u0142adys\u0142awa Andersa pokazujemy los jej \u017co\u0142nierzy. Wystawa zawiera archiwalne zdj\u0119cia \u017co\u0142nierzy i dow\u00f3dc\u00f3w \u2013 bohater\u00f3w spod Monte Cassino w wersji oryginalnej oraz kolorowanej.<\/p>\n<p>12 plansz w formacie 2656&#215;2656 mm, pliki .tif<\/p>\n<hr style=\"width:100%; border: 1 solid grey;\">\n<p><img decoding=\"async\" src=\"https:\/\/mwb.com.pl\/mwb2017\/wp-content\/uploads\/plansze\/7_Bialostocczyzna.jpg\" alt=\"Bia\u0142ostocczyzna mi\u0119dzy sierpem a swastyk\u0105 (1939 \u2013 1941)\" style=\"width:35%; margin-right:15px; margin-bottom:15px; float:left;\" ><\/p>\n<p>&#8222;Bia\u0142ostocczyzna mi\u0119dzy sierpem a swastyk\u0105 (1939 \u2013 1941)&#8221;<\/p>\n<p>Wystawa pokazuje wydarzenia z okresu 1939 1941 jako wst\u0119pu do ataku wojsk III Rzeszy na tereny podporz\u0105dkowane ZSRS. Wystawa omawia wydarzenia takie jak: pierwsze i drugie wkroczenie Sowiet\u00f3w do Bia\u0142egostoku. Por\u00f3wnuje okupacj\u0119 sowieck\u0105 i niemieck\u0105 z perspektywy mieszka\u0144c\u00f3w miasta. Wystawa wykonana w oparciu o tekst i zdj\u0119cia ze zbior\u00f3w Muzeum Wojska, Muzeum Podlaskiego oraz Bundesarchive.<\/p>\n<p>12 plansz w formacie 2656&#215;2656 mm, pliki .tif<\/p>\n<hr style=\"width:100%; border: 1 solid grey;\">\n<p><img decoding=\"async\" src=\"https:\/\/mwb.com.pl\/mwb2017\/wp-content\/uploads\/plansze\/8_powstania_slaskie.jpg\" alt=\"Do trzech razy sztuka - powstania \u015bl\u0105skie z lat 1919-1921\" style=\"width:35%; margin-right:15px; margin-bottom:15px; float:left;\" ><\/p>\n<p>&#8222;Do trzech razy sztuka &#8211; powstania \u015bl\u0105skie z lat 1919-1921&#8221;<\/p>\n<p>W maju 2021 r. obchodzili\u015bmy 100. rocznic\u0119 wybuchu III powstania \u015bl\u0105skiego, kt\u00f3re dla wielu polskich \u015al\u0105zak\u00f3w przynios\u0142o niepodleg\u0142o\u015b\u0107. Pokazujemy w fotograficznym zapisie wysi\u0142ek zbrojny powsta\u0144c\u00f3w, wspomaganych przez setki ochotnik\u00f3w z centralnych ziem pa\u0144stwa polskiego.<\/p>\n<p>12 plansz w formacie 2656&#215;2656 mm, pliki .tif<\/p>\n<hr style=\"width:100%; border: 1 solid grey;\">\n<p><img decoding=\"async\" src=\"https:\/\/mwb.com.pl\/mwb2017\/wp-content\/uploads\/plansze\/9_stan_wojenny.jpg\" alt=\"40. rocznica stanu wojennego\" style=\"width:35%; margin-right:15px; margin-bottom:15px; float:left;\" ><\/p>\n<p>&#8222;40. rocznica stanu wojennego&#8221;<\/p>\n<p>Wystawa opowiada o wydarzeniach stanu wojennego z perspektywy kraju i miasta. Wraz z tekstami historycznymi zamie\u015bcili\u015bmy wspomnienia os\u00f3b pami\u0119taj\u0105cych te wydarzenia, doros\u0142ych, jak i dzieci. Przeprowadzili\u015bmy seri\u0119 wywiad\u00f3w z bia\u0142ostoczanami pami\u0119taj\u0105cymi okres grudzie\u0144 \u2013 stycze\u0144 1981\/1982.<\/p>\n<p>8 plansz w formacie 2656&#215;2656 mm, pliki .tif<\/p>\n<hr style=\"width:100%; border: 1 solid grey;\">\n<p><img decoding=\"async\" src=\"https:\/\/mwb.com.pl\/mwb2017\/wp-content\/uploads\/plansze\/10_Sztark.jpg\" alt=\"Polski kawalerzysta por. Borys Sztark\" style=\"width:35%; margin-right:15px; margin-bottom:15px; float:left;\" ><\/p>\n<p>&#8222;Polski kawalerzysta por. Borys Sztark&#8221;<\/p>\n<p>Wystawa po\u015bwi\u0119cona porucznikowi Borysowi Sztarkowi (1906-1986) &#8211; oficerowi s\u0142u\u017cby sta\u0142ej kawalerii z przydzia\u0142em do 23. pu\u0142ku u\u0142an\u00f3w w Grodnie. \u017bo\u0142nierz kampanii wrze\u015bniowej 1939 r., w czasie konspiracji \u017co\u0142nierz &#8211; oficer AK Okr\u0119gu Wile\u0144skiego, osoba zwi\u0105zana z regionem.<\/p>\n<hr style=\"width:100%; border: 1 solid grey;\">\n<p><img decoding=\"async\" src=\"https:\/\/mwb.com.pl\/mwb2017\/wp-content\/uploads\/plansze\/11_42_pp.jpg\" alt=\"By\u0142em oficerem 42. pu\u0142ku piechoty\" style=\"width:35%; margin-right:15px; margin-bottom:15px; float:left;\" ><\/p>\n<p>&#8222;By\u0142em oficerem 42. pu\u0142ku piechoty&#8221;<\/p>\n<p>Wystawa prezentuje zbi\u00f3r 12 komplet\u00f3w fotografii &#8211; oficer\u00f3w 42. pu\u0142ku piechoty, kt\u00f3ry do 1939 r. stacjonowa\u0142 w bia\u0142ostockim garnizonie wojskowym. Ka\u017cdy komplet zawiera: fotografi\u0119 portretow\u0105 oficera wraz z podpisem biograficznym.<\/p>\n<p>20 plansz w formacie 2000&#215;2470 mm, pliki .tif<\/p>\n<hr style=\"width:100%; border: 1 solid grey;\">\n<p><img decoding=\"async\" src=\"https:\/\/mwb.com.pl\/mwb2017\/wp-content\/uploads\/plansze\/12_Bielecki.jpg\" alt=\"Bielecki. 1944\" style=\"width:35%; margin-right:15px; margin-bottom:15px; float:left;\" ><\/p>\n<p>&#8222;Bielecki. 1944&#8221;<\/p>\n<p>Wystawa planszowa ukazuje akwarele ze zbior\u00f3w Muzeum Wojska w Bia\u0142ymstoku autorstwa Waleriana Bieleckiego (1912-1969), artysty i architekta zwi\u0105zanego z naszym miastem (od 1949 r. bra\u0142 on czynny udzia\u0142 w odbudowie Bia\u0142egostoku). Walerian Bielecki by\u0142 uczestnikiem powstania warszawskiego, oficerem Armii Krajowej, ps. \u201eIn\u017cynier Jan\u201d. Jest autorem projektu \u201eKubusia\u201d, jedynego powsta\u0144czego pojazdu pancernego.<\/p>\n<p>14 plansz 1250&#215;1350 mm, jeden plik .pdf<\/p>\n","protected":false},"excerpt":{"rendered":"<p>Muzeum Wojska w Bia\u0142ymstoku (MWB) prowadzi nieodp\u0142atne wypo\u017cyczenia swoich wystaw planszowych. Wszystkie koszty zwi\u0105zane z u\u017cyczeniem \u2013 w tym transport \u2013 s\u0105 w gestii instytucji wypo\u017cyczaj\u0105cych. Odbiory i zwroty prowadzone s\u0105 w budynku MWB (Bia\u0142ystok, ul. Kili\u0144skiego 7) po uprzednim uzgodnieniu terminu. Kontakt: Piotr Januszek tel: 85 741 64 49 wew. 13 email: pjanuszek@mwb.com.pl Z [&hellip;]<\/p>\n","protected":false},"author":2,"featured_media":0,"parent":16,"menu_order":0,"comment_status":"closed","ping_status":"closed","template":"","meta":{"ngg_post_thumbnail":0,"h5ap_radio_sources":[],"_vp_format_video_url":"","_vp_image_focal_point":[],"footnotes":""},"class_list":["post-38","page","type-page","status-publish","hentry"],"_links":{"self":[{"href":"https:\/\/mwb.com.pl\/mwb2017\/wp-json\/wp\/v2\/pages\/38","targetHints":{"allow":["GET"]}}],"collection":[{"href":"https:\/\/mwb.com.pl\/mwb2017\/wp-json\/wp\/v2\/pages"}],"about":[{"href":"https:\/\/mwb.com.pl\/mwb2017\/wp-json\/wp\/v2\/types\/page"}],"author":[{"embeddable":true,"href":"https:\/\/mwb.com.pl\/mwb2017\/wp-json\/wp\/v2\/users\/2"}],"replies":[{"embeddable":true,"href":"https:\/\/mwb.com.pl\/mwb2017\/wp-json\/wp\/v2\/comments?post=38"}],"version-history":[{"count":73,"href":"https:\/\/mwb.com.pl\/mwb2017\/wp-json\/wp\/v2\/pages\/38\/revisions"}],"predecessor-version":[{"id":11261,"href":"https:\/\/mwb.com.pl\/mwb2017\/wp-json\/wp\/v2\/pages\/38\/revisions\/11261"}],"up":[{"embeddable":true,"href":"https:\/\/mwb.com.pl\/mwb2017\/wp-json\/wp\/v2\/pages\/16"}],"wp:attachment":[{"href":"https:\/\/mwb.com.pl\/mwb2017\/wp-json\/wp\/v2\/media?parent=38"}],"curies":[{"name":"wp","href":"https:\/\/api.w.org\/{rel}","templated":true}]}}