{"id":2142,"date":"2018-08-02T13:35:08","date_gmt":"2018-08-02T11:35:08","guid":{"rendered":"https:\/\/mwb.com.pl\/mwb2017\/?page_id=2142"},"modified":"2020-06-16T13:55:29","modified_gmt":"2020-06-16T11:55:29","slug":"informacja-o-przetwarzaniu-danych-osobowych-przez-muzeum-wojska-w-bialymstoku","status":"publish","type":"page","link":"https:\/\/mwb.com.pl\/mwb2017\/informacja-o-przetwarzaniu-danych-osobowych-przez-muzeum-wojska-w-bialymstoku\/","title":{"rendered":"Informacja o przetwarzaniu danych osobowych przez Muzeum Wojska w Bia\u0142ymstoku"},"content":{"rendered":"<p>Zgodnie z art.13 ust.1 i ust.2 rozporz\u0105dzenia Parlamentu Europejskiego i rady (UE) 2016\/679 z dnia 27 kwietnia 2016r. w sprawie ochrony os\u00f3b fizycznych w zwi\u0105zku z przetwarzaniem danych osobowych i w sprawie swobodnego przep\u0142ywu takich danych oraz uchylenia dyrektywy 95\/46\/WE, Dz. Urz. UE L 119 z 4.5.2016 r. (zwanym jako: RODO) informuj\u0119, \u017ce:<\/p>\n<p>1. Administratorem danych osobowych jest Muzeum Wojska w Bia\u0142ymstoku z siedzib\u0105 przy ul. Jana Kili\u0144skiego 7, 15-089 Bia\u0142ystok, NIP: 5421290558, REGON: 00067116<\/p>\n<p>2. Administrator wyznaczy\u0142 inspektora ochrony danych osobowych,  z kt\u00f3rym mo\u017cne si\u0119 skontaktowa\u0107 poprzez e-mail: iod@mwb.com.pl lub pisemnie na adres siedziby administratora z dopiskiem IOD. Z inspektorem ochrony danych osobowych mo\u017cna si\u0119 kontaktowa\u0107 we wszystkich sprawach dotycz\u0105cych przetwarzania danych osobowych oraz korzystania z praw zwi\u0105zanych z przetwarzaniem danych w Muzeum Wojska w Bia\u0142ymstoku.<\/p>\n<p>3. Dane osobowe mog\u0105 by\u0107 przetwarzane w celach realizacji statutowych dzia\u0142a\u0144 Muzeum Wojska w Bia\u0142ymstoku jako wype\u0142nienie obowi\u0105zku prawnego ci\u0105\u017c\u0105cego na Administratorze okre\u015blonego w ustawie z dnia 21 listopada 1996r. o muzeach (Dz.U.2012, poz. 987) oraz ustawy z dnia 25 pa\u017adziernika 1991r. o organizowaniu i prowadzeniu dzia\u0142alno\u015bci kulturalnej (Dz.U.2012, poz. 406) \u2013 (na podstawie Art. 6 ust. 1 lit. c og\u00f3lnego rozporz\u0105dzenia o ochronie danych osobowych z dnia 27 kwietnia 2016 r.,). Ponadto przetwarzanie mo\u017ce odbywa\u0107 si\u0119 dodatkowo na podstawie:<br \/>\nA. dla potrzeb rekrutacji &#8211; na podstawie Art. 6 ust. 1 lit. a i c og\u00f3lnego rozporz\u0105dzenia o ochronie danych osobowych z dnia 27 kwietnia 2016 r.,<br \/>\nB. zawierania i wykonywania um\u00f3w &#8211; na podstawie art. 6 ust. 1 lit. b og\u00f3lnego rozporz\u0105dzenia o ochronie danych osobowych z dnia 27 kwietnia 2016 r.,<br \/>\nC. realizacja dzia\u0142alno\u015bci edukacyjnej &#8211; na podstawie art. 6 ust. 1 lit. e og\u00f3lnego rozporz\u0105dzenia o ochronie danych osobowych z dnia 27 kwietnia 2016 r.,<br \/>\nD. realizacja dzia\u0142alno\u015bci wystawienniczej na podstawie art. 6 ust. 1 lit. d i e og\u00f3lnego rozporz\u0105dzenia o ochronie danych osobowych z dnia 27 kwietnia 2016 r.,<br \/>\nE. w celu ochrony mienia oraz zapewnienia bezpiecze\u0144stwa zwiedzaj\u0105cych na terenie monitorowanym &#8211; na podstawie art. 6 ust. 1 lit. d i e og\u00f3lnego rozporz\u0105dzenia o ochronie danych osobowych z dnia 27 kwietnia 2016 r.,<br \/>\nF. w celach nawi\u0105zania kontaktu &#8211; na podstawie Art. 6 ust. 1 lit. f og\u00f3lnego rozporz\u0105dzenia o ochronie danych osobowych z dnia 27 kwietnia 2016 r. jako usprawiedliwionego interesu administratora,<br \/>\nG. w celach informacyjnych &#8211; na podstawie art. 6 ust. 1 lit. a lub lit. d i e og\u00f3lnego rozporz\u0105dzenia o ochronie danych osobowych z dnia 27 kwietnia 2016 r.,<br \/>\nH. w celach realizacji zam\u00f3wienia &#8211; na podstawie Art. 6 ust. 1 lit. b og\u00f3lnego rozporz\u0105dzenia o ochronie danych osobowych z dnia 27 kwietnia 2016 r.,<br \/>\nI. realizacja zada\u0144 zwi\u0105zanych z przeprowadzeniem bada\u0144 naukowych &#8211; na podstawie art. 6 ust. 1 lit. d i e og\u00f3lnego rozporz\u0105dzenia o ochronie danych osobowych z dnia 27 kwietnia 2016 r.,<br \/>\nJ. w celach dochodzenia lub zabezpieczenia roszcze\u0144 &#8211; na podstawie art. 6 ust. 1 lit. f og\u00f3lnego rozporz\u0105dzenia o ochronie danych osobowych z dnia 27 kwietnia 2016 r.,<br \/>\nK. w celach zwi\u0105zanych z przeprowadzeniem uroczysto\u015bci &#8211; na podstawie art. 6 ust. 1 lit. e og\u00f3lnego rozporz\u0105dzenia o ochronie danych osobowych z dnia 27 kwietnia 2016 r.,<br \/>\nL. w celach realizacji zada\u0144 zwi\u0105zanych z wizerunkiem Muzeum Wojska w Bia\u0142ymstoku &#8211; na podstawie art. 6 ust. 1 lit. d i e og\u00f3lnego rozporz\u0105dzenia o ochronie danych osobowych z dnia 27 kwietnia 2016 r.,<br \/>\nM. w celach rezerwacji bilet\u00f3w wst\u0119pu do Muzeum Wojska w Bia\u0142ymstoku &#8211; na podstawie art. 6 ust. 1 lit. b og\u00f3lnego rozporz\u0105dzenia o ochronie danych osobowych z dnia 27 kwietnia 2016 r.,<\/p>\n<p>4. Odbiorc\u0105 danych osobowych mog\u0105 by\u0107 wszystkie podmioty powi\u0105zane z Administratorem w celu wype\u0142niania obowi\u0105zk\u00f3w oraz podmioty uprawnione do uzyskania danych na podstawie obowi\u0105zuj\u0105cego prawa \u2013 tylko w przypadku, gdy wyst\u0105pi\u0105 z \u017c\u0105daniem w oparciu o stosowne podstawy prawne.<\/p>\n<p>5. Dane osobowe zebrane przez Muzeum nie s\u0105 przekazywane ani do Pa\u0144stw Trzecich, tj. poza Europejski Obszar Gospodarczy (EOG) ani poza organizacje mi\u0119dzynarodowe.<\/p>\n<p>6. Dane osobowe przetwarzane s\u0105 przez czas, kt\u00f3ry jest niezb\u0119dny, aby osi\u0105gn\u0105\u0107 wyznaczony cel, jakim jest prowadzenie dzia\u0142alno\u015bci statutowej w oparciu o przepisy ustawy. W niekt\u00f3rych przypadkach, w tym zw\u0142aszcza gdy przetwarzanie wynika\u0107 b\u0119dzie z obowi\u0105zku prawnego ci\u0105\u017c\u0105cego na Administratorze okre\u015blonego zw\u0142aszcza w ustawie z dnia 21 listopada 1996 r. o muzeach (Dz.U. 2012, poz. 987) oraz ustawie z dnia 25 pa\u017adziernika 1991 r. o organizowaniu i prowadzeniu dzia\u0142alno\u015bci kulturalnej (Dz. U. 2012, poz. 406) &#8211;  (art. 6 ust. 1 lit.c RODO), dane nie b\u0119d\u0105 mog\u0142y podlega\u0107 usuni\u0119ciu lub zniszczeniu oraz przenoszeniu. W niekt\u00f3rych przypadkach, o ile b\u0119dzie to dopuszczalne przez przepisy reguluj\u0105ce dzia\u0142alno\u015b\u0107 statutow\u0105 Muzeum, okres przetwarzania danych osobowych b\u0119dzie zgodny z okresem obowi\u0105zywania umowy b\u0105d\u017a udzielenia zgody na przetwarzanie danych oraz z okresem dochodzenia roszcze\u0144 z tego tytu\u0142u lub przez okres niezb\u0119dny do wype\u0142nienia obowi\u0105zku prawnego przez Muzeum wynikaj\u0105cego z przepis\u00f3w kancelaryjno-archiwalnych,<\/p>\n<p>7. Zgodnie z obowi\u0105zuj\u0105cymi przepisami (art. 12-22 RODO) w zwi\u0105zku z przetwarzaniem przez Muzeum danych osobowych przys\u0142uguje Pa\u0144stwu:<br \/>\nA. prawo do informacji o przetwarzaniu Pani\/Pana danych osobowych oraz prawo dost\u0119pu do nich,<br \/>\nB. prawo do sprostowania danych,<br \/>\nC. prawo do ograniczenia przetwarzania,<br \/>\nD. prawo sprzeciwu wobec przetwarzania danych,<br \/>\nE. prawo wniesienia skargi do Prezesa Urz\u0119du Ochrony Danych Osobowych, gdy uznacie Pa\u0144stwo, \u017ce przetwarzanie danych osobowych narusza zapisy RODO<\/p>\n<p>8. Podanie przez Pa\u0144stwa danych osobowych stanowi warunek realizacji cel\u00f3w okre\u015blonych w pkt. 4. Jeste\u015bcie Pa\u0144stwo zobowi\u0105zani do ich podania, a konsekwencj\u0105 ich niepodania b\u0119dzie brak mo\u017cliwo\u015bci podj\u0119cia dzia\u0142a\u0144 zmierzaj\u0105cych do realizacji cel\u00f3w okre\u015blonych w pkt. 4.<\/p>\n<p>9. Zebrane dane osobowe nie b\u0119d\u0105 podlega\u0142y zautomatyzowanemu podejmowaniu decyzji, w tym profilowaniu. <\/p>\n","protected":false},"excerpt":{"rendered":"<p>Zgodnie z art.13 ust.1 i ust.2 rozporz\u0105dzenia Parlamentu Europejskiego i rady (UE) 2016\/679 z dnia 27 kwietnia 2016r. w sprawie ochrony os\u00f3b fizycznych w zwi\u0105zku z przetwarzaniem danych osobowych i w sprawie swobodnego przep\u0142ywu takich danych oraz uchylenia dyrektywy 95\/46\/WE, Dz. Urz. UE L 119 z 4.5.2016 r. (zwanym jako: RODO) informuj\u0119, \u017ce: 1. Administratorem [&hellip;]<\/p>\n","protected":false},"author":1,"featured_media":0,"parent":0,"menu_order":0,"comment_status":"closed","ping_status":"closed","template":"","meta":{"ngg_post_thumbnail":0,"h5ap_radio_sources":[],"_vp_format_video_url":"","_vp_image_focal_point":[],"footnotes":""},"class_list":["post-2142","page","type-page","status-publish","hentry"],"_links":{"self":[{"href":"https:\/\/mwb.com.pl\/mwb2017\/wp-json\/wp\/v2\/pages\/2142","targetHints":{"allow":["GET"]}}],"collection":[{"href":"https:\/\/mwb.com.pl\/mwb2017\/wp-json\/wp\/v2\/pages"}],"about":[{"href":"https:\/\/mwb.com.pl\/mwb2017\/wp-json\/wp\/v2\/types\/page"}],"author":[{"embeddable":true,"href":"https:\/\/mwb.com.pl\/mwb2017\/wp-json\/wp\/v2\/users\/1"}],"replies":[{"embeddable":true,"href":"https:\/\/mwb.com.pl\/mwb2017\/wp-json\/wp\/v2\/comments?post=2142"}],"version-history":[{"count":2,"href":"https:\/\/mwb.com.pl\/mwb2017\/wp-json\/wp\/v2\/pages\/2142\/revisions"}],"predecessor-version":[{"id":5474,"href":"https:\/\/mwb.com.pl\/mwb2017\/wp-json\/wp\/v2\/pages\/2142\/revisions\/5474"}],"wp:attachment":[{"href":"https:\/\/mwb.com.pl\/mwb2017\/wp-json\/wp\/v2\/media?parent=2142"}],"curies":[{"name":"wp","href":"https:\/\/api.w.org\/{rel}","templated":true}]}}