{"id":14596,"date":"2025-08-26T10:15:42","date_gmt":"2025-08-26T08:15:42","guid":{"rendered":"https:\/\/mwb.com.pl\/mwb2017\/?page_id=14596"},"modified":"2025-08-26T10:15:42","modified_gmt":"2025-08-26T08:15:42","slug":"dezinformacja-jako-bron-i-narzedzie-rezimu-od-propagandy-do-fake-newsow","status":"publish","type":"page","link":"https:\/\/mwb.com.pl\/mwb2017\/oferta\/edukacja\/dezinformacja-jako-bron-i-narzedzie-rezimu-od-propagandy-do-fake-newsow\/","title":{"rendered":"Dezinformacja jako bro\u0144 i narz\u0119dzie re\u017cimu \u2013 Od propagandy do fake news\u00f3w"},"content":{"rendered":"<p><strong>Poziom edukacji: KLASY VII &#8211; VIII i SZKO\u0141Y PONADPODSTAWOWE<\/strong><\/p>\n<p>Zaj\u0119cia po\u015bwi\u0119cone dezinformacji to dynamiczne spotkanie, podczas kt\u00f3rego uczniowie odkrywaj\u0105, jak informacja mo\u017ce sta\u0107 si\u0119 broni\u0105 \u2013 zar\u00f3wno w czasie wojen, jak i dzi\u015b, w mediach i Internecie. Wsp\u00f3lnie analizujemy tre\u015bci propagandowe z XX wieku, \u0107wiczymy \u201eg\u0142uchy telefon\u201d, by zrozumie\u0107, jak \u0142atwo zniekszta\u0142ca si\u0119 przekaz, a w grupach pr\u00f3bujemy oddzieli\u0107 prawd\u0119 od fa\u0142szu, pracuj\u0105c na prawdziwych i zmanipulowanych artyku\u0142ach. Zaj\u0119cia ucz\u0105 krytycznego my\u015blenia, pokazuj\u0105 mechanizmy manipulacji i uzmys\u0142awiaj\u0105, jak wa\u017cne jest weryfikowanie informacji, kt\u00f3rymi codziennie jeste\u015bmy otaczani. To nie tylko lekcja historii i medi\u00f3w \u2013 to trening odporno\u015bci na fake newsy.<\/p>\n<div align=\"center\"><a href=\"https:\/\/mwb.com.pl\/rezerwacja\/klasy-vii-viii\/dezinformacja-jako-bron-i-narzedzie-rezimu-od-propagandy-do-fake-newsow\/\" target=\"_blank\" rel=\"noopener noreferrer\"><img decoding=\"async\" class=\"aligncenter wp-image-2736 size-thumbnail\" src=\"https:\/\/mwb.com.pl\/mwb2017\/wp-content\/uploads\/2019\/01\/booking-150x150.png\" alt=\"ikona rezerwacji\" width=\"150\" height=\"150\" srcset=\"https:\/\/mwb.com.pl\/mwb2017\/wp-content\/uploads\/2019\/01\/booking-150x150.png 150w, https:\/\/mwb.com.pl\/mwb2017\/wp-content\/uploads\/2019\/01\/booking.png 256w\" sizes=\"(max-width: 150px) 100vw, 150px\" \/><br \/>\nZarezerwuj online<\/a><\/div>\n","protected":false},"excerpt":{"rendered":"<p>Poziom edukacji: KLASY VII &#8211; VIII i SZKO\u0141Y PONADPODSTAWOWE Zaj\u0119cia po\u015bwi\u0119cone dezinformacji to dynamiczne spotkanie, podczas kt\u00f3rego uczniowie odkrywaj\u0105, jak informacja mo\u017ce sta\u0107 si\u0119 broni\u0105 \u2013 zar\u00f3wno w czasie wojen, jak i dzi\u015b, w mediach i Internecie. Wsp\u00f3lnie analizujemy tre\u015bci propagandowe z XX wieku, \u0107wiczymy \u201eg\u0142uchy telefon\u201d, by zrozumie\u0107, jak \u0142atwo zniekszta\u0142ca si\u0119 przekaz, a [&hellip;]<\/p>\n","protected":false},"author":1,"featured_media":0,"parent":18,"menu_order":0,"comment_status":"closed","ping_status":"closed","template":"","meta":{"ngg_post_thumbnail":0,"h5ap_radio_sources":[],"_vp_format_video_url":"","_vp_image_focal_point":[],"footnotes":""},"class_list":["post-14596","page","type-page","status-publish","hentry"],"_links":{"self":[{"href":"https:\/\/mwb.com.pl\/mwb2017\/wp-json\/wp\/v2\/pages\/14596","targetHints":{"allow":["GET"]}}],"collection":[{"href":"https:\/\/mwb.com.pl\/mwb2017\/wp-json\/wp\/v2\/pages"}],"about":[{"href":"https:\/\/mwb.com.pl\/mwb2017\/wp-json\/wp\/v2\/types\/page"}],"author":[{"embeddable":true,"href":"https:\/\/mwb.com.pl\/mwb2017\/wp-json\/wp\/v2\/users\/1"}],"replies":[{"embeddable":true,"href":"https:\/\/mwb.com.pl\/mwb2017\/wp-json\/wp\/v2\/comments?post=14596"}],"version-history":[{"count":1,"href":"https:\/\/mwb.com.pl\/mwb2017\/wp-json\/wp\/v2\/pages\/14596\/revisions"}],"predecessor-version":[{"id":14597,"href":"https:\/\/mwb.com.pl\/mwb2017\/wp-json\/wp\/v2\/pages\/14596\/revisions\/14597"}],"up":[{"embeddable":true,"href":"https:\/\/mwb.com.pl\/mwb2017\/wp-json\/wp\/v2\/pages\/18"}],"wp:attachment":[{"href":"https:\/\/mwb.com.pl\/mwb2017\/wp-json\/wp\/v2\/media?parent=14596"}],"curies":[{"name":"wp","href":"https:\/\/api.w.org\/{rel}","templated":true}]}}