{"id":14591,"date":"2025-08-26T10:10:54","date_gmt":"2025-08-26T08:10:54","guid":{"rendered":"https:\/\/mwb.com.pl\/mwb2017\/?page_id=14591"},"modified":"2025-08-26T10:11:54","modified_gmt":"2025-08-26T08:11:54","slug":"miasto-dwoch-okupacji-1939-1944-2","status":"publish","type":"page","link":"https:\/\/mwb.com.pl\/mwb2017\/oferta\/edukacja\/miasto-dwoch-okupacji-1939-1944-2\/","title":{"rendered":"Miasto dw\u00f3ch okupacji 1939-1944"},"content":{"rendered":"<p><strong>Poziom edukacji: KLASY VII &#8211; VIII i SZKO\u0141Y PONADPODSTAWOWE<\/strong><\/p>\n<p>W czasie wojny mieszka\u0144cy Bia\u0142egostoku do\u015bwiadczyli okupacji dw\u00f3ch totalitarnych re\u017cim\u00f3w. Podczas warsztat\u00f3w uczestnicy, pracuj\u0105c na tabletach, odnajd\u0105 na muzealnych ekspozycjach odniesienia do wydarze\u0144, kt\u00f3re drastycznie zmienia\u0142y sytuacj\u0119 mieszka\u0144c\u00f3w miasta i okolic. Zaj\u0119cia maj\u0105 na celu zapoznanie uczni\u00f3w z wydarzeniami towarzysz\u0105cymi drugiej wojnie \u015bwiatowej oraz ich konsekwencjami. <\/p>\n<div align=\"center\"><a href=\"https:\/\/mwb.com.pl\/rezerwacja\/klasy-vii-viii\/miasto-dwoch-okupacji-1939-1944\/\" target=\"_blank\" rel=\"noopener noreferrer\"><img decoding=\"async\" class=\"aligncenter wp-image-2736 size-thumbnail\" src=\"https:\/\/mwb.com.pl\/mwb2017\/wp-content\/uploads\/2019\/01\/booking-150x150.png\" alt=\"ikona rezerwacji\" width=\"150\" height=\"150\" srcset=\"https:\/\/mwb.com.pl\/mwb2017\/wp-content\/uploads\/2019\/01\/booking-150x150.png 150w, https:\/\/mwb.com.pl\/mwb2017\/wp-content\/uploads\/2019\/01\/booking.png 256w\" sizes=\"(max-width: 150px) 100vw, 150px\" \/><br \/>\nZarezerwuj online<\/a><\/div>\n","protected":false},"excerpt":{"rendered":"<p>Poziom edukacji: KLASY VII &#8211; VIII i SZKO\u0141Y PONADPODSTAWOWE W czasie wojny mieszka\u0144cy Bia\u0142egostoku do\u015bwiadczyli okupacji dw\u00f3ch totalitarnych re\u017cim\u00f3w. Podczas warsztat\u00f3w uczestnicy, pracuj\u0105c na tabletach, odnajd\u0105 na muzealnych ekspozycjach odniesienia do wydarze\u0144, kt\u00f3re drastycznie zmienia\u0142y sytuacj\u0119 mieszka\u0144c\u00f3w miasta i okolic. Zaj\u0119cia maj\u0105 na celu zapoznanie uczni\u00f3w z wydarzeniami towarzysz\u0105cymi drugiej wojnie \u015bwiatowej oraz ich konsekwencjami. [&hellip;]<\/p>\n","protected":false},"author":1,"featured_media":0,"parent":18,"menu_order":0,"comment_status":"closed","ping_status":"closed","template":"","meta":{"ngg_post_thumbnail":0,"h5ap_radio_sources":[],"_vp_format_video_url":"","_vp_image_focal_point":[],"footnotes":""},"class_list":["post-14591","page","type-page","status-publish","hentry"],"_links":{"self":[{"href":"https:\/\/mwb.com.pl\/mwb2017\/wp-json\/wp\/v2\/pages\/14591","targetHints":{"allow":["GET"]}}],"collection":[{"href":"https:\/\/mwb.com.pl\/mwb2017\/wp-json\/wp\/v2\/pages"}],"about":[{"href":"https:\/\/mwb.com.pl\/mwb2017\/wp-json\/wp\/v2\/types\/page"}],"author":[{"embeddable":true,"href":"https:\/\/mwb.com.pl\/mwb2017\/wp-json\/wp\/v2\/users\/1"}],"replies":[{"embeddable":true,"href":"https:\/\/mwb.com.pl\/mwb2017\/wp-json\/wp\/v2\/comments?post=14591"}],"version-history":[{"count":2,"href":"https:\/\/mwb.com.pl\/mwb2017\/wp-json\/wp\/v2\/pages\/14591\/revisions"}],"predecessor-version":[{"id":14593,"href":"https:\/\/mwb.com.pl\/mwb2017\/wp-json\/wp\/v2\/pages\/14591\/revisions\/14593"}],"up":[{"embeddable":true,"href":"https:\/\/mwb.com.pl\/mwb2017\/wp-json\/wp\/v2\/pages\/18"}],"wp:attachment":[{"href":"https:\/\/mwb.com.pl\/mwb2017\/wp-json\/wp\/v2\/media?parent=14591"}],"curies":[{"name":"wp","href":"https:\/\/api.w.org\/{rel}","templated":true}]}}