{"id":13800,"date":"2025-01-16T10:36:01","date_gmt":"2025-01-16T09:36:01","guid":{"rendered":"https:\/\/mwb.com.pl\/mwb2017\/?page_id=13800"},"modified":"2025-01-16T10:45:41","modified_gmt":"2025-01-16T09:45:41","slug":"wrzesien-1939-wirtualnie","status":"publish","type":"page","link":"https:\/\/mwb.com.pl\/mwb2017\/oferta\/edukacja\/wrzesien-1939-wirtualnie\/","title":{"rendered":"Wrzesie\u0144 1939 wirtualnie"},"content":{"rendered":"<p><strong>Poziom edukacji: KLASY VII \u2013 VIII, SZKO\u0141Y \u015aREDNIE<\/strong><\/p>\n<p>Czas trwania zaj\u0119\u0107: 60 minut.<br \/>\nIlo\u015b\u0107 uczestnik\u00f3w: do 30 os\u00f3b.<br \/>\nForma realizacji: stacjonarnie lub online.<br \/>\nCena: bezp\u0142atnie <\/p>\n<p>Celem warsztat\u00f3w jest przybli\u017cenie m\u0142odzie\u017cy wydarze\u0144 zwi\u0105zanych z wybuchem II wojny \u015bwiatowej, ze szczeg\u00f3lnym uwzgl\u0119dnieniem wojny obronnej 1939. Poprzez interaktywne \u0107wiczenia, kt\u00f3re \u0142\u0105cz\u0105 tradycyjne metody edukacyjne z nowoczesnymi technologiami, warsztaty umo\u017cliwiaj\u0105 pog\u0142\u0119bienie wiedzy historycznej oraz rozw\u00f3j umiej\u0119tno\u015bci analizy \u017ar\u00f3de\u0142. Uczestnicy, pracuj\u0105c w zespo\u0142ach, b\u0119d\u0105 analizowa\u0107 archiwalne zdj\u0119cia, wirtualnie zwiedza\u0107 wystaw\u0119 muzealn\u0105 oraz dzi\u0119ki modelom 3d poznawa\u0107 wyj\u0105tkowe obiekty muzealne. Poznaj\u0105 bli\u017cej histori\u0119, ale te\u017c dowiedz\u0105 si\u0119 jak korzysta\u0107 z nowych technologii w spos\u00f3b kreatywny.<\/p>\n<p>Warsztaty opracowane w ramach przedsi\u0119wzi\u0119cia \u201eWirtualna edukacja w Muzeum Wojska w Bia\u0142ymstoku\u201d, sfinansowanego ze \u015brodk\u00f3w Unii Europejskiej. <\/p>\n<div align=\"center\"><a href=\"https:\/\/mwb.com.pl\/rezerwacja\/klasy-vii-viii\/wrzesien-1939-wirtualnie\/\" target=\"_blank\" rel=\"noopener noreferrer\"><img decoding=\"async\" class=\"aligncenter wp-image-2736 size-thumbnail\" src=\"https:\/\/mwb.com.pl\/mwb2017\/wp-content\/uploads\/2019\/01\/booking-150x150.png\" alt=\"ikona rezerwacji\" width=\"150\" height=\"150\" srcset=\"https:\/\/mwb.com.pl\/mwb2017\/wp-content\/uploads\/2019\/01\/booking-150x150.png 150w, https:\/\/mwb.com.pl\/mwb2017\/wp-content\/uploads\/2019\/01\/booking.png 256w\" sizes=\"(max-width: 150px) 100vw, 150px\" \/><br \/>\nZarezerwuj online<\/a><\/div>\n","protected":false},"excerpt":{"rendered":"<p>Poziom edukacji: KLASY VII \u2013 VIII, SZKO\u0141Y \u015aREDNIE Czas trwania zaj\u0119\u0107: 60 minut. Ilo\u015b\u0107 uczestnik\u00f3w: do 30 os\u00f3b. Forma realizacji: stacjonarnie lub online. Cena: bezp\u0142atnie Celem warsztat\u00f3w jest przybli\u017cenie m\u0142odzie\u017cy wydarze\u0144 zwi\u0105zanych z wybuchem II wojny \u015bwiatowej, ze szczeg\u00f3lnym uwzgl\u0119dnieniem wojny obronnej 1939. Poprzez interaktywne \u0107wiczenia, kt\u00f3re \u0142\u0105cz\u0105 tradycyjne metody edukacyjne z nowoczesnymi technologiami, warsztaty [&hellip;]<\/p>\n","protected":false},"author":1,"featured_media":0,"parent":18,"menu_order":0,"comment_status":"closed","ping_status":"closed","template":"","meta":{"ngg_post_thumbnail":0,"h5ap_radio_sources":[],"_vp_format_video_url":"","_vp_image_focal_point":[],"footnotes":""},"class_list":["post-13800","page","type-page","status-publish","hentry"],"_links":{"self":[{"href":"https:\/\/mwb.com.pl\/mwb2017\/wp-json\/wp\/v2\/pages\/13800","targetHints":{"allow":["GET"]}}],"collection":[{"href":"https:\/\/mwb.com.pl\/mwb2017\/wp-json\/wp\/v2\/pages"}],"about":[{"href":"https:\/\/mwb.com.pl\/mwb2017\/wp-json\/wp\/v2\/types\/page"}],"author":[{"embeddable":true,"href":"https:\/\/mwb.com.pl\/mwb2017\/wp-json\/wp\/v2\/users\/1"}],"replies":[{"embeddable":true,"href":"https:\/\/mwb.com.pl\/mwb2017\/wp-json\/wp\/v2\/comments?post=13800"}],"version-history":[{"count":4,"href":"https:\/\/mwb.com.pl\/mwb2017\/wp-json\/wp\/v2\/pages\/13800\/revisions"}],"predecessor-version":[{"id":13805,"href":"https:\/\/mwb.com.pl\/mwb2017\/wp-json\/wp\/v2\/pages\/13800\/revisions\/13805"}],"up":[{"embeddable":true,"href":"https:\/\/mwb.com.pl\/mwb2017\/wp-json\/wp\/v2\/pages\/18"}],"wp:attachment":[{"href":"https:\/\/mwb.com.pl\/mwb2017\/wp-json\/wp\/v2\/media?parent=13800"}],"curies":[{"name":"wp","href":"https:\/\/api.w.org\/{rel}","templated":true}]}}