{"id":12949,"date":"2024-03-21T09:52:05","date_gmt":"2024-03-21T08:52:05","guid":{"rendered":"https:\/\/mwb.com.pl\/mwb2017\/?page_id=12949"},"modified":"2025-09-17T13:31:39","modified_gmt":"2025-09-17T11:31:39","slug":"wspomnien-czar","status":"publish","type":"page","link":"https:\/\/mwb.com.pl\/mwb2017\/oferta\/edukacja\/wspomnien-czar\/","title":{"rendered":"Wspomnie\u0144 czar"},"content":{"rendered":"<p><strong>Osoby w wieku 60+<\/strong><\/p>\n<p>Pami\u0119tnik, a w nim\u2026 historia \u017cycia! Podczas warsztat\u00f3w uczestnicy obejrz\u0105 pami\u0119tniki ze zbior\u00f3w Muzeum Wojska w  Bia\u0142ymstoku, poznaj\u0105 ich historie oraz okoliczno\u015bci w jakich by\u0142y pisane i w jaki spos\u00f3b znalaz\u0142y si\u0119 w muzeum. Zapoznaj\u0105 si\u0119 te\u017c z technikami ozdabiania pami\u0119tnik\u00f3w na przestrzeni lat, a\u017c do chwili obecnej. Na zaj\u0119ciach seniorzy wykonaj\u0105 r\u0119cznie zszyte pami\u0119tniki i dowoln\u0105 technik\u0105 ozdobi\u0105 ok\u0142adk\u0119. Warsztaty pozwol\u0105 mi\u0142o i tw\u00f3rczo sp\u0119dzi\u0107 czas wolny. <\/p>\n<p>Czas trwania: 60 min.<br \/>\nLiczba uczestnik\u00f3w: od 10 os\u00f3b do 25 os\u00f3b<br \/>\nWst\u0119p: bezp\u0142atny<br \/>\nObowi\u0105zuje rezerwacja miejsc:<br \/>\nPrzyjmujemy zapisy telefonicznie w godz. 9.30- 15.30 pod numerem: 85 7416-449, mo\u017cna te\u017c wys\u0142a\u0107 e-mail na adres:rezerwacja@mwb.com.pl<br \/>\nOsoba do kontaktu: Teresa Przepie\u015b\u0107-Misarko tel. 85 7416-449 w.17, tmisarko@mwb.com.pl<\/p>\n<p>W przypadku grup powy\u017cej 10 os\u00f3b nale\u017cy wype\u0142ni\u0107 formularz rezerwacji.<\/p>\n<div align=\"center\"><a href=\"https:\/\/mwb.com.pl\/rezerwacja\/osoby-60\/wspomnien-czar\/\" target=\"_blank\" rel=\"noopener noreferrer\"><img decoding=\"async\" class=\"aligncenter wp-image-2736 size-thumbnail\" src=\"https:\/\/mwb.com.pl\/mwb2017\/wp-content\/uploads\/2019\/01\/booking-150x150.png\" alt=\"ikona rezerwacji\" width=\"150\" height=\"150\" srcset=\"https:\/\/mwb.com.pl\/mwb2017\/wp-content\/uploads\/2019\/01\/booking-150x150.png 150w, https:\/\/mwb.com.pl\/mwb2017\/wp-content\/uploads\/2019\/01\/booking.png 256w\" sizes=\"(max-width: 150px) 100vw, 150px\" \/><br \/>\nZarezerwuj online<\/a><\/div>\n","protected":false},"excerpt":{"rendered":"<p>Osoby w wieku 60+ Pami\u0119tnik, a w nim\u2026 historia \u017cycia! Podczas warsztat\u00f3w uczestnicy obejrz\u0105 pami\u0119tniki ze zbior\u00f3w Muzeum Wojska w Bia\u0142ymstoku, poznaj\u0105 ich historie oraz okoliczno\u015bci w jakich by\u0142y pisane i w jaki spos\u00f3b znalaz\u0142y si\u0119 w muzeum. Zapoznaj\u0105 si\u0119 te\u017c z technikami ozdabiania pami\u0119tnik\u00f3w na przestrzeni lat, a\u017c do chwili obecnej. Na zaj\u0119ciach seniorzy [&hellip;]<\/p>\n","protected":false},"author":1,"featured_media":0,"parent":18,"menu_order":0,"comment_status":"closed","ping_status":"closed","template":"","meta":{"ngg_post_thumbnail":0,"h5ap_radio_sources":[],"_vp_format_video_url":"","_vp_image_focal_point":[],"footnotes":""},"class_list":["post-12949","page","type-page","status-publish","hentry"],"_links":{"self":[{"href":"https:\/\/mwb.com.pl\/mwb2017\/wp-json\/wp\/v2\/pages\/12949","targetHints":{"allow":["GET"]}}],"collection":[{"href":"https:\/\/mwb.com.pl\/mwb2017\/wp-json\/wp\/v2\/pages"}],"about":[{"href":"https:\/\/mwb.com.pl\/mwb2017\/wp-json\/wp\/v2\/types\/page"}],"author":[{"embeddable":true,"href":"https:\/\/mwb.com.pl\/mwb2017\/wp-json\/wp\/v2\/users\/1"}],"replies":[{"embeddable":true,"href":"https:\/\/mwb.com.pl\/mwb2017\/wp-json\/wp\/v2\/comments?post=12949"}],"version-history":[{"count":7,"href":"https:\/\/mwb.com.pl\/mwb2017\/wp-json\/wp\/v2\/pages\/12949\/revisions"}],"predecessor-version":[{"id":14705,"href":"https:\/\/mwb.com.pl\/mwb2017\/wp-json\/wp\/v2\/pages\/12949\/revisions\/14705"}],"up":[{"embeddable":true,"href":"https:\/\/mwb.com.pl\/mwb2017\/wp-json\/wp\/v2\/pages\/18"}],"wp:attachment":[{"href":"https:\/\/mwb.com.pl\/mwb2017\/wp-json\/wp\/v2\/media?parent=12949"}],"curies":[{"name":"wp","href":"https:\/\/api.w.org\/{rel}","templated":true}]}}