{"id":10622,"date":"2023-02-24T15:45:24","date_gmt":"2023-02-24T14:45:24","guid":{"rendered":"https:\/\/mwb.com.pl\/mwb2017\/?page_id=10622"},"modified":"2023-08-21T12:03:06","modified_gmt":"2023-08-21T10:03:06","slug":"warsztaty-o-wojnie","status":"publish","type":"page","link":"https:\/\/mwb.com.pl\/mwb2017\/oferta\/edukacja\/warsztaty-o-wojnie\/","title":{"rendered":"Warsztaty o wojnie"},"content":{"rendered":"<p><strong>Dzieci i m\u0142odzie\u017c ze szczeg\u00f3lnymi potrzebami<\/strong><\/p>\n<p>Punktem wyj\u015bcia do warsztat\u00f3w b\u0119dzie wystawa sta\u0142a Muzeum pt. \u201ePrzeciw dw\u00f3m wrogom\u201d oraz zgromadzone na niej eksponaty. Opowiada ona o wydarzeniach II wojny \u015bwiatowej na Podlasiu i ich uczestnikach. Intencj\u0105 muzealnych edukator\u00f3w jest przekazanie historii w mo\u017cliwie prosty i przyst\u0119pny spos\u00f3b z u\u017cyciem narz\u0119dzi dost\u0119pno\u015bci takich jak tematyczne panele sensoryczne czy kopie 3D obiekt\u00f3w muzealnych z tego okresu. Uczestnicy warsztat\u00f3w poznaj\u0105 poj\u0119cia zwi\u0105zane z wojn\u0105, jej przyczyny i skutki dla pojedynczych ludzi, co stworzy przestrze\u0144 do rozmowy o emocjach wok\u00f3\u0142 wojny. Integralnym elementem warsztat\u00f3w b\u0119dzie cz\u0119\u015b\u0107 artystyczna. Wykorzystane zostan\u0105 techniki takie jak: relief wypuk\u0142y, grafika p\u0142aska czy druk wkl\u0119s\u0142y.<br \/>\nPrzygotowano kilka wariant\u00f3w scenariuszy warsztat\u00f3w, kt\u00f3re odpowiadaj\u0105 na mo\u017cliwo\u015bci i potrzeby r\u00f3\u017cnych grup wiekowych, r\u00f3\u017cnych rodzaj\u00f3w dysfunkcji czy szczeg\u00f3lnych potrzeb.<\/p>\n<div align=\"center\"><a href=\"https:\/\/mwb.com.pl\/rezerwacja\/muzeum-dostepne\/warsztaty-o-wojnie\/\" target=\"_blank\" rel=\"noopener noreferrer\"><img decoding=\"async\" class=\"aligncenter wp-image-2736 size-thumbnail\" src=\"https:\/\/mwb.com.pl\/mwb2017\/wp-content\/uploads\/2019\/01\/booking-150x150.png\" alt=\"ikona rezerwacji\" width=\"150\" height=\"150\" srcset=\"https:\/\/mwb.com.pl\/mwb2017\/wp-content\/uploads\/2019\/01\/booking-150x150.png 150w, https:\/\/mwb.com.pl\/mwb2017\/wp-content\/uploads\/2019\/01\/booking.png 256w\" sizes=\"(max-width: 150px) 100vw, 150px\" \/><br \/>\nZarezerwuj online<\/a><\/div>\n","protected":false},"excerpt":{"rendered":"<p>Dzieci i m\u0142odzie\u017c ze szczeg\u00f3lnymi potrzebami Punktem wyj\u015bcia do warsztat\u00f3w b\u0119dzie wystawa sta\u0142a Muzeum pt. \u201ePrzeciw dw\u00f3m wrogom\u201d oraz zgromadzone na niej eksponaty. Opowiada ona o wydarzeniach II wojny \u015bwiatowej na Podlasiu i ich uczestnikach. Intencj\u0105 muzealnych edukator\u00f3w jest przekazanie historii w mo\u017cliwie prosty i przyst\u0119pny spos\u00f3b z u\u017cyciem narz\u0119dzi dost\u0119pno\u015bci takich jak tematyczne panele [&hellip;]<\/p>\n","protected":false},"author":10,"featured_media":0,"parent":18,"menu_order":0,"comment_status":"closed","ping_status":"closed","template":"","meta":{"ngg_post_thumbnail":0,"h5ap_radio_sources":[],"_vp_format_video_url":"","_vp_image_focal_point":[],"footnotes":""},"class_list":["post-10622","page","type-page","status-publish","hentry"],"_links":{"self":[{"href":"https:\/\/mwb.com.pl\/mwb2017\/wp-json\/wp\/v2\/pages\/10622","targetHints":{"allow":["GET"]}}],"collection":[{"href":"https:\/\/mwb.com.pl\/mwb2017\/wp-json\/wp\/v2\/pages"}],"about":[{"href":"https:\/\/mwb.com.pl\/mwb2017\/wp-json\/wp\/v2\/types\/page"}],"author":[{"embeddable":true,"href":"https:\/\/mwb.com.pl\/mwb2017\/wp-json\/wp\/v2\/users\/10"}],"replies":[{"embeddable":true,"href":"https:\/\/mwb.com.pl\/mwb2017\/wp-json\/wp\/v2\/comments?post=10622"}],"version-history":[{"count":4,"href":"https:\/\/mwb.com.pl\/mwb2017\/wp-json\/wp\/v2\/pages\/10622\/revisions"}],"predecessor-version":[{"id":12019,"href":"https:\/\/mwb.com.pl\/mwb2017\/wp-json\/wp\/v2\/pages\/10622\/revisions\/12019"}],"up":[{"embeddable":true,"href":"https:\/\/mwb.com.pl\/mwb2017\/wp-json\/wp\/v2\/pages\/18"}],"wp:attachment":[{"href":"https:\/\/mwb.com.pl\/mwb2017\/wp-json\/wp\/v2\/media?parent=10622"}],"curies":[{"name":"wp","href":"https:\/\/api.w.org\/{rel}","templated":true}]}}