{"id":99,"date":"2020-01-05T15:56:04","date_gmt":"2020-01-05T14:56:04","guid":{"rendered":"https:\/\/mwb.com.pl\/konferencjaSMP\/?page_id=99"},"modified":"2020-02-17T09:18:59","modified_gmt":"2020-02-17T08:18:59","slug":"wystapienia","status":"publish","type":"page","link":"https:\/\/mwb.com.pl\/konferencjaSMP\/wystapienia\/","title":{"rendered":"Wyst\u0105pienia"},"content":{"rendered":"<h5> <\/h5>\n<h5 style=\"text-align: center;\"><strong>WYST\u0104PIENIA<\/strong><\/h5>\n<p>Forma wyst\u0105pie\u0144: referat (15 minut), komunikat (do 10 minut). Prezentacj\u0119 multimedialn\u0105 z podpisami materia\u0142\u00f3w ikonograficznych, tezami i g\u0142\u00f3wnymi wnioskami prosimy przygotowa\u0107 w j\u0119zyku polskim.<\/p>\n<p>Prosimy o przes\u0142anie abstraktu wyst\u0105pienia o obj\u0119to\u015bci 1500-1800 znak\u00f3w (ze spacjami) i napisanym w j\u0119zyku polskim <strong>do dnia 15 stycznia 2020 r.<\/strong>, na poni\u017cszy adres:<\/p>\n<p>Muzeum Podlaskie w Bia\u0142ymstoku<br \/>\nRynek Ko\u015bciuszki 10, 15-426 Bia\u0142ystok<br \/>\n<strong>z dopiskiem KONFERENCJA \u201eTRUDNE DZIEDZICTWO\u201d<\/strong>,<br \/>\nlub mailowo na adres smp.podlasie@wp.pl lub mgajewski@mwb.com.pl<\/p>\n<p>Organizatorzy konferencji zastrzegaj\u0105 sobie prawo do wyboru spo\u015br\u00f3d nades\u0142anych abstrakt\u00f3w 30 referat\u00f3w i 12 komunikat\u00f3w. Ich autorzy zostan\u0105 powiadomieni telefonicznie lub mailowo o ich zaakceptowaniu i umieszczeniu w programie konferencji.<\/p>\n","protected":false},"excerpt":{"rendered":"<p>WYST\u0104PIENIA Forma wyst\u0105pie\u0144: referat (15 minut), komunikat (do 10 minut). Prezentacj\u0119 multimedialn\u0105 z podpisami materia\u0142\u00f3w ikonograficznych, tezami i g\u0142\u00f3wnymi wnioskami prosimy przygotowa\u0107 w j\u0119zyku polskim. Prosimy o przes\u0142anie abstraktu wyst\u0105pienia o obj\u0119to\u015bci 1500-1800 znak\u00f3w (ze spacjami) i napisanym w j\u0119zyku polskim do dnia 15 stycznia 2020 r., na poni\u017cszy adres: Muzeum Podlaskie w Bia\u0142ymstoku Rynek [&hellip;]<\/p>\n","protected":false},"author":1,"featured_media":0,"parent":0,"menu_order":0,"comment_status":"closed","ping_status":"closed","template":"page-templates\/page_front-page.php","meta":{"footnotes":""},"class_list":["post-99","page","type-page","status-publish","hentry"],"_links":{"self":[{"href":"https:\/\/mwb.com.pl\/konferencjaSMP\/wp-json\/wp\/v2\/pages\/99","targetHints":{"allow":["GET"]}}],"collection":[{"href":"https:\/\/mwb.com.pl\/konferencjaSMP\/wp-json\/wp\/v2\/pages"}],"about":[{"href":"https:\/\/mwb.com.pl\/konferencjaSMP\/wp-json\/wp\/v2\/types\/page"}],"author":[{"embeddable":true,"href":"https:\/\/mwb.com.pl\/konferencjaSMP\/wp-json\/wp\/v2\/users\/1"}],"replies":[{"embeddable":true,"href":"https:\/\/mwb.com.pl\/konferencjaSMP\/wp-json\/wp\/v2\/comments?post=99"}],"version-history":[{"count":4,"href":"https:\/\/mwb.com.pl\/konferencjaSMP\/wp-json\/wp\/v2\/pages\/99\/revisions"}],"predecessor-version":[{"id":156,"href":"https:\/\/mwb.com.pl\/konferencjaSMP\/wp-json\/wp\/v2\/pages\/99\/revisions\/156"}],"wp:attachment":[{"href":"https:\/\/mwb.com.pl\/konferencjaSMP\/wp-json\/wp\/v2\/media?parent=99"}],"curies":[{"name":"wp","href":"https:\/\/api.w.org\/{rel}","templated":true}]}}