{"id":12,"date":"2020-01-05T10:54:10","date_gmt":"2020-01-05T09:54:10","guid":{"rendered":"https:\/\/mwb.com.pl\/konferencjaSMP\/?page_id=12"},"modified":"2020-02-17T09:19:27","modified_gmt":"2020-02-17T08:19:27","slug":"zgloszenia","status":"publish","type":"page","link":"https:\/\/mwb.com.pl\/konferencjaSMP\/zgloszenia\/","title":{"rendered":"Zg\u0142oszenia"},"content":{"rendered":"<h5><\/h5>\n<h5 style=\"text-align: center;\">ZG\u0141OSZENIA<\/h5>\n<p>Formularze zg\u0142oszeniowe do udzia\u0142u w konferencji &#8211; do pobrania w formie edytowalnej:<\/p>\n<p><a href=\"https:\/\/mwb.com.pl\/mwb2017\/wp-content\/uploads\/konferencjaSMP\/autorzy.docx\">Zg\u0142oszenie uczestnika \u2013 autorzy<\/a><\/p>\n<p><a href=\"https:\/\/mwb.com.pl\/mwb2017\/wp-content\/uploads\/konferencjaSMP\/uczestnicy.docx\">Zg\u0142oszenie uczestnika \u2013 uczestnicy konferencji<\/a><\/p>\n<p>B\u0119d\u0105 one przyjmowane do <strong>21 lutego 2020 r.<\/strong> przez sekretariat konferencji.<\/p>\n<p>Udzia\u0142 w konferencji jest odp\u0142atny na nast\u0119puj\u0105cych zasadach:<br \/>\n&#8211; op\u0142at\u0119 konferencyjn\u0105 w wysoko\u015bci <strong>400,00 z\u0142.<\/strong> wnosz\u0105 uczestnicy zamawiaj\u0105cy nocleg w Hotelu Go\u0142\u0119biewskim (w tej kwocie zosta\u0142y uj\u0119te: dwa noclegi &#8211; 11\/12.03.2020 i 12\/13.03.2020, \u015bniadanie w formie bufetu szwedzkiego, obiad i uroczysta kolacja, parking dla samochod\u00f3w, bezp\u0142atny wst\u0119p do Parku Wodnego Tropikana, pakiet informacyjny o konferencji oraz udzia\u0142 w wybranym indywidualnie wyje\u017adzie studyjnym);<br \/>\n&#8211; op\u0142at\u0119 konferencyjn\u0105 w wysoko\u015bci <strong>200,00 z\u0142.<\/strong> wnosz\u0105 uczestnicy niezamawiaj\u0105cy noclegu w Hotelu Go\u0142\u0119biewskim (w tej kwocie zosta\u0142y uj\u0119te: obiad, uroczysta kolacja, otrzymanie pakietu informacyjnego o konferencji oraz udzia\u0142 w wybranym indywidualnie wyje\u017adzie studyjnym);<br \/>\n&#8211; op\u0142aty konferencyjnej nie wnosz\u0105 cz\u0142onkowie Rady Naukowej i Komitetu Organizacyjnego konferencji oraz zaproszeni przez organizator\u00f3w Go\u015bcie.<\/p>\n<p>Op\u0142at\u0119 za udzia\u0142 w konferencji nale\u017cy przela\u0107 na podane ni\u017cej konto do dnia <strong>21 lutego 2020 r.<\/strong>:<\/p>\n<p>Muzeum Podlaskie w Bia\u0142ymstoku<br \/>\n<strong>Bank Pekao S.A. O\/Bia\u0142ystok 04 1240 5211 1111 0000 4919 5527, z dopiskiem: Konferencja \u201eTrudne dziedzictwo\u201d \u2013 Bia\u0142ystok, 11-13.03.2020.<\/strong><\/p>\n","protected":false},"excerpt":{"rendered":"<p>ZG\u0141OSZENIA Formularze zg\u0142oszeniowe do udzia\u0142u w konferencji &#8211; do pobrania w formie edytowalnej: Zg\u0142oszenie uczestnika \u2013 autorzy Zg\u0142oszenie uczestnika \u2013 uczestnicy konferencji B\u0119d\u0105 one przyjmowane do 21 lutego 2020 r. przez sekretariat konferencji. Udzia\u0142 w konferencji jest odp\u0142atny na nast\u0119puj\u0105cych zasadach: &#8211; op\u0142at\u0119 konferencyjn\u0105 w wysoko\u015bci 400,00 z\u0142. wnosz\u0105 uczestnicy zamawiaj\u0105cy nocleg w Hotelu Go\u0142\u0119biewskim [&hellip;]<\/p>\n","protected":false},"author":1,"featured_media":0,"parent":0,"menu_order":0,"comment_status":"closed","ping_status":"closed","template":"page-templates\/page_front-page.php","meta":{"footnotes":""},"class_list":["post-12","page","type-page","status-publish","hentry"],"_links":{"self":[{"href":"https:\/\/mwb.com.pl\/konferencjaSMP\/wp-json\/wp\/v2\/pages\/12","targetHints":{"allow":["GET"]}}],"collection":[{"href":"https:\/\/mwb.com.pl\/konferencjaSMP\/wp-json\/wp\/v2\/pages"}],"about":[{"href":"https:\/\/mwb.com.pl\/konferencjaSMP\/wp-json\/wp\/v2\/types\/page"}],"author":[{"embeddable":true,"href":"https:\/\/mwb.com.pl\/konferencjaSMP\/wp-json\/wp\/v2\/users\/1"}],"replies":[{"embeddable":true,"href":"https:\/\/mwb.com.pl\/konferencjaSMP\/wp-json\/wp\/v2\/comments?post=12"}],"version-history":[{"count":8,"href":"https:\/\/mwb.com.pl\/konferencjaSMP\/wp-json\/wp\/v2\/pages\/12\/revisions"}],"predecessor-version":[{"id":157,"href":"https:\/\/mwb.com.pl\/konferencjaSMP\/wp-json\/wp\/v2\/pages\/12\/revisions\/157"}],"wp:attachment":[{"href":"https:\/\/mwb.com.pl\/konferencjaSMP\/wp-json\/wp\/v2\/media?parent=12"}],"curies":[{"name":"wp","href":"https:\/\/api.w.org\/{rel}","templated":true}]}}