{"id":13,"date":"2021-06-21T12:50:14","date_gmt":"2021-06-21T10:50:14","guid":{"rendered":"https:\/\/mwb.com.pl\/garnizon\/?page_id=13"},"modified":"2021-10-18T14:36:58","modified_gmt":"2021-10-18T12:36:58","slug":"warsztaty","status":"publish","type":"page","link":"https:\/\/mwb.com.pl\/garnizon\/warsztaty\/","title":{"rendered":"Warsztaty"},"content":{"rendered":"\t\t<div data-elementor-type=\"wp-page\" data-elementor-id=\"13\" class=\"elementor elementor-13\">\n\t\t\t\t\t\t<section class=\"elementor-section elementor-top-section elementor-element elementor-element-4e45664 elementor-section-boxed elementor-section-height-default elementor-section-height-default\" data-id=\"4e45664\" data-element_type=\"section\" data-e-type=\"section\">\n\t\t\t\t\t\t<div class=\"elementor-container elementor-column-gap-default\">\n\t\t\t\t\t<div class=\"elementor-column elementor-col-100 elementor-top-column elementor-element elementor-element-e84090b\" data-id=\"e84090b\" data-element_type=\"column\" data-e-type=\"column\">\n\t\t\t<div class=\"elementor-widget-wrap elementor-element-populated\">\n\t\t\t\t\t\t<div class=\"elementor-element elementor-element-61f841f elementor-widget elementor-widget-heading\" data-id=\"61f841f\" data-element_type=\"widget\" data-e-type=\"widget\" data-widget_type=\"heading.default\">\n\t\t\t\t<div class=\"elementor-widget-container\">\n\t\t\t\t\t<h3 class=\"elementor-heading-title elementor-size-default\">WARSZTATY<\/h3>\t\t\t\t<\/div>\n\t\t\t\t<\/div>\n\t\t\t\t\t<\/div>\n\t\t<\/div>\n\t\t\t\t\t<\/div>\n\t\t<\/section>\n\t\t\t\t<section class=\"elementor-section elementor-top-section elementor-element elementor-element-6e1f31e elementor-section-boxed elementor-section-height-default elementor-section-height-default\" data-id=\"6e1f31e\" data-element_type=\"section\" data-e-type=\"section\">\n\t\t\t\t\t\t<div class=\"elementor-container elementor-column-gap-default\">\n\t\t\t\t\t<div class=\"elementor-column elementor-col-100 elementor-top-column elementor-element elementor-element-bb6f5c8\" data-id=\"bb6f5c8\" data-element_type=\"column\" data-e-type=\"column\">\n\t\t\t<div class=\"elementor-widget-wrap elementor-element-populated\">\n\t\t\t\t\t\t<div class=\"elementor-element elementor-element-bb3d129 elementor-widget elementor-widget-heading\" data-id=\"bb3d129\" data-element_type=\"widget\" data-e-type=\"widget\" data-widget_type=\"heading.default\">\n\t\t\t\t<div class=\"elementor-widget-container\">\n\t\t\t\t\t<h5 class=\"elementor-heading-title elementor-size-default\">Muzealne warsztaty dla dzieci i m\u0142odzie\u017cy ze szczeg\u00f3lnymi potrzebami<\/h5>\t\t\t\t<\/div>\n\t\t\t\t<\/div>\n\t\t\t\t\t<\/div>\n\t\t<\/div>\n\t\t\t\t\t<\/div>\n\t\t<\/section>\n\t\t\t\t<section class=\"elementor-section elementor-top-section elementor-element elementor-element-1ee32be elementor-section-boxed elementor-section-height-default elementor-section-height-default\" data-id=\"1ee32be\" data-element_type=\"section\" data-e-type=\"section\">\n\t\t\t\t\t\t<div class=\"elementor-container elementor-column-gap-default\">\n\t\t\t\t\t<div class=\"elementor-column elementor-col-50 elementor-top-column elementor-element elementor-element-94f0cfc\" data-id=\"94f0cfc\" data-element_type=\"column\" data-e-type=\"column\">\n\t\t\t<div class=\"elementor-widget-wrap elementor-element-populated\">\n\t\t\t\t\t\t<div class=\"elementor-element elementor-element-68ed1d6 elementor-widget elementor-widget-text-editor\" data-id=\"68ed1d6\" data-element_type=\"widget\" data-e-type=\"widget\" data-widget_type=\"text-editor.default\">\n\t\t\t\t<div class=\"elementor-widget-container\">\n\t\t\t\t\t\t\t\t\t<p>Muzeum Wojska w Bia\u0142ymstoku zaprasza grupy zorganizowane do korzystania z oferty warsztat\u00f3w edukacyjnych przygotowanych w ramach projektu \u201eBia\u0142ostocki garnizon w j\u0119zykach dost\u0119pnych\u201d.<\/p><p>Celem warsztat\u00f3w jest budowanie wiedzy na temat dziedzictwa bia\u0142ostockiego garnizonu wojskowego w\u015br\u00f3d dzieci i m\u0142odzie\u017cy z niepe\u0142nosprawno\u015bciami wzroku, s\u0142uchu, intelektualn\u0105 i z autyzmem. Dzi\u0119ki przygotowanym narz\u0119dziom dost\u0119pno\u015bci m\u0142odzi odbiorcy poznaj\u0105 wa\u017cne wydarzenia z historii Bia\u0142egostoku. W przyst\u0119pny spos\u00f3b dowiedz\u0105 si\u0119 kim s\u0105 \u017co\u0142nierze i jak\u0105 rol\u0119 pe\u0142ni\u0105 w rozwoju miasta. Por\u00f3wnaj\u0105 zadania wojskowych dawniej a dzi\u015b. Wa\u017cnym b\u0119dzie odwo\u0142anie do patriotycznych postaw \u017co\u0142nierzy. Komponent historyczny warsztat\u00f3w zostanie wzmocniony artystycznymi metodami pracy.<\/p><p>Scenariusze warsztat\u00f3w przygotowane zosta\u0142y w partnerstwie z organizacjami posiadaj\u0105cymi do\u015bwiadczenie w pracy z wy\u017cej wymienionymi odbiorcami. Celem zaj\u0119\u0107 b\u0119dzie nie tylko podniesienie \u015bwiadomo\u015bci historycznej dzieci i m\u0142odzie\u017cy ze szczeg\u00f3lnymi potrzebami, ale tak\u017ce rozwijanie umiej\u0119tno\u015bci komunikacyjnych, poznawczych, skupienia, zdolno\u015bci manualnych czy pobudzanie kreatywno\u015bci.<\/p><p><strong>Przygotowane zosta\u0142y dwie propozycje tematyczne:<\/strong><\/p><p><strong>Symbole \u017co\u0142nierzy<\/strong><\/p><p>Uczestnicy poznaj\u0105 symbole i znaki u\u017cywane w wojsku. Przyjrz\u0105 si\u0119 wybranym obiektom muzealnym, takim jak odznaka pami\u0105tkowa, oznaka rozpoznawcza, sztandar czy znak to\u017csamo\u015bci. Na koniec wykonaj\u0105 w\u0142asne odznaki z u\u017cyciem r\u00f3\u017cnych metod artystycznych.*<\/p><p>Metody artystyczne:<br \/>niepe\u0142nosprawno\u015b\u0107 intelektualna i autyzm \u2013 kolagrafia,<br \/>niepe\u0142nosprawno\u015b\u0107 s\u0142uchu \u2013 relief plastelinowy,<br \/>niepe\u0142nosprawno\u015b\u0107 wzroku \u2013 rze\u017aba w glinie.<\/p><p><strong>Miasto garnizonowe<\/strong><\/p><p>Punktem wyj\u015bcia do warsztat\u00f3w b\u0119dzie poznanie poj\u0119\u0107 garnizonu, koszar oraz s\u0142u\u017cby \u017co\u0142nierskiej. Uczestnicy dowiedz\u0105 si\u0119 od jak dawna Bia\u0142ystok jest miejscem stacjonowania wojskowych. Wraz z prowadz\u0105cym zastanowi\u0105 si\u0119 w jaki spos\u00f3b obecno\u015b\u0107 \u017co\u0142nierzy wp\u0142ywa na \u017cycie wszystkich mieszka\u0144c\u00f3w miasta. Zobacz\u0105 przedmioty, kt\u00f3re s\u0142u\u017cy\u0142y bia\u0142ostockim \u017co\u0142nierzom. Wykonaj\u0105 w\u0142asn\u0105 map\u0119 garnizonu.*<\/p><p>Metody artystyczne:<br \/>niepe\u0142nosprawno\u015b\u0107 intelektualna i autyzm \u2013 stemplowanie,<br \/>niepe\u0142nosprawno\u015b\u0107 s\u0142uchu \u2013 technika malarska, stemplowanie,<br \/>niepe\u0142nosprawno\u015b\u0107 wzroku \u2013 kompozycja.<\/p><p>*Poziom warsztat\u00f3w, ich czas trwania oraz dob\u00f3r metod pracy zale\u017cy od wieku, mo\u017cliwo\u015bci poznawczych i indywidualnych potrzeb poszczeg\u00f3lnych uczestnik\u00f3w. Prosimy o podawanie wszelkich informacji, kt\u00f3re pozwol\u0105 nam przygotowa\u0107 zaj\u0119cia odpowiednie dla Pa\u0144stwa podopiecznych. Zapraszamy tak\u017ce grupy integracyjne.<\/p><p>Istnieje mo\u017cliwo\u015b\u0107 realizacji warsztat\u00f3w w siedzibie Zamawiaj\u0105cego po uprzednim ustaleniu terminu.<\/p><p><strong>Udzia\u0142 w warsztatach jest bezp\u0142atny.<\/strong><\/p><p>\u00a0Rezerwacja zaj\u0119\u0107 online:<\/p><p><a href=\"https:\/\/mwb.com.pl\/mwb2017\/oferta\/edukacja\/miasto-garnizonowe\/\" target=\"_blank\" rel=\"noopener noreferrer\">Miasta garnizonowe<\/a><\/p><p><a href=\"https:\/\/mwb.com.pl\/mwb2017\/oferta\/edukacja\/symbole-zolnierzy\/\" target=\"_blank\" rel=\"noopener noreferrer\">Symbole \u017co\u0142nierzy<\/a><\/p>\t\t\t\t\t\t\t\t<\/div>\n\t\t\t\t<\/div>\n\t\t\t\t\t<\/div>\n\t\t<\/div>\n\t\t\t\t<div class=\"elementor-column elementor-col-50 elementor-top-column elementor-element elementor-element-3567549\" data-id=\"3567549\" data-element_type=\"column\" data-e-type=\"column\">\n\t\t\t<div class=\"elementor-widget-wrap elementor-element-populated\">\n\t\t\t\t\t\t<div class=\"elementor-element elementor-element-a09d231 gallery-spacing-custom elementor-widget elementor-widget-image-gallery\" data-id=\"a09d231\" data-element_type=\"widget\" data-e-type=\"widget\" data-widget_type=\"image-gallery.default\">\n\t\t\t\t<div class=\"elementor-widget-container\">\n\t\t\t\t\t\t\t<div class=\"elementor-image-gallery\">\n\t\t\t<div id='gallery-1' class='gallery galleryid-13 gallery-columns-1 gallery-size-full'><figure class='gallery-item'>\n\t\t\t<div class='gallery-icon landscape'>\n\t\t\t\t<a data-elementor-open-lightbox=\"yes\" data-elementor-lightbox-slideshow=\"a09d231\" data-elementor-lightbox-title=\"Zaj\u0119cia warsztatowe\" data-e-action-hash=\"#elementor-action%3Aaction%3Dlightbox%26settings%3DeyJpZCI6MjU5MSwidXJsIjoiaHR0cHM6XC9cL213Yi5jb20ucGxcL2dhcm5pem9uXC93cC1jb250ZW50XC91cGxvYWRzXC8yMDIxXC8xMFwvMS5qcGciLCJzbGlkZXNob3ciOiJhMDlkMjMxIn0%3D\" href='https:\/\/mwb.com.pl\/garnizon\/wp-content\/uploads\/2021\/10\/1.jpg'><img fetchpriority=\"high\" decoding=\"async\" width=\"600\" height=\"400\" src=\"https:\/\/mwb.com.pl\/garnizon\/wp-content\/uploads\/2021\/10\/1.jpg\" class=\"attachment-full size-full\" alt=\"Zaj\u0119cia warsztatowe\" srcset=\"https:\/\/mwb.com.pl\/garnizon\/wp-content\/uploads\/2021\/10\/1.jpg 600w, https:\/\/mwb.com.pl\/garnizon\/wp-content\/uploads\/2021\/10\/1-300x200.jpg 300w, https:\/\/mwb.com.pl\/garnizon\/wp-content\/uploads\/2021\/10\/1-230x153.jpg 230w, https:\/\/mwb.com.pl\/garnizon\/wp-content\/uploads\/2021\/10\/1-350x233.jpg 350w, https:\/\/mwb.com.pl\/garnizon\/wp-content\/uploads\/2021\/10\/1-480x320.jpg 480w\" sizes=\"(max-width: 600px) 100vw, 600px\" \/><\/a>\n\t\t\t<\/div><\/figure><figure class='gallery-item'>\n\t\t\t<div class='gallery-icon landscape'>\n\t\t\t\t<a data-elementor-open-lightbox=\"yes\" data-elementor-lightbox-slideshow=\"a09d231\" data-elementor-lightbox-title=\"Zaj\u0119cia warsztatowe\" data-e-action-hash=\"#elementor-action%3Aaction%3Dlightbox%26settings%3DeyJpZCI6MjU5MiwidXJsIjoiaHR0cHM6XC9cL213Yi5jb20ucGxcL2dhcm5pem9uXC93cC1jb250ZW50XC91cGxvYWRzXC8yMDIxXC8xMFwvMi5qcGciLCJzbGlkZXNob3ciOiJhMDlkMjMxIn0%3D\" href='https:\/\/mwb.com.pl\/garnizon\/wp-content\/uploads\/2021\/10\/2.jpg'><img decoding=\"async\" width=\"600\" height=\"400\" src=\"https:\/\/mwb.com.pl\/garnizon\/wp-content\/uploads\/2021\/10\/2.jpg\" class=\"attachment-full size-full\" alt=\"Zaj\u0119cia warsztatowe\" srcset=\"https:\/\/mwb.com.pl\/garnizon\/wp-content\/uploads\/2021\/10\/2.jpg 600w, https:\/\/mwb.com.pl\/garnizon\/wp-content\/uploads\/2021\/10\/2-300x200.jpg 300w, https:\/\/mwb.com.pl\/garnizon\/wp-content\/uploads\/2021\/10\/2-230x153.jpg 230w, https:\/\/mwb.com.pl\/garnizon\/wp-content\/uploads\/2021\/10\/2-350x233.jpg 350w, https:\/\/mwb.com.pl\/garnizon\/wp-content\/uploads\/2021\/10\/2-480x320.jpg 480w\" sizes=\"(max-width: 600px) 100vw, 600px\" \/><\/a>\n\t\t\t<\/div><\/figure><figure class='gallery-item'>\n\t\t\t<div class='gallery-icon landscape'>\n\t\t\t\t<a data-elementor-open-lightbox=\"yes\" data-elementor-lightbox-slideshow=\"a09d231\" data-elementor-lightbox-title=\"Zaj\u0119cia warsztatowe\" data-e-action-hash=\"#elementor-action%3Aaction%3Dlightbox%26settings%3DeyJpZCI6MjU5MywidXJsIjoiaHR0cHM6XC9cL213Yi5jb20ucGxcL2dhcm5pem9uXC93cC1jb250ZW50XC91cGxvYWRzXC8yMDIxXC8xMFwvMy5qcGciLCJzbGlkZXNob3ciOiJhMDlkMjMxIn0%3D\" href='https:\/\/mwb.com.pl\/garnizon\/wp-content\/uploads\/2021\/10\/3.jpg'><img decoding=\"async\" width=\"600\" height=\"400\" src=\"https:\/\/mwb.com.pl\/garnizon\/wp-content\/uploads\/2021\/10\/3.jpg\" class=\"attachment-full size-full\" alt=\"Zaj\u0119cia warsztatowe\" srcset=\"https:\/\/mwb.com.pl\/garnizon\/wp-content\/uploads\/2021\/10\/3.jpg 600w, https:\/\/mwb.com.pl\/garnizon\/wp-content\/uploads\/2021\/10\/3-300x200.jpg 300w, https:\/\/mwb.com.pl\/garnizon\/wp-content\/uploads\/2021\/10\/3-230x153.jpg 230w, https:\/\/mwb.com.pl\/garnizon\/wp-content\/uploads\/2021\/10\/3-350x233.jpg 350w, https:\/\/mwb.com.pl\/garnizon\/wp-content\/uploads\/2021\/10\/3-480x320.jpg 480w\" sizes=\"(max-width: 600px) 100vw, 600px\" \/><\/a>\n\t\t\t<\/div><\/figure><figure class='gallery-item'>\n\t\t\t<div class='gallery-icon landscape'>\n\t\t\t\t<a data-elementor-open-lightbox=\"yes\" data-elementor-lightbox-slideshow=\"a09d231\" data-elementor-lightbox-title=\"Zaj\u0119cia warsztatowe\" data-e-action-hash=\"#elementor-action%3Aaction%3Dlightbox%26settings%3DeyJpZCI6MjU5NCwidXJsIjoiaHR0cHM6XC9cL213Yi5jb20ucGxcL2dhcm5pem9uXC93cC1jb250ZW50XC91cGxvYWRzXC8yMDIxXC8xMFwvNC5qcGciLCJzbGlkZXNob3ciOiJhMDlkMjMxIn0%3D\" href='https:\/\/mwb.com.pl\/garnizon\/wp-content\/uploads\/2021\/10\/4.jpg'><img loading=\"lazy\" decoding=\"async\" width=\"600\" height=\"400\" src=\"https:\/\/mwb.com.pl\/garnizon\/wp-content\/uploads\/2021\/10\/4.jpg\" class=\"attachment-full size-full\" alt=\"Zaj\u0119cia warsztatowe\" srcset=\"https:\/\/mwb.com.pl\/garnizon\/wp-content\/uploads\/2021\/10\/4.jpg 600w, https:\/\/mwb.com.pl\/garnizon\/wp-content\/uploads\/2021\/10\/4-300x200.jpg 300w, https:\/\/mwb.com.pl\/garnizon\/wp-content\/uploads\/2021\/10\/4-230x153.jpg 230w, https:\/\/mwb.com.pl\/garnizon\/wp-content\/uploads\/2021\/10\/4-350x233.jpg 350w, https:\/\/mwb.com.pl\/garnizon\/wp-content\/uploads\/2021\/10\/4-480x320.jpg 480w\" sizes=\"(max-width: 600px) 100vw, 600px\" \/><\/a>\n\t\t\t<\/div><\/figure>\n\t\t<\/div>\n\t\t<\/div>\n\t\t\t\t\t\t<\/div>\n\t\t\t\t<\/div>\n\t\t\t\t\t<\/div>\n\t\t<\/div>\n\t\t\t\t\t<\/div>\n\t\t<\/section>\n\t\t\t\t<section class=\"elementor-section elementor-top-section elementor-element elementor-element-ff3939f elementor-section-boxed elementor-section-height-default elementor-section-height-default\" data-id=\"ff3939f\" data-element_type=\"section\" data-e-type=\"section\">\n\t\t\t\t\t\t<div class=\"elementor-container elementor-column-gap-default\">\n\t\t\t\t\t<div class=\"elementor-column elementor-col-100 elementor-top-column elementor-element elementor-element-1146e69\" data-id=\"1146e69\" data-element_type=\"column\" data-e-type=\"column\">\n\t\t\t<div class=\"elementor-widget-wrap elementor-element-populated\">\n\t\t\t\t\t\t<div class=\"elementor-element elementor-element-ceaf3ba elementor-widget-divider--view-line elementor-widget elementor-widget-divider\" data-id=\"ceaf3ba\" data-element_type=\"widget\" data-e-type=\"widget\" data-widget_type=\"divider.default\">\n\t\t\t\t<div class=\"elementor-widget-container\">\n\t\t\t\t\t\t\t<div class=\"elementor-divider\">\n\t\t\t<span class=\"elementor-divider-separator\">\n\t\t\t\t\t\t<\/span>\n\t\t<\/div>\n\t\t\t\t\t\t<\/div>\n\t\t\t\t<\/div>\n\t\t\t\t\t<\/div>\n\t\t<\/div>\n\t\t\t\t\t<\/div>\n\t\t<\/section>\n\t\t\t\t<section class=\"elementor-section elementor-top-section elementor-element elementor-element-4669917 elementor-section-boxed elementor-section-height-default elementor-section-height-default\" data-id=\"4669917\" data-element_type=\"section\" data-e-type=\"section\">\n\t\t\t\t\t\t<div class=\"elementor-container elementor-column-gap-default\">\n\t\t\t\t\t<div class=\"elementor-column elementor-col-100 elementor-top-column elementor-element elementor-element-dece972\" data-id=\"dece972\" data-element_type=\"column\" data-e-type=\"column\">\n\t\t\t<div class=\"elementor-widget-wrap elementor-element-populated\">\n\t\t\t\t\t\t<div class=\"elementor-element elementor-element-ea5ccc0 elementor-position-top elementor-widget elementor-widget-image-box\" data-id=\"ea5ccc0\" data-element_type=\"widget\" data-e-type=\"widget\" data-widget_type=\"image-box.default\">\n\t\t\t\t<div class=\"elementor-widget-container\">\n\t\t\t\t\t<div class=\"elementor-image-box-wrapper\"><figure class=\"elementor-image-box-img\"><img loading=\"lazy\" decoding=\"async\" width=\"379\" height=\"133\" src=\"https:\/\/mwb.com.pl\/garnizon\/wp-content\/uploads\/2021\/10\/CC-BY-SA.png\" class=\"attachment-full size-full wp-image-2704\" alt=\"CC-BY-SA\" srcset=\"https:\/\/mwb.com.pl\/garnizon\/wp-content\/uploads\/2021\/10\/CC-BY-SA.png 379w, https:\/\/mwb.com.pl\/garnizon\/wp-content\/uploads\/2021\/10\/CC-BY-SA-300x105.png 300w, https:\/\/mwb.com.pl\/garnizon\/wp-content\/uploads\/2021\/10\/CC-BY-SA-230x81.png 230w, https:\/\/mwb.com.pl\/garnizon\/wp-content\/uploads\/2021\/10\/CC-BY-SA-350x123.png 350w\" sizes=\"(max-width: 379px) 100vw, 379px\" \/><\/figure><div class=\"elementor-image-box-content\"><p class=\"elementor-image-box-description\">Materia\u0142y dost\u0119pne na licencji CC BY SA Uznanie Autorstwa - Na tych samych warunkach.<\/p><\/div><\/div>\t\t\t\t<\/div>\n\t\t\t\t<\/div>\n\t\t\t\t\t<\/div>\n\t\t<\/div>\n\t\t\t\t\t<\/div>\n\t\t<\/section>\n\t\t\t\t<section class=\"elementor-section elementor-top-section elementor-element elementor-element-c74fc2c elementor-section-boxed elementor-section-height-default elementor-section-height-default\" data-id=\"c74fc2c\" data-element_type=\"section\" data-e-type=\"section\">\n\t\t\t\t\t\t<div class=\"elementor-container elementor-column-gap-default\">\n\t\t\t\t\t<div class=\"elementor-column elementor-col-100 elementor-top-column elementor-element elementor-element-f0d87e5\" data-id=\"f0d87e5\" data-element_type=\"column\" data-e-type=\"column\">\n\t\t\t<div class=\"elementor-widget-wrap elementor-element-populated\">\n\t\t\t\t\t\t<div class=\"elementor-element elementor-element-0507629 elementor-widget-divider--view-line elementor-widget elementor-widget-divider\" data-id=\"0507629\" data-element_type=\"widget\" data-e-type=\"widget\" data-widget_type=\"divider.default\">\n\t\t\t\t<div class=\"elementor-widget-container\">\n\t\t\t\t\t\t\t<div class=\"elementor-divider\">\n\t\t\t<span class=\"elementor-divider-separator\">\n\t\t\t\t\t\t<\/span>\n\t\t<\/div>\n\t\t\t\t\t\t<\/div>\n\t\t\t\t<\/div>\n\t\t\t\t\t<\/div>\n\t\t<\/div>\n\t\t\t\t\t<\/div>\n\t\t<\/section>\n\t\t\t\t<\/div>\n\t\t","protected":false},"excerpt":{"rendered":"<p>WARSZTATY Muzealne warsztaty dla dzieci i m\u0142odzie\u017cy ze szczeg\u00f3lnymi potrzebami Muzeum Wojska w Bia\u0142ymstoku zaprasza grupy zorganizowane do korzystania z oferty warsztat\u00f3w edukacyjnych przygotowanych w ramach projektu \u201eBia\u0142ostocki garnizon w j\u0119zykach dost\u0119pnych\u201d. Celem warsztat\u00f3w jest budowanie wiedzy na temat dziedzictwa bia\u0142ostockiego garnizonu wojskowego w\u015br\u00f3d dzieci i m\u0142odzie\u017cy z niepe\u0142nosprawno\u015bciami wzroku, s\u0142uchu, intelektualn\u0105 i z autyzmem. [&hellip;]<\/p>\n","protected":false},"author":1,"featured_media":0,"parent":0,"menu_order":0,"comment_status":"closed","ping_status":"closed","template":"page-templates\/page_front-page.php","meta":{"h5ap_radio_sources":[],"footnotes":""},"class_list":["post-13","page","type-page","status-publish","hentry"],"_links":{"self":[{"href":"https:\/\/mwb.com.pl\/garnizon\/wp-json\/wp\/v2\/pages\/13","targetHints":{"allow":["GET"]}}],"collection":[{"href":"https:\/\/mwb.com.pl\/garnizon\/wp-json\/wp\/v2\/pages"}],"about":[{"href":"https:\/\/mwb.com.pl\/garnizon\/wp-json\/wp\/v2\/types\/page"}],"author":[{"embeddable":true,"href":"https:\/\/mwb.com.pl\/garnizon\/wp-json\/wp\/v2\/users\/1"}],"replies":[{"embeddable":true,"href":"https:\/\/mwb.com.pl\/garnizon\/wp-json\/wp\/v2\/comments?post=13"}],"version-history":[{"count":43,"href":"https:\/\/mwb.com.pl\/garnizon\/wp-json\/wp\/v2\/pages\/13\/revisions"}],"predecessor-version":[{"id":2714,"href":"https:\/\/mwb.com.pl\/garnizon\/wp-json\/wp\/v2\/pages\/13\/revisions\/2714"}],"wp:attachment":[{"href":"https:\/\/mwb.com.pl\/garnizon\/wp-json\/wp\/v2\/media?parent=13"}],"curies":[{"name":"wp","href":"https:\/\/api.w.org\/{rel}","templated":true}]}}