{"id":77,"date":"2020-09-11T13:45:27","date_gmt":"2020-09-11T11:45:27","guid":{"rendered":"https:\/\/mwb.com.pl\/autyzm\/?page_id=77"},"modified":"2021-01-13T08:17:48","modified_gmt":"2021-01-13T07:17:48","slug":"aktualnosci","status":"publish","type":"page","link":"https:\/\/mwb.com.pl\/autyzm\/aktualnosci\/","title":{"rendered":"Aktualno\u015bci"},"content":{"rendered":"\t\t<div data-elementor-type=\"wp-page\" data-elementor-id=\"77\" class=\"elementor elementor-77\">\n\t\t\t\t\t\t<section class=\"elementor-section elementor-top-section elementor-element elementor-element-756aa9d elementor-section-boxed elementor-section-height-default elementor-section-height-default\" data-id=\"756aa9d\" data-element_type=\"section\" data-e-type=\"section\">\n\t\t\t\t\t\t<div class=\"elementor-container elementor-column-gap-default\">\n\t\t\t\t\t<div class=\"elementor-column elementor-col-100 elementor-top-column elementor-element elementor-element-c0748bc\" data-id=\"c0748bc\" data-element_type=\"column\" data-e-type=\"column\">\n\t\t\t<div class=\"elementor-widget-wrap elementor-element-populated\">\n\t\t\t\t\t\t<div class=\"elementor-element elementor-element-5fd7add elementor-widget elementor-widget-heading\" data-id=\"5fd7add\" data-element_type=\"widget\" data-e-type=\"widget\" data-widget_type=\"heading.default\">\n\t\t\t\t<div class=\"elementor-widget-container\">\n\t\t\t\t\t<h4 class=\"elementor-heading-title elementor-size-default\">AKTUALNO\u015aCI<\/h4>\t\t\t\t<\/div>\n\t\t\t\t<\/div>\n\t\t\t\t\t<\/div>\n\t\t<\/div>\n\t\t\t\t\t<\/div>\n\t\t<\/section>\n\t\t\t\t<section class=\"elementor-section elementor-top-section elementor-element elementor-element-a5ee55a elementor-section-boxed elementor-section-height-default elementor-section-height-default\" data-id=\"a5ee55a\" data-element_type=\"section\" data-e-type=\"section\">\n\t\t\t\t\t\t<div class=\"elementor-container elementor-column-gap-default\">\n\t\t\t\t\t<div class=\"elementor-column elementor-col-100 elementor-top-column elementor-element elementor-element-e3002fd\" data-id=\"e3002fd\" data-element_type=\"column\" data-e-type=\"column\">\n\t\t\t<div class=\"elementor-widget-wrap elementor-element-populated\">\n\t\t\t\t\t\t<div class=\"elementor-element elementor-element-695b258 elementor-widget elementor-widget-heading\" data-id=\"695b258\" data-element_type=\"widget\" data-e-type=\"widget\" data-widget_type=\"heading.default\">\n\t\t\t\t<div class=\"elementor-widget-container\">\n\t\t\t\t\t<h5 class=\"elementor-heading-title elementor-size-default\">Nagranie z webinarium podsumowuj\u0105cego projekt<\/h5>\t\t\t\t<\/div>\n\t\t\t\t<\/div>\n\t\t\t\t\t<\/div>\n\t\t<\/div>\n\t\t\t\t\t<\/div>\n\t\t<\/section>\n\t\t\t\t<section class=\"elementor-section elementor-top-section elementor-element elementor-element-fbf1073 elementor-section-boxed elementor-section-height-default elementor-section-height-default\" data-id=\"fbf1073\" data-element_type=\"section\" data-e-type=\"section\">\n\t\t\t\t\t\t<div class=\"elementor-container elementor-column-gap-default\">\n\t\t\t\t\t<div class=\"elementor-column elementor-col-100 elementor-top-column elementor-element elementor-element-cba4fd6\" data-id=\"cba4fd6\" data-element_type=\"column\" data-e-type=\"column\">\n\t\t\t<div class=\"elementor-widget-wrap elementor-element-populated\">\n\t\t\t\t\t\t<div class=\"elementor-element elementor-element-6901d68 elementor-widget elementor-widget-text-editor\" data-id=\"6901d68\" data-element_type=\"widget\" data-e-type=\"widget\" data-widget_type=\"text-editor.default\">\n\t\t\t\t<div class=\"elementor-widget-container\">\n\t\t\t\t\t\t\t\t\t<p>Zapraszamy do wys\u0142uchania webinarium podsumowuj\u0105cego projekt \u201eAutyzm bli\u017cej. Dostosowanie oferty edukacyjnej i kulturalnej Muzeum Wojska w Bia\u0142ymstoku do potrzeb os\u00f3b z autyzmem\u201d. Koordynatorki projektu opowiadaj\u0105 o efektach dzia\u0142a\u0144 projektowych oraz o specyfice pracy z osobami z autyzmem.<\/p><p><a href=\"https:\/\/mwb.com.pl\/autyzm\/materialy\/\">Wi\u0119cej&#8230;<\/a><\/p>\t\t\t\t\t\t\t\t<\/div>\n\t\t\t\t<\/div>\n\t\t\t\t\t<\/div>\n\t\t<\/div>\n\t\t\t\t\t<\/div>\n\t\t<\/section>\n\t\t\t\t<section class=\"elementor-section elementor-top-section elementor-element elementor-element-406e3af elementor-section-boxed elementor-section-height-default elementor-section-height-default\" data-id=\"406e3af\" data-element_type=\"section\" data-e-type=\"section\">\n\t\t\t\t\t\t<div class=\"elementor-container elementor-column-gap-default\">\n\t\t\t\t\t<div class=\"elementor-column elementor-col-100 elementor-top-column elementor-element elementor-element-0235e06\" data-id=\"0235e06\" data-element_type=\"column\" data-e-type=\"column\">\n\t\t\t<div class=\"elementor-widget-wrap elementor-element-populated\">\n\t\t\t\t\t\t<div class=\"elementor-element elementor-element-49c35e8 elementor-widget elementor-widget-heading\" data-id=\"49c35e8\" data-element_type=\"widget\" data-e-type=\"widget\" data-widget_type=\"heading.default\">\n\t\t\t\t<div class=\"elementor-widget-container\">\n\t\t\t\t\t<h5 class=\"elementor-heading-title elementor-size-default\">Zaproszenie na webinarium: Pakiet edukacyjny \u201eAutyzm bli\u017cej\u201d<\/h5>\t\t\t\t<\/div>\n\t\t\t\t<\/div>\n\t\t\t\t\t<\/div>\n\t\t<\/div>\n\t\t\t\t\t<\/div>\n\t\t<\/section>\n\t\t\t\t<section class=\"elementor-section elementor-top-section elementor-element elementor-element-f1568bd elementor-section-boxed elementor-section-height-default elementor-section-height-default\" data-id=\"f1568bd\" data-element_type=\"section\" data-e-type=\"section\">\n\t\t\t\t\t\t<div class=\"elementor-container elementor-column-gap-default\">\n\t\t\t\t\t<div class=\"elementor-column elementor-col-100 elementor-top-column elementor-element elementor-element-4bdab6a\" data-id=\"4bdab6a\" data-element_type=\"column\" data-e-type=\"column\">\n\t\t\t<div class=\"elementor-widget-wrap elementor-element-populated\">\n\t\t\t\t\t\t<div class=\"elementor-element elementor-element-628d54e elementor-widget elementor-widget-text-editor\" data-id=\"628d54e\" data-element_type=\"widget\" data-e-type=\"widget\" data-widget_type=\"text-editor.default\">\n\t\t\t\t<div class=\"elementor-widget-container\">\n\t\t\t\t\t\t\t\t\t<p>Zapraszamy do udzia\u0142u w webinarium podsumowuj\u0105cym projekt \u201eAutyzm bli\u017cej. Dostosowanie oferty edukacyjnej i kulturalnej Muzeum Wojska w Bia\u0142ymstoku do potrzeb os\u00f3b z autyzmem\u201d. W trakcie spotkania koordynatorki projektu opowiedz\u0105 o g\u0142\u00f3wnych jego za\u0142o\u017ceniach i uzyskanych efektach. Wydarzenie odb\u0119dzie si\u0119 16 grudnia 2020 r. o godz. 12. Aby zapisa\u0107 si\u0119 na wydarzenie, nale\u017cy skorzysta\u0107 z formularza dost\u0119pnego na stronie internetowej projektu <a href=\"https:\/\/mwb.com.pl\/autyzm\/formularz\">www.mwb.com.pl\/projektautyzm\/formularz<\/a><\/p><p><a href=\"https:\/\/mwb.com.pl\/autyzm\/webinarium\/\">Wi\u0119cej&#8230;<\/a><\/p>\t\t\t\t\t\t\t\t<\/div>\n\t\t\t\t<\/div>\n\t\t\t\t\t<\/div>\n\t\t<\/div>\n\t\t\t\t\t<\/div>\n\t\t<\/section>\n\t\t\t\t<section class=\"elementor-section elementor-top-section elementor-element elementor-element-aacee83 elementor-section-boxed elementor-section-height-default elementor-section-height-default\" data-id=\"aacee83\" data-element_type=\"section\" data-e-type=\"section\">\n\t\t\t\t\t\t<div class=\"elementor-container elementor-column-gap-default\">\n\t\t\t\t\t<div class=\"elementor-column elementor-col-100 elementor-top-column elementor-element elementor-element-8827ac7\" data-id=\"8827ac7\" data-element_type=\"column\" data-e-type=\"column\">\n\t\t\t<div class=\"elementor-widget-wrap elementor-element-populated\">\n\t\t\t\t\t\t<div class=\"elementor-element elementor-element-b2787c1 elementor-widget elementor-widget-heading\" data-id=\"b2787c1\" data-element_type=\"widget\" data-e-type=\"widget\" data-widget_type=\"heading.default\">\n\t\t\t\t<div class=\"elementor-widget-container\">\n\t\t\t\t\t<h5 class=\"elementor-heading-title elementor-size-default\">Materia\u0142y filmowe<\/h5>\t\t\t\t<\/div>\n\t\t\t\t<\/div>\n\t\t\t\t\t<\/div>\n\t\t<\/div>\n\t\t\t\t\t<\/div>\n\t\t<\/section>\n\t\t\t\t<section class=\"elementor-section elementor-top-section elementor-element elementor-element-9886c97 elementor-section-boxed elementor-section-height-default elementor-section-height-default\" data-id=\"9886c97\" data-element_type=\"section\" data-e-type=\"section\">\n\t\t\t\t\t\t<div class=\"elementor-container elementor-column-gap-default\">\n\t\t\t\t\t<div class=\"elementor-column elementor-col-100 elementor-top-column elementor-element elementor-element-dc5c459\" data-id=\"dc5c459\" data-element_type=\"column\" data-e-type=\"column\">\n\t\t\t<div class=\"elementor-widget-wrap elementor-element-populated\">\n\t\t\t\t\t\t<div class=\"elementor-element elementor-element-126a7d2 elementor-widget elementor-widget-text-editor\" data-id=\"126a7d2\" data-element_type=\"widget\" data-e-type=\"widget\" data-widget_type=\"text-editor.default\">\n\t\t\t\t<div class=\"elementor-widget-container\">\n\t\t\t\t\t\t\t\t\t<p>Polecamy materia\u0142y filmowe uzupe\u0142niaj\u0105ce tre\u015bci pakietu edukacyjnego. S\u0105 to instrukcje prowadzenia warsztat\u00f3w wed\u0142ug muzealnych scenariuszy, a tak\u017ce fragmenty \u015bcie\u017cki oprowadzania po wystawach sta\u0142ych. Pokazane zosta\u0142y zbiory znajduj\u0105ce si\u0119 na ekspozycjach, dzi\u0119ki czemu filmy mog\u0105 by\u0107 prezentowane w trakcie lekcji lub zaj\u0119\u0107 edukacyjnych.<\/p><p><a href=\"https:\/\/mwb.com.pl\/autyzm\/filmy\/\">Wi\u0119cej&#8230;<\/a><\/p>\t\t\t\t\t\t\t\t<\/div>\n\t\t\t\t<\/div>\n\t\t\t\t\t<\/div>\n\t\t<\/div>\n\t\t\t\t\t<\/div>\n\t\t<\/section>\n\t\t\t\t<section class=\"elementor-section elementor-top-section elementor-element elementor-element-8a5b390 elementor-section-boxed elementor-section-height-default elementor-section-height-default\" data-id=\"8a5b390\" data-element_type=\"section\" data-e-type=\"section\">\n\t\t\t\t\t\t<div class=\"elementor-container elementor-column-gap-default\">\n\t\t\t\t\t<div class=\"elementor-column elementor-col-100 elementor-top-column elementor-element elementor-element-b753a59\" data-id=\"b753a59\" data-element_type=\"column\" data-e-type=\"column\">\n\t\t\t<div class=\"elementor-widget-wrap elementor-element-populated\">\n\t\t\t\t\t\t<div class=\"elementor-element elementor-element-ae4a18e elementor-widget elementor-widget-heading\" data-id=\"ae4a18e\" data-element_type=\"widget\" data-e-type=\"widget\" data-widget_type=\"heading.default\">\n\t\t\t\t<div class=\"elementor-widget-container\">\n\t\t\t\t\t<h5 class=\"elementor-heading-title elementor-size-default\">Pakiet edukacyjny w drodze<\/h5>\t\t\t\t<\/div>\n\t\t\t\t<\/div>\n\t\t\t\t\t<\/div>\n\t\t<\/div>\n\t\t\t\t\t<\/div>\n\t\t<\/section>\n\t\t\t\t<section class=\"elementor-section elementor-top-section elementor-element elementor-element-660b7b1 elementor-section-boxed elementor-section-height-default elementor-section-height-default\" data-id=\"660b7b1\" data-element_type=\"section\" data-e-type=\"section\">\n\t\t\t\t\t\t<div class=\"elementor-container elementor-column-gap-default\">\n\t\t\t\t\t<div class=\"elementor-column elementor-col-100 elementor-top-column elementor-element elementor-element-273ce08\" data-id=\"273ce08\" data-element_type=\"column\" data-e-type=\"column\">\n\t\t\t<div class=\"elementor-widget-wrap elementor-element-populated\">\n\t\t\t\t\t\t<div class=\"elementor-element elementor-element-0978ffd elementor-widget elementor-widget-text-editor\" data-id=\"0978ffd\" data-element_type=\"widget\" data-e-type=\"widget\" data-widget_type=\"text-editor.default\">\n\t\t\t\t<div class=\"elementor-widget-container\">\n\t\t\t\t\t\t\t\t\t<p>Mi\u0142o nam poinformowa\u0107, \u017ce rozes\u0142ali\u015bmy 200 egzemplarzy drukowanego pakietu edukacyjnego, wydanego w ramach projektu \u201eAutyzm bli\u017cej. Dostosowanie oferty edukacyjnej i kulturalnej Muzeum Wojska w Bia\u0142ymstoku do potrzeb os\u00f3b z autyzmem\u201d. Pakiety trafi\u0105 do wybranych bibliotek, instytucji kultury i szk\u00f3\u0142 w ca\u0142ym wojew\u00f3dztwie podlaskim. Mamy nadziej\u0119, \u017ce w ten spos\u00f3b dotrzemy z nasz\u0105 ofert\u0105 edukacyjn\u0105 do os\u00f3b ze spektrum autyzmu w regionie.<\/p><p><a href=\"https:\/\/mwb.com.pl\/autyzm\/materialy\/\">Wi\u0119cej&#8230;<\/a><\/p>\t\t\t\t\t\t\t\t<\/div>\n\t\t\t\t<\/div>\n\t\t\t\t\t<\/div>\n\t\t<\/div>\n\t\t\t\t\t<\/div>\n\t\t<\/section>\n\t\t\t\t<section class=\"elementor-section elementor-top-section elementor-element elementor-element-5cbca61 elementor-section-boxed elementor-section-height-default elementor-section-height-default\" data-id=\"5cbca61\" data-element_type=\"section\" data-e-type=\"section\">\n\t\t\t\t\t\t<div class=\"elementor-container elementor-column-gap-default\">\n\t\t\t\t\t<div class=\"elementor-column elementor-col-100 elementor-top-column elementor-element elementor-element-ec4ab45\" data-id=\"ec4ab45\" data-element_type=\"column\" data-e-type=\"column\">\n\t\t\t<div class=\"elementor-widget-wrap elementor-element-populated\">\n\t\t\t\t\t\t<div class=\"elementor-element elementor-element-8880c64 elementor-widget elementor-widget-heading\" data-id=\"8880c64\" data-element_type=\"widget\" data-e-type=\"widget\" data-widget_type=\"heading.default\">\n\t\t\t\t<div class=\"elementor-widget-container\">\n\t\t\t\t\t<h5 class=\"elementor-heading-title elementor-size-default\">Bezp\u0142atny Pakiet Edukacyjny do pobrania<\/h5>\t\t\t\t<\/div>\n\t\t\t\t<\/div>\n\t\t\t\t\t<\/div>\n\t\t<\/div>\n\t\t\t\t\t<\/div>\n\t\t<\/section>\n\t\t\t\t<section class=\"elementor-section elementor-top-section elementor-element elementor-element-10f03aa elementor-section-boxed elementor-section-height-default elementor-section-height-default\" data-id=\"10f03aa\" data-element_type=\"section\" data-e-type=\"section\">\n\t\t\t\t\t\t<div class=\"elementor-container elementor-column-gap-default\">\n\t\t\t\t\t<div class=\"elementor-column elementor-col-100 elementor-top-column elementor-element elementor-element-74d9608\" data-id=\"74d9608\" data-element_type=\"column\" data-e-type=\"column\">\n\t\t\t<div class=\"elementor-widget-wrap elementor-element-populated\">\n\t\t\t\t\t\t<div class=\"elementor-element elementor-element-13fb6a6 elementor-widget elementor-widget-text-editor\" data-id=\"13fb6a6\" data-element_type=\"widget\" data-e-type=\"widget\" data-widget_type=\"text-editor.default\">\n\t\t\t\t<div class=\"elementor-widget-container\">\n\t\t\t\t\t\t\t\t\t<p>Zapraszamy do zapoznania si\u0119 z tre\u015bciami Pakietu Edukacyjnego przygotowanego przez zesp\u00f3\u0142 edukator\u00f3w Muzeum. Celem autor\u00f3w by\u0142o opracowanie \u0107wicze\u0144 pozwalaj\u0105cych na wykorzystanie obiekt\u00f3w muzealnych do pracy z osobami ze spektrum autyzmu, w zakresie edukacji historycznej, jak i kulturalnej. Scenariusze zaj\u0119\u0107 oraz materia\u0142y niezb\u0119dne do ich realizacji zosta\u0142y udost\u0119pnione bezp\u0142atnie na licencji CC-BY-NC-ND.<br \/><a href=\"https:\/\/mwb.com.pl\/autyzm\/pakiet-edukacyjny\/\">Wi\u0119cej\u2026 <\/a><\/p>\t\t\t\t\t\t\t\t<\/div>\n\t\t\t\t<\/div>\n\t\t\t\t\t<\/div>\n\t\t<\/div>\n\t\t\t\t\t<\/div>\n\t\t<\/section>\n\t\t\t\t<section class=\"elementor-section elementor-top-section elementor-element elementor-element-e3375d1 elementor-section-boxed elementor-section-height-default elementor-section-height-default\" data-id=\"e3375d1\" data-element_type=\"section\" data-e-type=\"section\">\n\t\t\t\t\t\t<div class=\"elementor-container elementor-column-gap-default\">\n\t\t\t\t\t<div class=\"elementor-column elementor-col-100 elementor-top-column elementor-element elementor-element-246f048\" data-id=\"246f048\" data-element_type=\"column\" data-e-type=\"column\">\n\t\t\t<div class=\"elementor-widget-wrap elementor-element-populated\">\n\t\t\t\t\t\t<div class=\"elementor-element elementor-element-9bbb6ca elementor-widget elementor-widget-heading\" data-id=\"9bbb6ca\" data-element_type=\"widget\" data-e-type=\"widget\" data-widget_type=\"heading.default\">\n\t\t\t\t<div class=\"elementor-widget-container\">\n\t\t\t\t\t<h5 class=\"elementor-heading-title elementor-size-default\">Sobotnie warsztaty dla rodzin z dzie\u0107mi z autyzmem<\/h5>\t\t\t\t<\/div>\n\t\t\t\t<\/div>\n\t\t\t\t\t<\/div>\n\t\t<\/div>\n\t\t\t\t\t<\/div>\n\t\t<\/section>\n\t\t\t\t<section class=\"elementor-section elementor-top-section elementor-element elementor-element-6e6805a elementor-section-boxed elementor-section-height-default elementor-section-height-default\" data-id=\"6e6805a\" data-element_type=\"section\" data-e-type=\"section\">\n\t\t\t\t\t\t<div class=\"elementor-container elementor-column-gap-default\">\n\t\t\t\t\t<div class=\"elementor-column elementor-col-100 elementor-top-column elementor-element elementor-element-2e76233\" data-id=\"2e76233\" data-element_type=\"column\" data-e-type=\"column\">\n\t\t\t<div class=\"elementor-widget-wrap elementor-element-populated\">\n\t\t\t\t\t\t<div class=\"elementor-element elementor-element-28d58fd elementor-widget elementor-widget-text-editor\" data-id=\"28d58fd\" data-element_type=\"widget\" data-e-type=\"widget\" data-widget_type=\"text-editor.default\">\n\t\t\t\t<div class=\"elementor-widget-container\">\n\t\t\t\t\t\t\t\t\t<p>Serdecznie zapraszamy do udzia\u0142u w warsztatach rodzinnych, przygotowanych z my\u015bl\u0105 o potrzebach dzieci z autyzmem wraz z opiekunami. Spotkania odb\u0119d\u0105 si\u0119 w siedzibie Muzeum Wojska w Bia\u0142ymstoku przy ul. Kili\u0144skiego 7. Udzia\u0142 w zaj\u0119ciach jest bezp\u0142atny. Liczba miejsc ograniczona, zg\u0142oszenia przyjmowane s\u0105 mailowo (mwilczko@mwb.com.pl) i telefonicznie (nr tel. 536 123 424). Decydowa\u0107 b\u0119dzie kolejno\u015b\u0107 zapis\u00f3w. Obecno\u015b\u0107 opiekun\u00f3w obowi\u0105zkowa.<\/p><p>Terminy i tematy spotka\u0144:<\/p><p><strong>10 pa\u017adziernika 2020 r.<\/strong> \u017bo\u0142nierskie niezb\u0119dniki<\/p><p><strong>17 pa\u017adziernika 2020 r.<\/strong> Dawny Bia\u0142ystok &#8211; <strong>ODWO\u0141ANE<\/strong><\/p><p><strong>24 pa\u017adziernika 2020 r.<\/strong> \u017bo\u0142nierz w terenie &#8211; <strong>ODWO\u0141ANE<\/strong><\/p><p>Pocz\u0105tek zaj\u0119\u0107: godz. 11. Czas trwania: 45 minut.<br \/>Opisy warsztat\u00f3w znajduj\u0105 si\u0119 w zak\u0142adce <strong><a href=\"https:\/\/mwb.com.pl\/autyzm\/oferta-edukacyjna\/\">Oferta edukacyjna<\/a><\/strong>.<\/p>\t\t\t\t\t\t\t\t<\/div>\n\t\t\t\t<\/div>\n\t\t\t\t\t<\/div>\n\t\t<\/div>\n\t\t\t\t\t<\/div>\n\t\t<\/section>\n\t\t\t\t<section class=\"elementor-section elementor-top-section elementor-element elementor-element-254d1eb elementor-section-boxed elementor-section-height-default elementor-section-height-default\" data-id=\"254d1eb\" data-element_type=\"section\" data-e-type=\"section\">\n\t\t\t\t\t\t<div class=\"elementor-container elementor-column-gap-default\">\n\t\t\t\t\t<div class=\"elementor-column elementor-col-100 elementor-top-column elementor-element elementor-element-3478248\" data-id=\"3478248\" data-element_type=\"column\" data-e-type=\"column\">\n\t\t\t<div class=\"elementor-widget-wrap elementor-element-populated\">\n\t\t\t\t\t\t<div class=\"elementor-element elementor-element-2a2ad75 elementor-widget elementor-widget-heading\" data-id=\"2a2ad75\" data-element_type=\"widget\" data-e-type=\"widget\" data-widget_type=\"heading.default\">\n\t\t\t\t<div class=\"elementor-widget-container\">\n\t\t\t\t\t<h5 class=\"elementor-heading-title elementor-size-default\">Warsztaty edukacyjne dla grup zorganizowanych<\/h5>\t\t\t\t<\/div>\n\t\t\t\t<\/div>\n\t\t\t\t\t<\/div>\n\t\t<\/div>\n\t\t\t\t\t<\/div>\n\t\t<\/section>\n\t\t\t\t<section class=\"elementor-section elementor-top-section elementor-element elementor-element-8e16cce elementor-section-boxed elementor-section-height-default elementor-section-height-default\" data-id=\"8e16cce\" data-element_type=\"section\" data-e-type=\"section\">\n\t\t\t\t\t\t<div class=\"elementor-container elementor-column-gap-default\">\n\t\t\t\t\t<div class=\"elementor-column elementor-col-100 elementor-top-column elementor-element elementor-element-9266b61\" data-id=\"9266b61\" data-element_type=\"column\" data-e-type=\"column\">\n\t\t\t<div class=\"elementor-widget-wrap elementor-element-populated\">\n\t\t\t\t\t\t<div class=\"elementor-element elementor-element-72f2c31 elementor-widget elementor-widget-text-editor\" data-id=\"72f2c31\" data-element_type=\"widget\" data-e-type=\"widget\" data-widget_type=\"text-editor.default\">\n\t\t\t\t<div class=\"elementor-widget-container\">\n\t\t\t\t\t\t\t\t\t<p>Ruszy\u0142y zapisy na warsztaty edukacyjne. Zapraszamy grupy os\u00f3b z autyzmem oraz grupy integracyjne. Oferta zawiera pi\u0119\u0107 temat\u00f3w, opracowanych pod k\u0105tem potrzeb odbiorc\u00f3w. Z uwagi na remont w siedzibie Muzeum Wojska w Bia\u0142ymstoku, warsztaty b\u0119d\u0105 si\u0119 odbywa\u0107 na Stadionie przy ul. S\u0142onecznej 1. Mo\u017cliwa jest tak\u017ce realizacja zaj\u0119\u0107 w siedzibie zamawiaj\u0105cego. Udzia\u0142 w warsztatach jest bezp\u0142atny. <br \/><a href=\"https:\/\/mwb.com.pl\/autyzm\/oferta-edukacyjna\/\">Wi\u0119cej\u2026<\/a><\/p>\t\t\t\t\t\t\t\t<\/div>\n\t\t\t\t<\/div>\n\t\t\t\t\t<\/div>\n\t\t<\/div>\n\t\t\t\t\t<\/div>\n\t\t<\/section>\n\t\t\t\t<\/div>\n\t\t","protected":false},"excerpt":{"rendered":"<p>AKTUALNO\u015aCI Nagranie z webinarium podsumowuj\u0105cego projekt Zapraszamy do wys\u0142uchania webinarium podsumowuj\u0105cego projekt \u201eAutyzm bli\u017cej. Dostosowanie oferty edukacyjnej i kulturalnej Muzeum Wojska w Bia\u0142ymstoku do potrzeb os\u00f3b z autyzmem\u201d. Koordynatorki projektu opowiadaj\u0105 o efektach dzia\u0142a\u0144 projektowych oraz o specyfice pracy z osobami z autyzmem. Wi\u0119cej&#8230; Zaproszenie na webinarium: Pakiet edukacyjny \u201eAutyzm bli\u017cej\u201d Zapraszamy do udzia\u0142u w [&hellip;]<\/p>\n","protected":false},"author":1,"featured_media":0,"parent":0,"menu_order":0,"comment_status":"closed","ping_status":"closed","template":"page-templates\/page_front-page.php","meta":{"h5ap_radio_sources":[],"footnotes":""},"class_list":["post-77","page","type-page","status-publish","hentry"],"_links":{"self":[{"href":"https:\/\/mwb.com.pl\/autyzm\/wp-json\/wp\/v2\/pages\/77","targetHints":{"allow":["GET"]}}],"collection":[{"href":"https:\/\/mwb.com.pl\/autyzm\/wp-json\/wp\/v2\/pages"}],"about":[{"href":"https:\/\/mwb.com.pl\/autyzm\/wp-json\/wp\/v2\/types\/page"}],"author":[{"embeddable":true,"href":"https:\/\/mwb.com.pl\/autyzm\/wp-json\/wp\/v2\/users\/1"}],"replies":[{"embeddable":true,"href":"https:\/\/mwb.com.pl\/autyzm\/wp-json\/wp\/v2\/comments?post=77"}],"version-history":[{"count":58,"href":"https:\/\/mwb.com.pl\/autyzm\/wp-json\/wp\/v2\/pages\/77\/revisions"}],"predecessor-version":[{"id":609,"href":"https:\/\/mwb.com.pl\/autyzm\/wp-json\/wp\/v2\/pages\/77\/revisions\/609"}],"wp:attachment":[{"href":"https:\/\/mwb.com.pl\/autyzm\/wp-json\/wp\/v2\/media?parent=77"}],"curies":[{"name":"wp","href":"https:\/\/api.w.org\/{rel}","templated":true}]}}