{"id":445,"date":"2020-12-08T11:17:25","date_gmt":"2020-12-08T10:17:25","guid":{"rendered":"https:\/\/mwb.com.pl\/autyzm\/?page_id=445"},"modified":"2020-12-08T11:27:02","modified_gmt":"2020-12-08T10:27:02","slug":"webinarium","status":"publish","type":"page","link":"https:\/\/mwb.com.pl\/autyzm\/webinarium\/","title":{"rendered":"WEBINARIUM"},"content":{"rendered":"<h4><\/h4>\n<p>&nbsp;<\/p>\n<h4>\n<p style=\"color: #1f2493; text-align: center;\">ZAPROSZENIE NA WEBINARIUM: PAKIET EDUKACYJNY \u201eAUTYZM BLI\u017bEJ\u201d<\/p>\n<\/h4>\n<p>Zapraszamy do udzia\u0142u w webinarium podsumowuj\u0105cym projekt \u201eAutyzm bli\u017cej. Dostosowanie oferty edukacyjnej i kulturalnej Muzeum Wojska w Bia\u0142ymstoku do potrzeb os\u00f3b z autyzmem\u201d. W trakcie spotkania koordynatorki projektu opowiedz\u0105 o g\u0142\u00f3wnych jego za\u0142o\u017ceniach i uzyskanych efektach. G\u0142\u00f3wnym tematem b\u0119dzie opublikowany pakiet edukacyjny \u201eAutyzm bli\u017cej\u201d, zawieraj\u0105cy scenariusze zaj\u0119\u0107 edukacyjnych, opracowane z my\u015bl\u0105 o osobach ze spektrum autyzmu. Zosta\u0142y one oparte o tre\u015bci muzealnych wystaw. Celem autor\u00f3w by\u0142o dostarczenie efektywnych i atrakcyjnych rozwi\u0105za\u0144 edukacyjnych w zakresie edukacji historycznej i kulturalnej. Pakiet skierowany jest do wszystkich, kt\u00f3rzy na co dzie\u0144 pracuj\u0105 z osobami z autyzmem, w szczeg\u00f3lno\u015bci rodzic\u00f3w, nauczycieli oraz edukator\u00f3w w instytucjach kultury. Na stronie projektu udost\u0119pnione zosta\u0142y tak\u017ce materia\u0142y filmowe uzupe\u0142niaj\u0105ce tre\u015bci pakietu. S\u0105 to instrukcje prowadzenia wybranych scenariuszy oraz fragmenty oprowadzania po muzealnych wystawach. Podczas webinarium zostanie om\u00f3wiona nie tylko konstrukcja pakietu oraz mo\u017cliwo\u015bci korzystania z jego zawarto\u015bci, podane zostan\u0105 tak\u017ce wskaz\u00f3wki do prowadzenia zaj\u0119\u0107 dla os\u00f3b z autyzmem.<\/p>\n<p><strong>Dla kogo to webinarium?<\/strong><br \/>\nWydarzenie jest dedykowane przede wszystkim nauczycielom i terapeutom, kt\u00f3rzy chc\u0105 pozna\u0107 proponowane przez nas materia\u0142y edukacyjne. Zapraszamy koleg\u00f3w z instytucji kultury czy bibliotek, kt\u00f3rzy chc\u0105 wymieni\u0107 swoje opinie i do\u015bwiadczenia. B\u0119dzie nam milo go\u015bci\u0107 rodzic\u00f3w, kt\u00f3rzy s\u0105 zainteresowani materia\u0142ami do pracy indywidualnej z dzieckiem w domu. Zapraszamy wszystkich, kt\u00f3rzy chc\u0105 podzieli\u0107 si\u0119 swoimi do\u015bwiadczeniami w pracy z osobami z autyzmem, nie tylko w zakresie edukacji historycznej czy kulturalnej.<\/p>\n<p>Webinarium odb\u0119dzie si\u0119 16 grudnia 2020 r. o godz. 12. Aby zapisa\u0107 si\u0119 na wydarzenie, nale\u017cy skorzysta\u0107 z formularza dost\u0119pnego na stronie internetowej projektu <a href=\"https:\/\/www.mwb.com.pl\/autyzm\/formularz\" rel=\"noopener noreferrer\" target=\"_blank\">www.mwb.com.pl\/projektautyzm\/formularz<\/a><\/p>\n<p>Wydarzenie b\u0119dzie transmitowane na \u017cywo na kanale Muzeum Wojska w Bia\u0142ymstoku na youtube.com.<br \/>\nPakiet edukacyjny oraz materia\u0142y pomocnicze s\u0105 dost\u0119pne na stronie: www.mwb.com.pl\/projektautyzm<br \/>\n<strong><br \/>\nUdzia\u0142 bezp\u0142atny.<\/p>\n","protected":false},"excerpt":{"rendered":"<p>&nbsp; ZAPROSZENIE NA WEBINARIUM: PAKIET EDUKACYJNY \u201eAUTYZM BLI\u017bEJ\u201d Zapraszamy do udzia\u0142u w webinarium podsumowuj\u0105cym projekt \u201eAutyzm bli\u017cej. Dostosowanie oferty edukacyjnej i kulturalnej Muzeum Wojska w Bia\u0142ymstoku do potrzeb os\u00f3b z autyzmem\u201d. W trakcie spotkania koordynatorki projektu opowiedz\u0105 o g\u0142\u00f3wnych jego za\u0142o\u017ceniach i uzyskanych efektach. G\u0142\u00f3wnym tematem b\u0119dzie opublikowany pakiet edukacyjny \u201eAutyzm bli\u017cej\u201d, zawieraj\u0105cy scenariusze zaj\u0119\u0107 [&hellip;]<\/p>\n","protected":false},"author":1,"featured_media":0,"parent":0,"menu_order":0,"comment_status":"closed","ping_status":"closed","template":"page-templates\/page_front-page.php","meta":{"h5ap_radio_sources":[],"footnotes":""},"class_list":["post-445","page","type-page","status-publish","hentry"],"_links":{"self":[{"href":"https:\/\/mwb.com.pl\/autyzm\/wp-json\/wp\/v2\/pages\/445","targetHints":{"allow":["GET"]}}],"collection":[{"href":"https:\/\/mwb.com.pl\/autyzm\/wp-json\/wp\/v2\/pages"}],"about":[{"href":"https:\/\/mwb.com.pl\/autyzm\/wp-json\/wp\/v2\/types\/page"}],"author":[{"embeddable":true,"href":"https:\/\/mwb.com.pl\/autyzm\/wp-json\/wp\/v2\/users\/1"}],"replies":[{"embeddable":true,"href":"https:\/\/mwb.com.pl\/autyzm\/wp-json\/wp\/v2\/comments?post=445"}],"version-history":[{"count":7,"href":"https:\/\/mwb.com.pl\/autyzm\/wp-json\/wp\/v2\/pages\/445\/revisions"}],"predecessor-version":[{"id":455,"href":"https:\/\/mwb.com.pl\/autyzm\/wp-json\/wp\/v2\/pages\/445\/revisions\/455"}],"wp:attachment":[{"href":"https:\/\/mwb.com.pl\/autyzm\/wp-json\/wp\/v2\/media?parent=445"}],"curies":[{"name":"wp","href":"https:\/\/api.w.org\/{rel}","templated":true}]}}