{"id":15,"date":"2020-10-16T11:56:14","date_gmt":"2020-10-16T09:56:14","guid":{"rendered":"https:\/\/mwb.com.pl\/aprowizacja\/?page_id=15"},"modified":"2022-02-23T14:13:45","modified_gmt":"2022-02-23T13:13:45","slug":"strona-glowna","status":"publish","type":"page","link":"https:\/\/mwb.com.pl\/aprowizacja\/","title":{"rendered":"Strona g\u0142\u00f3wna"},"content":{"rendered":"<div id=\"pl-15\"  class=\"panel-layout\" ><div id=\"pg-15-0\"  class=\"panel-grid panel-has-style\" ><div class=\"siteorigin-panels-stretch panel-row-style panel-row-style-for-15-0\" data-stretch-type=\"full\" ><div id=\"pgc-15-0-0\"  class=\"panel-grid-cell\" ><div id=\"panel-15-0-0-0\" class=\"so-panel widget widget_text panel-first-child\" data-index=\"0\" ><div class=\"panel-widget-style panel-widget-style-for-15-0-0-0\" >\t\t\t<div class=\"textwidget\"><div id=\"content\"><\/div>\n<p style=\"color: #ffffff; background-color: rgb(0,0,0,0.01);\">Wojsko chce je\u015b\u0107<\/p>\n<\/div>\n\t\t<\/div><\/div><div id=\"panel-15-0-0-1\" class=\"so-panel widget widget_text\" data-index=\"1\" ><div class=\"panel-widget-style panel-widget-style-for-15-0-0-1\" >\t\t\t<div class=\"textwidget\"><p style=\"color: #ffffff; background-color: rgb(0,0,0,0.01);\">Aprowizacja wojskowa 1914 &#8211; 1945<\/p>\n<\/div>\n\t\t<\/div><\/div><div id=\"panel-15-0-0-2\" class=\"so-panel widget widget_sow-button panel-last-child\" data-index=\"2\" ><div class=\"panel-widget-style panel-widget-style-for-15-0-0-2\" ><div\n\t\t\t\n\t\t\tclass=\"so-widget-sow-button so-widget-sow-button-wire-c810ec6259d2-15\"\n\t\t\t\n\t\t><div class=\"ow-button-base ow-button-align-center\"\n>\n\t\t\t<a\n\t\t\t\t\thref=\"#wstep\"\n\t\t\t\t\tclass=\"sowb-button ow-icon-placement-left ow-button-hover\" \t>\n\t\t<span>\n\t\t\t\n\t\t\tPRZEJD\u0179 DALEJ\t\t<\/span>\n\t\t\t<\/a>\n\t<\/div>\n<\/div><\/div><\/div><\/div><\/div><\/div><div id=\"pg-15-1\"  class=\"panel-grid panel-has-style\" ><div class=\"siteorigin-panels-stretch panel-row-style panel-row-style-for-15-1\" id=\"wstep\" data-stretch-type=\"full\" ><div id=\"pgc-15-1-0\"  class=\"panel-grid-cell panel-grid-cell-empty\" ><\/div><\/div><\/div><div id=\"pg-15-2\"  class=\"panel-grid panel-has-style\" ><div class=\"lsow-dark-bg panel-row-style panel-row-style-for-15-2\" ><div id=\"pgc-15-2-0\"  class=\"panel-grid-cell\" ><div id=\"panel-15-2-0-0\" class=\"so-panel widget widget_lsow-heading panel-first-child panel-last-child\" data-index=\"3\" ><div class=\"title_py left panel-widget-style panel-widget-style-for-15-2-0-0\" ><div\n\t\t\t\n\t\t\tclass=\"so-widget-lsow-heading so-widget-lsow-heading-default-ada13f90b0f5-15\"\n\t\t\t\n\t\t><div class=\"lsow-heading lsow-style1 lsow-alignleft  lsow-animate-on-scroll lsow-visible-on-scroll\"  data-animation=&quot;fadeInLeft&quot;><h3 class=\"lsow-title\">Wystawa czasowa<br \/>11 listopada 2020 \u2013 luty 2021<\/h3><p class=\"lsow-text\"><p style=\"color: #000000;font-size: 15.5px\">Nowa wystawa czasowa prezentuje bogate zbiory przedmiot\u00f3w zwi\u0105zanych z&nbsp;tematyk\u0105 wojskowego wy\u017cywienia m.in.: mena\u017cki, manierki, przybory kuchenne, relikty kuchni polowych.<\/p><\/p><\/div><!-- .lsow-heading --><\/div><\/div><\/div><\/div><div id=\"pgc-15-2-1\"  class=\"panel-grid-cell\" ><div id=\"panel-15-2-1-0\" class=\"widget_text so-panel widget widget_custom_html panel-first-child panel-last-child\" data-index=\"4\" ><div class=\"widget_text panel-widget-style panel-widget-style-for-15-2-1-0\" ><div class=\"textwidget custom-html-widget\"><div class=\"service_icon_info_top\">\n<div class=\"service_icon aos-init aos-animate\" data-aos=\"zoom-in\" data-aos-delay=\"100\">\n<span class=\"et-icon-magnifying-glass\"><\/span>\n<h5>Rosja<\/h5>\n<\/div>\n<a href=\"https:\/\/mwb.com.pl\/aprowizacja\/rosja\">\n<div class=\"service-overlay\">\n<span class=\"et-icon-magnifying-glass\"><\/span>\n<h5>Rosja<br><br><\/h5>\n<p>Codzienna dieta \u017co\u0142nierza armii rosyjskiej na pocz\u0105tku I wojny \u015bwiatowej<br><\/p>\n<\/div>\n<\/a>\n<\/div>\n<\/div><\/div><\/div><\/div><div id=\"pgc-15-2-2\"  class=\"panel-grid-cell\" ><div id=\"panel-15-2-2-0\" class=\"widget_text so-panel widget widget_custom_html panel-first-child panel-last-child\" data-index=\"5\" ><div class=\"widget_text panel-widget-style panel-widget-style-for-15-2-2-0\" ><div class=\"textwidget custom-html-widget\"><div class=\"service_icon_info_top\">\n<div class=\"service_icon aos-init aos-animate\" data-aos=\"zoom-in\" data-aos-delay=\"100\">\n<span class=\"et-icon-magnifying-glass\"><\/span>\n<h5>Francja<\/h5>\n<\/div>\n<a href=\"https:\/\/mwb.com.pl\/aprowizacja\/francja\">\n<div class=\"service-overlay\">\n<span class=\"et-icon-magnifying-glass\"><\/span>\n<h5>Francja<br><br><\/h5>\n<p>Racje \u017cywno\u015bciowe w armii francuskiej w 1915 r.<br><br><\/p>\n<\/div>\n<\/a>\n<\/div>\n<\/div><\/div><\/div><\/div><\/div><\/div><div id=\"pg-15-3\"  class=\"panel-grid panel-no-style\" ><div id=\"pgc-15-3-0\"  class=\"panel-grid-cell\" ><div id=\"panel-15-3-0-0\" class=\"widget_text so-panel widget widget_custom_html panel-first-child panel-last-child\" data-index=\"6\" ><div class=\"widget_text panel-widget-style panel-widget-style-for-15-3-0-0\" ><div class=\"textwidget custom-html-widget\"><div class=\"service_icon_info_top\">\n<div class=\"service_icon aos-init aos-animate\" data-aos=\"zoom-in\" data-aos-delay=\"100\">\n<span class=\"et-icon-magnifying-glass\"><\/span>\n<h5>Niemcy - racje \u017cywno\u015bciowe<\/h5>\n<\/div>\n<a href=\"https:\/\/mwb.com.pl\/aprowizacja\/niemcy\">\n<div class=\"service-overlay\">\n<span class=\"et-icon-magnifying-glass\"><\/span>\n<h5>Niemcy - racje \u017cywno\u015bciowe<br><br><\/h5>\n<p>Racje \u017cywno\u015bciowe w armii niemieckiej przed i w czasie I&nbsp;wojny \u015bwiatowej<br><\/p>\n<\/div>\n<\/a>\n<\/div>\n<\/div><\/div><\/div><\/div><div id=\"pgc-15-3-1\"  class=\"panel-grid-cell\" ><div id=\"panel-15-3-1-0\" class=\"widget_text so-panel widget widget_custom_html panel-first-child panel-last-child\" data-index=\"7\" ><div class=\"widget_text panel-widget-style panel-widget-style-for-15-3-1-0\" ><div class=\"textwidget custom-html-widget\"><div class=\"service_icon_info_top\">\n<div class=\"service_icon aos-init aos-animate\" data-aos=\"zoom-in\" data-aos-delay=\"100\">\n<span class=\"et-icon-magnifying-glass\"><\/span>\n<h5>Niemcy - wytyczne \u017cywieniowe<\/h5>\n<\/div>\n<a href=\"https:\/\/mwb.com.pl\/aprowizacja\/niemcy-2\">\n<div class=\"service-overlay\">\n<span class=\"et-icon-magnifying-glass\"><\/span>\n<h5>Niemcy - wytyczne \u017cywieniowe<\/h5>\n<p>Wytyczne \u017cywieniowe z&nbsp;1936&nbsp;roku na potrzeby aprowizacji \u017co\u0142nierzy<br><\/p>\n<\/div>\n<\/a>\n<\/div>\n<\/div><\/div><\/div><\/div><div id=\"pgc-15-3-2\"  class=\"panel-grid-cell\" ><div id=\"panel-15-3-2-0\" class=\"widget_text so-panel widget widget_custom_html panel-first-child panel-last-child\" data-index=\"8\" ><div class=\"widget_text panel-widget-style panel-widget-style-for-15-3-2-0\" ><div class=\"textwidget custom-html-widget\"><div class=\"service_icon_info_top\">\n<div class=\"service_icon aos-init aos-animate\" data-aos=\"zoom-in\" data-aos-delay=\"100\">\n<span class=\"et-icon-magnifying-glass\"><\/span>\n<h5>USA<\/h5>\n<\/div>\n<a href=\"https:\/\/mwb.com.pl\/aprowizacja\/stany-zjednoczone-ameryki\">\n<div class=\"service-overlay\">\n<span class=\"et-icon-magnifying-glass\"><\/span>\n<h5>USA<br><br><\/h5>\n<p>Racje \u017cywno\u015bciowe w wojsku ameryka\u0144skim podczas I wojny \u015bwiatowej<br><\/p>\n<\/div>\n<\/a>\n<\/div>\n<\/div><\/div><\/div><\/div><div id=\"pgc-15-3-3\"  class=\"panel-grid-cell\" ><div id=\"panel-15-3-3-0\" class=\"widget_text so-panel widget widget_custom_html panel-first-child panel-last-child\" data-index=\"9\" ><div class=\"widget_text panel-widget-style panel-widget-style-for-15-3-3-0\" ><div class=\"textwidget custom-html-widget\"><div class=\"service_icon_info_top\">\n<div class=\"service_icon aos-init aos-animate\" data-aos=\"zoom-in\" data-aos-delay=\"100\">\n<span class=\"et-icon-magnifying-glass\"><\/span>\n<h5>Wielka Brytania<\/h5>\n<\/div>\n<a href=\"https:\/\/mwb.com.pl\/aprowizacja\/wielka-brytania\">\n<div class=\"service-overlay\">\n<span class=\"et-icon-magnifying-glass\"><\/span>\n<h5>Wielka Brytania<br><br><\/h5>\n<p>Racje \u017cywno\u015bciowe wydawane \u017co\u0142nierzom brytyjskim w czasie I i II wojny \u015bwiatowej<br><\/p>\n<\/div>\n<\/a>\n<\/div>\n<\/div><\/div><\/div><\/div><\/div><div id=\"pg-15-4\"  class=\"panel-grid panel-has-style\" ><div class=\"lsow-row panel-row-style panel-row-style-for-15-4\" ><div id=\"pgc-15-4-0\"  class=\"panel-grid-cell\" ><div id=\"panel-15-4-0-0\" class=\"widget_text so-panel widget widget_custom_html panel-first-child panel-last-child\" data-index=\"10\" ><div class=\"widget_text panel-widget-style panel-widget-style-for-15-4-0-0\" ><div class=\"textwidget custom-html-widget\"><div class=\"service_icon_info_top\">\n<div class=\"service_icon aos-init aos-animate\" data-aos=\"zoom-in\" data-aos-delay=\"100\">\n<span class=\"et-icon-magnifying-glass\"><\/span>\n<h5>Polska<\/h5>\n<\/div>\n<a href=\"https:\/\/mwb.com.pl\/aprowizacja\/polska\">\n<div class=\"service-overlay\">\n<span class=\"et-icon-magnifying-glass\"><\/span>\n<h5>Polska<br><br><\/h5>\n<p>Nale\u017cno\u015bci \u017cywno\u015bciowe na czas pokoju i wojny<br><br><\/p>\n<\/div>\n<\/a>\n<\/div>\n<\/div><\/div><\/div><\/div><div id=\"pgc-15-4-1\"  class=\"panel-grid-cell\" ><div id=\"panel-15-4-1-0\" class=\"widget_text so-panel widget widget_custom_html panel-first-child panel-last-child\" data-index=\"11\" ><div class=\"widget_text panel-widget-style panel-widget-style-for-15-4-1-0\" ><div class=\"textwidget custom-html-widget\"><div class=\"service_icon_info_top\">\n<div class=\"service_icon aos-init aos-animate\" data-aos=\"zoom-in\" data-aos-delay=\"100\">\n<span class=\"et-icon-magnifying-glass\"><\/span>\n<h5>Polska - sp\u00f3\u0142dzielnie \u017co\u0142nierskie<\/h5>\n<\/div>\n<a href=\"https:\/\/mwb.com.pl\/aprowizacja\/spoldzielnie-zolnierskie\">\n<div class=\"service-overlay\">\n<span class=\"et-icon-magnifying-glass\"><\/span>\n<h5>Polska - sp\u00f3\u0142dzielnie \u017co\u0142nierskie<\/h5>\n<p>Pu\u0142kowe sp\u00f3\u0142dzielnie wojskowe<br><br><br><\/p>\n<\/div>\n<\/a>\n<\/div>\n<\/div><\/div><\/div><\/div><div id=\"pgc-15-4-2\"  class=\"panel-grid-cell\" ><div id=\"panel-15-4-2-0\" class=\"widget_text so-panel widget widget_custom_html panel-first-child panel-last-child\" data-index=\"12\" ><div class=\"widget_text panel-widget-style panel-widget-style-for-15-4-2-0\" ><div class=\"textwidget custom-html-widget\"><div class=\"service_icon_info_top\">\n<div class=\"service_icon aos-init aos-animate\" data-aos=\"zoom-in\" data-aos-delay=\"100\">\n<span class=\"et-icon-magnifying-glass\"><\/span>\n<h5>Polska - konserwy<\/h5>\n<\/div>\n<a href=\"https:\/\/mwb.com.pl\/aprowizacja\/konserwy\">\n<div class=\"service-overlay\">\n<span class=\"et-icon-magnifying-glass\"><\/span>\n<h5>Polska - konserwy<br><br><\/h5>\n<p>Wojskowe wytw\u00f3rnie konserw<br><br><br><\/p>\n<\/div>\n<\/a>\n<\/div>\n<\/div><\/div><\/div><\/div><div id=\"pgc-15-4-3\"  class=\"panel-grid-cell\" ><div id=\"panel-15-4-3-0\" class=\"widget_text so-panel widget widget_custom_html panel-first-child panel-last-child\" data-index=\"13\" ><div class=\"widget_text panel-widget-style panel-widget-style-for-15-4-3-0\" ><div class=\"textwidget custom-html-widget\"><div class=\"service_icon_info_top\">\n<div class=\"service_icon aos-init aos-animate\" data-aos=\"zoom-in\" data-aos-delay=\"100\">\n<span class=\"et-icon-magnifying-glass\"><\/span>\n<h5>Polska - chleb i suchary<\/h5>\n<\/div>\n<a href=\"https:\/\/mwb.com.pl\/aprowizacja\/chleb-i-suchary\">\n<div class=\"service-overlay\">\n<span class=\"et-icon-magnifying-glass\"><\/span>\n<h5>Polska - chleb i suchary<br><br><\/h5>\n<p>Wypiek pieczywa dokonywany<br>w piekarniach wojskowych<br><br><\/p>\n<\/div>\n<\/a>\n<\/div>\n<\/div><\/div><\/div><\/div><\/div><\/div><div id=\"pg-15-5\"  class=\"panel-grid panel-no-style\" ><div id=\"pgc-15-5-0\"  class=\"panel-grid-cell\" ><div id=\"panel-15-5-0-0\" class=\"so-panel widget widget_text panel-first-child panel-last-child\" data-index=\"14\" ><div class=\"about_us panel-widget-style panel-widget-style-for-15-5-0-0\" ><h3 class=\"widget-title\">O wystawie<\/h3>\t\t\t<div class=\"textwidget\"><p>Wojsko chce je\u015b\u0107<\/p>\n<\/div>\n\t\t<\/div><\/div><\/div><div id=\"pgc-15-5-1\"  class=\"panel-grid-cell\" ><div id=\"panel-15-5-1-0\" class=\"so-panel widget widget_text panel-first-child panel-last-child\" data-index=\"15\" ><div class=\"panel-widget-style panel-widget-style-for-15-5-1-0\" >\t\t\t<div class=\"textwidget\"><p>Na ekspozycji przybli\u017camy historie aprowizacji armii walcz\u0105cych w I i II wojnie \u015bwiatowej po obu stronach konfliktu. Zapoznajemy si\u0119 z normami wy\u017cywienia zar\u00f3wno z tymi historycznymi jak i wsp\u00f3\u0142czesnymi. Dzi\u0119ki tabelom i opisom w&nbsp;przejrzysty spos\u00f3b ukazujemy szersze spektrum prac logistycznych wojska. Opr\u00f3cz eksponat\u00f3w na wystawie mo\u017cna zobaczy\u0107 archiwalne fotografie ze zbior\u00f3w w\u0142asnych i kolekcji prywatnych.<\/p>\n<\/div>\n\t\t<\/div><\/div><\/div><\/div><div id=\"pg-15-6\"  class=\"panel-grid panel-no-style\" ><div id=\"pgc-15-6-0\"  class=\"panel-grid-cell\" ><div id=\"panel-15-6-0-0\" class=\"widget_text so-panel widget widget_custom_html panel-first-child panel-last-child\" data-index=\"16\" ><div class=\"textwidget custom-html-widget\"><img decoding=\"async\" class=\"image\" style=\"max-width: 100%; height: auto;\" src=\"https:\/\/mwb.com.pl\/aprowizacja\/wp-content\/uploads\/logo\/mwb.jpg\" alt=\"Muzeum Wojska w Bia\u0142ymstoku\" height=\"200\" \/><\/div><\/div><\/div><div id=\"pgc-15-6-1\"  class=\"panel-grid-cell\" ><div id=\"panel-15-6-1-0\" class=\"widget_text so-panel widget widget_custom_html panel-first-child panel-last-child\" data-index=\"17\" ><div class=\"textwidget custom-html-widget\"><img decoding=\"async\" class=\"image\" style=\"max-width: 100%; height: auto;\" src=\"https:\/\/mwb.com.pl\/aprowizacja\/wp-content\/uploads\/logo\/bialystok.jpg\" alt=\"Miasto Bia\u0142ystok\" height=\"200\" \/><\/div><\/div><\/div><div id=\"pgc-15-6-2\"  class=\"panel-grid-cell\" ><div id=\"panel-15-6-2-0\" class=\"widget_text so-panel widget widget_custom_html panel-first-child panel-last-child\" data-index=\"18\" ><div class=\"textwidget custom-html-widget\"><img decoding=\"async\" class=\"image\" style=\"max-width: 100%; height: auto;\" src=\"https:\/\/mwb.com.pl\/aprowizacja\/wp-content\/uploads\/logo\/18pr.jpg\" alt=\"18. Pu\u0142k Rozpoznawczy\" height=\"200\" \/><\/div><\/div><\/div><div id=\"pgc-15-6-3\"  class=\"panel-grid-cell\" ><div id=\"panel-15-6-3-0\" class=\"widget_text so-panel widget widget_custom_html panel-first-child panel-last-child\" data-index=\"19\" ><div class=\"textwidget custom-html-widget\"><img decoding=\"async\" class=\"image\" style=\"max-width: 100%; height: auto;\" src=\"https:\/\/mwb.com.pl\/aprowizacja\/wp-content\/uploads\/logo\/wog.jpg\" alt=\"23. WOG\" height=\"200\" \/><\/div><\/div><\/div><div id=\"pgc-15-6-4\"  class=\"panel-grid-cell\" ><div id=\"panel-15-6-4-0\" class=\"widget_text so-panel widget widget_custom_html panel-first-child panel-last-child\" data-index=\"20\" ><div class=\"textwidget custom-html-widget\"><img decoding=\"async\" class=\"image\" style=\"max-width: 100%; height: auto;\" src=\"https:\/\/mwb.com.pl\/aprowizacja\/wp-content\/uploads\/logo\/grupa.JPG\" alt=\"Stowarzyszenie Grupa Wsch\u00f3d\" height=\"200\" \/><\/div><\/div><\/div><div id=\"pgc-15-6-5\"  class=\"panel-grid-cell\" ><div id=\"panel-15-6-5-0\" class=\"widget_text so-panel widget widget_custom_html panel-first-child panel-last-child\" data-index=\"21\" ><div class=\"textwidget custom-html-widget\"><img decoding=\"async\" class=\"image\" style=\"max-width: 100%; height: auto;\" src=\"https:\/\/mwb.com.pl\/aprowizacja\/wp-content\/uploads\/logo\/handmet.jpg\" alt=\"Handmet Military\" height=\"200\" \/><\/div><\/div><\/div><\/div><\/div>","protected":false},"excerpt":{"rendered":"<p class=\"excerpt\">Wojsko chce je\u015b\u0107 Aprowizacja wojskowa 1914 &#8211; 1945<\/p>\n","protected":false},"author":1,"featured_media":0,"parent":0,"menu_order":0,"comment_status":"closed","ping_status":"closed","template":"template-builder.php","meta":{"_vp_format_video_url":"","_vp_image_focal_point":[],"footnotes":""},"class_list":["post-15","page","type-page","status-publish","hentry"],"_links":{"self":[{"href":"https:\/\/mwb.com.pl\/aprowizacja\/wp-json\/wp\/v2\/pages\/15","targetHints":{"allow":["GET"]}}],"collection":[{"href":"https:\/\/mwb.com.pl\/aprowizacja\/wp-json\/wp\/v2\/pages"}],"about":[{"href":"https:\/\/mwb.com.pl\/aprowizacja\/wp-json\/wp\/v2\/types\/page"}],"author":[{"embeddable":true,"href":"https:\/\/mwb.com.pl\/aprowizacja\/wp-json\/wp\/v2\/users\/1"}],"replies":[{"embeddable":true,"href":"https:\/\/mwb.com.pl\/aprowizacja\/wp-json\/wp\/v2\/comments?post=15"}],"version-history":[{"count":267,"href":"https:\/\/mwb.com.pl\/aprowizacja\/wp-json\/wp\/v2\/pages\/15\/revisions"}],"predecessor-version":[{"id":1002,"href":"https:\/\/mwb.com.pl\/aprowizacja\/wp-json\/wp\/v2\/pages\/15\/revisions\/1002"}],"wp:attachment":[{"href":"https:\/\/mwb.com.pl\/aprowizacja\/wp-json\/wp\/v2\/media?parent=15"}],"curies":[{"name":"wp","href":"https:\/\/api.w.org\/{rel}","templated":true}]}}