{"id":645,"date":"2026-04-15T11:31:43","date_gmt":"2026-04-15T09:31:43","guid":{"rendered":"https:\/\/mwb.com.pl\/ankiety\/?page_id=645"},"modified":"2026-04-15T11:35:01","modified_gmt":"2026-04-15T09:35:01","slug":"akademia-jedi-02-05-2026-r","status":"publish","type":"page","link":"https:\/\/mwb.com.pl\/ankiety\/akademia-jedi-02-05-2026-r\/","title":{"rendered":"Akademia Jedi 02.05.2026 r."},"content":{"rendered":"<script>\n                            if (window.qmn_quiz_data === undefined) {\n                                    window.qmn_quiz_data = new Object();\n                            }\n                    <\/script><script>window.qmn_quiz_data[\"32\"] = {\"quiz_id\":\"32\",\"quiz_name\":\"Akademia Jedi 02.05.2026\",\"disable_answer\":0,\"ajax_show_correct\":0,\"progress_bar\":\"0\",\"contact_info_location\":\"0\",\"qpages\":{\"1\":{\"id\":\"1\",\"quizID\":32,\"pagekey\":\"IW2p47bY\",\"hide_prevbtn\":\"0\"}},\"skip_validation_time_expire\":0,\"timer_limit_val\":0,\"disable_scroll_next_previous_click\":0,\"disable_scroll_on_result\":0,\"disable_first_page\":\"0\",\"enable_result_after_timer_end\":0,\"enable_quick_result_mc\":0,\"end_quiz_if_wrong\":0,\"form_disable_autofill\":0,\"disable_mathjax\":0,\"enable_quick_correct_answer_info\":\"0\",\"quick_result_correct_answer_text\":\"Correct! You have selected correct answer.\",\"quick_result_wrong_answer_text\":\"Wrong! You have selected wrong answer.\",\"quiz_processing_message\":\"\",\"quiz_limit_choice\":\"Limit of choice is reached.\",\"not_allow_after_expired_time\":\"1\",\"scheduled_time_end\":1777716000,\"prevent_reload\":\"\",\"limit_email_based_submission\":0,\"total_user_tries\":0,\"is_logged_in\":false,\"error_messages\":{\"email_error_text\":\"Not a valid e-mail address!\",\"number_error_text\":\"This field must be a number!\",\"incorrect_error_text\":\"Wprowadzony tekst nie jest poprawny.\",\"empty_error_text\":\"Prosimy o wype\\u0142nienie wszystkich wymaganych p\\u00f3l.\",\"contact_field_required_error_text\":\"Prosimy o wype\\u0142nienie wszystkich wymaganych p\\u00f3l.\",\"url_error_text\":\"The entered URL is not valid!\",\"minlength_error_text\":\"Required atleast %minlength% characters.\",\"maxlength_error_text\":\"Maximum %maxlength% characters allowed.\",\"recaptcha_error_text\":\"ReCaptcha is missing\",\"phone_error_text\":\"Phone number is invalid\"},\"first_page\":false,\"questions_settings\":[]}\n                    <\/script>\t\t<div class='qsm-quiz-container qsm-quiz-container-32 qmn_quiz_container mlw_qmn_quiz  quiz_theme_default  '>\n\t\t\t\t\t\t\t\t<form name=\"quizForm32\" id=\"quizForm32\" action=\"\/ankiety\/wp-json\/wp\/v2\/pages\/645\" method=\"POST\" class=\"qsm-quiz-form qmn_quiz_form mlw_quiz_form\" novalidate enctype=\"multipart\/form-data\">\n\t\t\t\t<input type=\"hidden\" name=\"qsm_hidden_questions\" id=\"qsm_hidden_questions\" value=\"\">\n\t\t\t\t<input type=\"hidden\" name=\"qsm_nonce\" id=\"qsm_nonce_32\" value=\"7dd396a80d\">\n\t\t\t\t<input type=\"hidden\" name=\"qsm_unique_key\" id=\"qsm_unique_key_32\" value=\"69ef4a5f716a8\">\n\t\t\t\t<div id=\"mlw_error_message\" class=\"qsm-error-message qmn_error_message_section\"><\/div>\n\t\t\t\t<span id=\"mlw_top_of_quiz\"><\/span>\n\t\t\t\t\t\t\t<section class=\"qsm-page \">\n\t\t\t\t\t\t\t\t<div class=\"quiz_section quiz_begin\">\n\t\t\t\t\t\t<div class='qsm-before-message mlw_qmn_message_before'>\n\t\t\t\t<p style=\"text-align: center\">FORMULARZ ZG\u0141OSZENIOWY NA WARSZTATY<br \/>\n\u201eAkademia Jedi \u2013 Warsztaty dla M\u0142odych Rycerzy Mocy\"<\/p>\n<p>Szanowni Pa\u0144stwo!<\/p>\n<p>Zapraszamy do wype\u0142nienia formularza zg\u0142oszeniowego na <strong>warsztaty \u201eAkademia Jedi \u2013 Warsztaty dla M\u0142odych Rycerzy Mocy\"<\/strong>, kt\u00f3re odb\u0119d\u0105 si\u0119 <strong>02.05.2026 r.<\/strong> w Muzeum Wojska w Bia\u0142ymstoku, ul. Jana Kili\u0144skiego 7.<\/p>\n<p>Czas trwania: 2 godziny<\/p>\n<p>Godziny: 11.00 - 13.00<\/p>\n<p>Miejsce: Muzeum Wojska w Bia\u0142ymstoku, ul. Jana Kili\u0144skiego 7<\/p>\n<p>P\u0142atne 10 z\u0142\/os.<\/p>\n<p>Odbiorca - wiek: 6-13 lat<\/p>\n<p><span style=\"color: red\">Prosimy o wpisywanie jednego dziecka w jednym formularzu.<\/span><\/p>\n<p><span style=\"color: red\">Ilo\u015b\u0107 miejsc jest ograniczona!<\/span><\/p>\n\t\t\t\t\t\t<\/div>\n\t\t\t\t\t\t\t\t\t<\/div>\n\t\t\t\t\t\t\t\t\t<div class=\"quiz_section qsm-question-wrapper question-type-3 question-section-id-260 \" data-qid=\"260\">\n\t\t\t\t\t\t<div class='mlw_qmn_new_question'><label class=\"qsm-question-title-label\" for=\"question260\">Imi\u0119 i nazwisko dziecka <\/label><\/div>\n\t\t\t<div class='mlw_qmn_question  qsm_remove_bold' >\n\t\t<p><\/p>\n\t<\/div>\n\t\t<input  type=\"text\" class=\"mlw_answer_open_text mlwRequiredText\" id=\"question260\" name=\"question260\"   Placeholder=\"\" \/>\n\t\t\t\t\t\t<\/div>\n\t\t\t\t\t\t\t\t\t<div class=\"quiz_section qsm-question-wrapper question-type-3 question-section-id-261 \" data-qid=\"261\">\n\t\t\t\t\t\t<div class='mlw_qmn_new_question'><label class=\"qsm-question-title-label\" for=\"question261\">Wiek dziecka <\/label><\/div>\n\t\t\t<div class='mlw_qmn_question  qsm_remove_bold' >\n\t\t<p><\/p>\n\t<\/div>\n\t\t<input  type=\"text\" class=\"mlw_answer_open_text mlwRequiredText\" id=\"question261\" name=\"question261\"   Placeholder=\"\" \/>\n\t\t\t\t\t\t<\/div>\n\t\t\t\t\t\t\t\t\t<div class=\"quiz_section qsm-question-wrapper question-type-3 question-section-id-262 \" data-qid=\"262\">\n\t\t\t\t\t\t<div class='mlw_qmn_new_question'><label class=\"qsm-question-title-label\" for=\"question262\">Imi\u0119 i nazwisko opiekuna <\/label><\/div>\n\t\t\t<div class='mlw_qmn_question  qsm_remove_bold' >\n\t\t<p><\/p>\n\t<\/div>\n\t\t<input  type=\"text\" class=\"mlw_answer_open_text mlwRequiredText\" id=\"question262\" name=\"question262\"   Placeholder=\"\" \/>\n\t\t\t\t\t\t<\/div>\n\t\t\t\t\t\t\t\t\t<div class=\"quiz_section qsm-question-wrapper question-type-3 question-section-id-263 \" data-qid=\"263\">\n\t\t\t\t\t\t<div class='mlw_qmn_new_question'><label class=\"qsm-question-title-label\" for=\"question263\">Numer telefonu <\/label><\/div>\n\t\t\t<div class='mlw_qmn_question  qsm_remove_bold' >\n\t\t<p><\/p>\n\t<\/div>\n\t\t<input  type=\"text\" class=\"mlw_answer_open_text mlwRequiredText\" id=\"question263\" name=\"question263\"   Placeholder=\"\" \/>\n\t\t\t\t\t\t<\/div>\n\t\t\t\t\t\t\t\t\t<div class=\"quiz_section qsm-question-wrapper question-type-4 question-section-id-264 \" data-qid=\"264\">\n\t\t\t\t\t\t<div class='mlw_qmn_new_question'>Zgoda na przetwarzanie danych <\/div>\n\t\t\t<div class='mlw_qmn_question  qsm_remove_bold' >\n\t\t<p>Zgodnie z art. 13 og\u00f3lnego rozporz\u0105dzenia o ochronie danych osobowych z dnia 27 kwietnia 2016 r. (Dz. Urz. UE L 119 z 04.05.2016) zwanym dalej RODO informuj\u0119, i\u017c:<br \/><br \/>1. Administratorem Pani\/Pana danych osobowych jest Muzeum Wojska w Bia\u0142ymstoku z siedzib\u0105 przy ul. Jana Kili\u0144skiego 7, 15-089 Bia\u0142ystok;<br \/>2. Administrator wyznaczy\u0142 inspektora ochrony danych osobowych, z kt\u00f3rym mo\u017cne si\u0119 skontaktowa\u0107 poprzez e-mail: iod@mwb.com.pl lub pisemnie na adres siedziby administratora z dopiskiem IOD. Z inspektorem ochrony danych osobowych mo\u017cna si\u0119 kontaktowa\u0107 we wszystkich sprawach dotycz\u0105cych przetwarzania danych osobowych oraz korzystania z praw zwi\u0105zanych z przetwarzaniem danych w Muzeum Wojska w Bia\u0142ymstoku;<br \/>3. Pani\/Pana dane osobowe przetwarzane b\u0119d\u0105 w celu realizacji rodzinnych warsztat\u00f3w \"Akademia Jedi \u2013 Warsztaty dla M\u0142odych Rycerzy Mocy\" na podstawie: Art.6, ust 1, lit. c RODO \u2013 zgodnie z przepisami Ustawy o organizowaniu i prowadzeniu dzia\u0142alno\u015bci kulturalnej Dz. U. z 2017 poz. 862; Ustawy o muzeach Dz. U. 2017 poz. 720,<br \/>4. Odbiorcami Pani\/Pana danych osobowych b\u0119d\u0105 wy\u0142\u0105cznie podmioty uprawnione do uzyskania danych osobowych na podstawie przepis\u00f3w prawa oraz partnerzy ewentualnych akcji charytatywnych;<br \/>5. Pani\/Pana dane osobowe przechowywane b\u0119d\u0105 przez okres 6 miesi\u0119cy;<br \/>6. Posiada Pani\/Pan prawo do \u017c\u0105dania od administratora dost\u0119pu do danych osobowych, prawo do ich sprostowania, usuni\u0119cia lub ograniczenia przetwarzania;<br \/>7. Ma Pani\/Pan prawo wniesienia skargi do organu nadzorczego tj. Urz\u0119du Ochrony Danych;<br \/>8. Podanie danych osobowych jest obligatoryjne na mocy przepisu prawa w pozosta\u0142ym zakresie jest dobrowolne, jednak\u017ce niepodanie danych mo\u017ce skutkowa\u0107 odmow\u0105 podj\u0119cia wsp\u00f3\u0142pracy przez Administratora.<\/p>\n\t<\/div>\n\t\t<fieldset>\n\t\t<legend><\/legend>\n\t<div class=\"qmn_check_answers mlwRequiredRadio\">\n\t\t\t\t\t\t\t<div class=\"qsm_check_answer  mrq_checkbox_class\">\n\t\t\t\t\t\t<input type=\"checkbox\" class=\"qsm-multiple-response-input\"  name=\"question264[]\" id=\"question264_1\" value=\"0\" \/>\n\t\t\t\t\t\t<label class=\"qsm-input-label\" for=\"question264_1\">\n\t\t\t\t\t\t\tWyra\u017cam zgod\u0119.\t\t\t\t\t\t<\/label>\n\t\t\t\t\t<\/div>\n\t\t\t\t\t\t<\/div>\n\t<\/fieldset>\n\t<input type=\"hidden\" name=\"answer_limit_keys_264\" value=\"\" \/>\n\t\t\t\t\t\t<\/div>\n\t\t\t\t\t\t\t\t\t<div class=\"quiz_section qsm-question-wrapper question-type-9 question-section-id-265 \" data-qid=\"265\">\n\t\t\t\t\t<span class=\"mlw_qmn_question\">\n\t\t\t<div class='mlw_qmn_new_question'>Prosz\u0119 przepisa\u0107 tekst z obrazka w celu zabezpieczenia przed robotami spamuj\u0105cymi. <\/div>\n\t\t\t<div class='mlw_qmn_question  qsm_remove_bold' >\n\t\t<p><\/p>\n\t<\/div>\n\t\t<\/span>\n\t<div class=\"mlw_captchaWrap\">\n\t\t<canvas alt=\"\" id=\"mlw_captcha\" class=\"mlw_captcha\" width=\"100\" height=\"50\"><\/canvas>\n\t<\/div>\n\t<input type=\"text\" class=\"mlw_answer_open_text mlwRequiredCaptcha\" id=\"mlw_captcha_text\" name=\"mlw_user_captcha\"\/>\n\t<input type=\"hidden\" name=\"mlw_code_captcha\" id=\"mlw_code_captcha\" value=\"none\" \/>\n\t\t\t\t\t\t<\/div>\n\t\t\t\t\t\t\t<\/section>\n\t\t\t\t\t<input type=\"hidden\" name=\"qmn_question_list\" value=\"260Q261Q262Q263Q264Q265Q\" \/>\n\t\t\t\t\t\t\t<div id=\"mlw_error_message_bottom\" class=\"qsm-error-message qmn_error_message_section\"><\/div>\n\t\t\t\t\t<input type=\"hidden\" name=\"qmn_all_questions_count\" id=\"qmn_all_questions_count\" value=\"6\" \/>\n\t\t\t\t\t<input type=\"hidden\" name=\"total_questions\" id=\"total_questions\" value=\"5\" \/>\n\t\t\t\t\t<input type=\"hidden\" name=\"timer\" id=\"timer\" value=\"0\" \/>\n\t\t\t\t\t<input type=\"hidden\" name=\"timer_ms\" id=\"timer_ms\" value=\"0\"\/>\n\t\t\t\t\t<input type=\"hidden\" class=\"qmn_quiz_id\" name=\"qmn_quiz_id\" id=\"qmn_quiz_id\" value=\"32\" \/>\n\t\t\t\t\t<input type='hidden' name='complete_quiz' value='confirmation' \/>\n\t\t\t\t\t\t\t\t\t<\/form>\n\t\t\t\t\t\t<\/div>\n\t\t<div style=\"display: none;\" class=\"qsm-popup qsm-popup-slide\" id=\"modal-4\" aria-hidden=\"false\"><div class=\"qsm-popup__overlay\" tabindex=\"-1\" data-micromodal-close=\"\"><div class=\"qsm-popup__container qmn_quiz_container\" role=\"dialog\" aria-modal=\"true\"><div class=\"qsm-popup__content\"><img decoding=\"async\" src=\"https:\/\/mwb.com.pl\/ankiety\/wp-content\/plugins\/quiz-master-next\/assets\/clock.png\" alt=\"clock.png\"\/><p class=\"qsm-time-up-text\"> Time's up<\/p><\/div><footer class=\"qsm-popup__footer\"><button class=\"qsm-popup-secondary-button qmn_btn\" data-micromodal-close=\"\" aria-label=\"Close this dialog window\" onclick=\"location.reload();\">Cancel<\/button><\/footer><\/div><\/div><\/div>\n","protected":false},"excerpt":{"rendered":"","protected":false},"author":1,"featured_media":0,"parent":0,"menu_order":0,"comment_status":"closed","ping_status":"closed","template":"","meta":{"footnotes":""},"class_list":["post-645","page","type-page","status-publish","hentry"],"_links":{"self":[{"href":"https:\/\/mwb.com.pl\/ankiety\/wp-json\/wp\/v2\/pages\/645","targetHints":{"allow":["GET"]}}],"collection":[{"href":"https:\/\/mwb.com.pl\/ankiety\/wp-json\/wp\/v2\/pages"}],"about":[{"href":"https:\/\/mwb.com.pl\/ankiety\/wp-json\/wp\/v2\/types\/page"}],"author":[{"embeddable":true,"href":"https:\/\/mwb.com.pl\/ankiety\/wp-json\/wp\/v2\/users\/1"}],"replies":[{"embeddable":true,"href":"https:\/\/mwb.com.pl\/ankiety\/wp-json\/wp\/v2\/comments?post=645"}],"version-history":[{"count":2,"href":"https:\/\/mwb.com.pl\/ankiety\/wp-json\/wp\/v2\/pages\/645\/revisions"}],"predecessor-version":[{"id":649,"href":"https:\/\/mwb.com.pl\/ankiety\/wp-json\/wp\/v2\/pages\/645\/revisions\/649"}],"wp:attachment":[{"href":"https:\/\/mwb.com.pl\/ankiety\/wp-json\/wp\/v2\/media?parent=645"}],"curies":[{"name":"wp","href":"https:\/\/api.w.org\/{rel}","templated":true}]}}