{"id":8,"date":"2014-06-09T05:43:10","date_gmt":"2014-06-09T05:43:10","guid":{"rendered":"http:\/\/mwb.com.pl\/s3d\/?page_id=8"},"modified":"2014-06-10T09:42:30","modified_gmt":"2014-06-10T09:42:30","slug":"opis-programu","status":"publish","type":"page","link":"http:\/\/mwb.com.pl\/s3d\/opis-programu\/","title":{"rendered":"Opis programu"},"content":{"rendered":"<div class=\"art-content-layout-wrapper layout-item-0\" style=\"text-align: left;\">\n<p style=\"text-align: justify;\">\u201e\u015acie\u017cki 3Dost\u0119pu\u201d to przedsi\u0119wzi\u0119cie wprowadzaj\u0105ce do muzeum nowe technologie oraz narz\u0119dzia ze \u015bwiata teatru, filmu i fotografii. G\u0142\u00f3wnym celem projektu jest przygotowanie interdyscyplinarnej formu\u0142y tworzenia oryginalnych program\u00f3w edukacji kulturalnej. Uczestnicy zaj\u0119\u0107 przygotuj\u0105 nowe \u015bcie\u017cki edukacyjne, opieraj\u0105ce si\u0119 o konkretne elementy przestrzeni muzealnej: pojedyncze eksponaty, wystaw\u0119, relacje \u015bwiadk\u00f3w historii. Pomog\u0105 im w tym zaproszeni eksperci \u2013 edukator teatralny, edukator filmowy, architekci, specjali\u015bci od technologii 3D, nowych technologii i wsp\u00f3\u0142czesnych medi\u00f3w. W trakcie serii warsztat\u00f3w (trzy bloki tematyczne: \u201eAkt i aktor\u201d, \u201eRuch i bezruch\u201d, \u201eTechnomuzeum\u201d), spotka\u0144 i indywidualnych rozm\u00f3w powstan\u0105 scenariusze zaj\u0119\u0107 atrakcyjnych dla odbiorc\u00f3w z r\u00f3\u017cnymi potrzebami, w tym os\u00f3b z niepe\u0142nosprawno\u015bci\u0105 intelektualn\u0105, niewidomych i nies\u0142ysz\u0105cych. Najciekawsze z zaj\u0119\u0107 zostan\u0105 wypr\u00f3bowane w praktyce, a nast\u0119pnie znajd\u0105 si\u0119 w sta\u0142ej ofercie edukacyjnej Muzeum Wojska w Bia\u0142ymstoku.<\/p>\n<p style=\"text-align: justify;\">Projekt dofinansowany ze \u015brodk\u00f3w Ministra Kultury i Dziedzictwa Narodowego, realizowany jest od maja do grudnia 2014.<\/p>\n<\/div>\n<div class=\"art-content-layout-wrapper layout-item-0\"><\/div>\n<div class=\"art-content-layout-wrapper layout-item-0\"><img loading=\"lazy\" decoding=\"async\" class=\"wp-image-62 aligncenter\" src=\"http:\/\/mwb.com.pl\/s3d\/wp-content\/uploads\/2014\/06\/01.jpg\" alt=\"01\" width=\"840\" height=\"518\" \/><\/div>\n","protected":false},"excerpt":{"rendered":"<p>\u201e\u015acie\u017cki 3Dost\u0119pu\u201d to przedsi\u0119wzi\u0119cie wprowadzaj\u0105ce do muzeum nowe technologie oraz narz\u0119dzia ze \u015bwiata teatru, filmu i fotografii. G\u0142\u00f3wnym celem projektu jest przygotowanie interdyscyplinarnej formu\u0142y tworzenia oryginalnych program\u00f3w edukacji kulturalnej. Uczestnicy zaj\u0119\u0107 przygotuj\u0105 nowe \u015bcie\u017cki edukacyjne, opieraj\u0105ce si\u0119 o konkretne elementy przestrzeni muzealnej: pojedyncze eksponaty, wystaw\u0119, relacje \u015bwiadk\u00f3w historii. Pomog\u0105 im w tym zaproszeni eksperci \u2013 [&hellip;]<\/p>\n","protected":false},"author":1,"featured_media":0,"parent":0,"menu_order":1,"comment_status":"closed","ping_status":"open","template":"","meta":{"footnotes":""},"class_list":["post-8","page","type-page","status-publish","hentry"],"_links":{"self":[{"href":"http:\/\/mwb.com.pl\/s3d\/wp-json\/wp\/v2\/pages\/8","targetHints":{"allow":["GET"]}}],"collection":[{"href":"http:\/\/mwb.com.pl\/s3d\/wp-json\/wp\/v2\/pages"}],"about":[{"href":"http:\/\/mwb.com.pl\/s3d\/wp-json\/wp\/v2\/types\/page"}],"author":[{"embeddable":true,"href":"http:\/\/mwb.com.pl\/s3d\/wp-json\/wp\/v2\/users\/1"}],"replies":[{"embeddable":true,"href":"http:\/\/mwb.com.pl\/s3d\/wp-json\/wp\/v2\/comments?post=8"}],"version-history":[{"count":9,"href":"http:\/\/mwb.com.pl\/s3d\/wp-json\/wp\/v2\/pages\/8\/revisions"}],"predecessor-version":[{"id":94,"href":"http:\/\/mwb.com.pl\/s3d\/wp-json\/wp\/v2\/pages\/8\/revisions\/94"}],"wp:attachment":[{"href":"http:\/\/mwb.com.pl\/s3d\/wp-json\/wp\/v2\/media?parent=8"}],"curies":[{"name":"wp","href":"https:\/\/api.w.org\/{rel}","templated":true}]}}