{"id":336,"date":"2014-10-03T09:34:36","date_gmt":"2014-10-03T07:34:36","guid":{"rendered":"http:\/\/mwb.com.pl\/s3d\/?page_id=336"},"modified":"2014-11-14T15:10:01","modified_gmt":"2014-11-14T13:10:01","slug":"zajecia","status":"publish","type":"page","link":"http:\/\/mwb.com.pl\/s3d\/zajecia\/","title":{"rendered":"Zaj\u0119cia"},"content":{"rendered":"<p style=\"text-align: center;\"><a href=\"http:\/\/mwb.com.pl\/s3d\/wp-content\/uploads\/2014\/10\/ban01.jpg\"><img loading=\"lazy\" decoding=\"async\" class=\"alignnone size-full wp-image-340\" src=\"http:\/\/mwb.com.pl\/s3d\/wp-content\/uploads\/2014\/10\/ban01.jpg\" alt=\"ban01\" width=\"849\" height=\"428\" srcset=\"http:\/\/mwb.com.pl\/s3d\/wp-content\/uploads\/2014\/10\/ban01.jpg 849w, http:\/\/mwb.com.pl\/s3d\/wp-content\/uploads\/2014\/10\/ban01-300x151.jpg 300w, http:\/\/mwb.com.pl\/s3d\/wp-content\/uploads\/2014\/10\/ban01-626x316.jpg 626w\" sizes=\"auto, (max-width: 849px) 100vw, 849px\" \/><\/a><\/p>\n<p style=\"text-align: justify;\">Dotkn\u0105\u0107 to, co w muzeach niedotykalne. Cofn\u0105\u0107 si\u0119 w czasie. Po\u0142\u0105czy\u0107 zwiedzanie z teatrem i filmem. Pokaza\u0107 osobom niewidomym muzealn\u0105 ekspozycj\u0119 i opowiedzie\u0107 histori\u0119 tym, kt\u00f3rzy nie s\u0142ysz\u0105. Na te wyzwania odpowiada nowy program edukacyjny Muzeum Wojska w Bia\u0142ymstoku \u201e\u015acie\u017cki 3Dost\u0119pu\u201d.<br \/>\nTo trzy nowe sposoby na zwiedzanie muzealnych ekspozycji, trzy drogi umo\u017cliwiaj\u0105ce odbiorcom poznawanie przesz\u0142o\u015bci i kreowanie w\u0142asnych interpretacji. Wykorzystujemy w tym celu teatr cieni i przedmiotu, animacj\u0119 poklatkow\u0105 oraz nowoczesne technologie (w tym skanowanie i druk 3D, rzeczywisto\u015b\u0107 wirtualn\u0105). Dok\u0142adamy stara\u0144 si\u0119, by ka\u017cda grupa odbiorc\u00f3w mog\u0142a skorzysta\u0107 z tej oferty, w tym r\u00f3wnie\u017c osoby z niepe\u0142nosprawno\u015bciami. Zale\u017cy nam na zapewnieniu r\u00f3wnego dost\u0119pu do wiedzy, wystaw i \u015bwietnej zabawy ka\u017cdej osobie, kt\u00f3ra zechce wzi\u0105\u0107 udzia\u0142 w zaj\u0119ciach.<\/p>\n<p style=\"text-align: justify;\">1. Rzeczy s\u0142owo \/ \u015bcie\u017cka dotykowo-filmowa<br \/>\nczyli\u2026<br \/>\nCo maj\u0105 parasolki wsp\u00f3lnego z muzeum?<br \/>\nOt\u00f3\u017c s\u0105 one cz\u0119\u015bci\u0105 niedu\u017cego studia filmowego, do kt\u00f3rego zapraszamy w ramach zaj\u0119\u0107 \u201eRzeczy s\u0142owo\u201d. Poznaj\u0105c muzealn\u0105 wystaw\u0119 i histori\u0119, b\u0119dziecie mogli wykona\u0107 samodzielnie film technik\u0105 poklatkow\u0105. To niezwyk\u0142y spos\u00f3b o\u017cywiania obrazu: robimy dziesi\u0105tki zdj\u0119\u0107, by wprawi\u0107 w ruch wybrany przedmiot, pozwoli\u0107 mu przem\u00f3wi\u0107 \u201ew\u0142asnym g\u0142osem\u201d i opowiedzie\u0107 swoj\u0105 histori\u0119. Same przedmioty r\u00f3wnie\u017c s\u0105 wyj\u0105tkowe. To nasze eksponaty, a dok\u0142adnie ich kopie 3D. Wybrane artefakty zeskanowali\u015bmy, a potem wydrukowali\u015bmy na specjalnej drukarce 3D. Warsztaty to zatem okazja, by nie tylko wzi\u0105\u0107 do r\u0119ki kawa\u0142ek historii, ale te\u017c zbudowa\u0107 z niego swoj\u0105 w\u0142asn\u0105 opowie\u015b\u0107.<\/p>\n<p style=\"text-align: justify;\">2. Rzeczy ruch \/ \u015bcie\u017cka dotykowo-teatralna<br \/>\nczyli\u2026<br \/>\nDlaczego w Muzeum gasimy \u015bwiat\u0142o?<br \/>\nTo proste \u2013 \u017ceby obejrze\u0107 przedstawienie! Uczestnicy tych zaj\u0119\u0107 przygotowuj\u0105 mini etiudy teatralne, pos\u0142uguj\u0105c si\u0119 teatrem cieni, o\u017cywionej formy i w\u0142asn\u0105 wyobra\u017ani\u0105. Zaczynamy od zwiedzania wystawy, od konkretnej historii, opowie\u015bci z przesz\u0142o\u015bci. A nast\u0119pnie opowiadamy je na sw\u00f3j spos\u00f3b, tworz\u0105c osobiste narracje i interpretacje. W warsztatach wykorzystywane s\u0105 te\u017c eksponaty muzealne, tyle tylko, \u017ce zeskanowane i wydrukowane na nowo jako wierne, tr\u00f3jwymiarowe kopie przedmiot\u00f3w zamkni\u0119tych w muzealnych gablotach. Co wa\u017cne, nasza muzealne warsztaty teatralne s\u0105 przystosowane dla os\u00f3b z niepe\u0142nosprawno\u015bci\u0105 wzroku, s\u0142uchu, intelektualn\u0105.<\/p>\n<p style=\"text-align: justify;\">3. Trzeci wymiar Bia\u0142egostoku \/ \u015bcie\u017cka multimedialna<br \/>\nczyli\u2026<br \/>\nSk\u0105d Muzeum ma machin\u0119 do podr\u00f3\u017cy w czasie?<br \/>\nNo c\u00f3\u017c\u2026 zbudowali\u015bmy j\u0105, wraz z ekip\u0105 student\u00f3w i wyk\u0142adowc\u00f3w z Wydzia\u0142u Architektury Politechniki Bia\u0142ostockiej. Nasza machina to tr\u00f3jwymiarowa, multimedialna i wirtualna wycieczka do Bia\u0142egostoku z 1932 r. Zobaczymy zrekonstruowany cyfrowo Rynek Ko\u015bciuszki z \u017cydowskimi kramami, dworzec kolejowy z poci\u0105giem Marsza\u0142ka Pi\u0142sudskiego i s\u0142ynny hotel Ritz, gdzie zatrzymywali si\u0119 wszystkie \u00f3wczesne gwiazdy. Przewodnikiem b\u0119dzie wyj\u0105tkowa posta\u0107: Ryszard Kaczorowski, ostatni prezydent RP na uchod\u017actwie. Poznamy go jako m\u0142odego ch\u0142opaka, kt\u00f3ry biega\u0142 po ulicach przedwojennego miasta i jako starszego m\u0119\u017cczyzn\u0119, kt\u00f3ry po wielu latach wr\u00f3ci\u0142 tu z emigracji.<\/p>\n<p style=\"text-align: justify;\">&#8212;<\/p>\n<address style=\"text-align: justify;\">Uczestnicy: 6-18 lat<\/address>\n<address style=\"text-align: justify;\">Wst\u0119p: wolny, tylko grupy zorganizowane<\/address>\n<address style=\"text-align: justify;\">Tel: (85)7416449<\/address>\n<address style=\"text-align: justify;\">e-mail: edukacja@mwb.com.pl<\/address>\n","protected":false},"excerpt":{"rendered":"<p>Dotkn\u0105\u0107 to, co w muzeach niedotykalne. Cofn\u0105\u0107 si\u0119 w czasie. Po\u0142\u0105czy\u0107 zwiedzanie z teatrem i filmem. Pokaza\u0107 osobom niewidomym muzealn\u0105 ekspozycj\u0119 i opowiedzie\u0107 histori\u0119 tym, kt\u00f3rzy nie s\u0142ysz\u0105. Na te wyzwania odpowiada nowy program edukacyjny Muzeum Wojska w Bia\u0142ymstoku \u201e\u015acie\u017cki 3Dost\u0119pu\u201d. To trzy nowe sposoby na zwiedzanie muzealnych ekspozycji, trzy drogi umo\u017cliwiaj\u0105ce odbiorcom poznawanie przesz\u0142o\u015bci [&hellip;]<\/p>\n","protected":false},"author":3,"featured_media":0,"parent":0,"menu_order":0,"comment_status":"closed","ping_status":"open","template":"","meta":{"footnotes":""},"class_list":["post-336","page","type-page","status-publish","hentry"],"_links":{"self":[{"href":"http:\/\/mwb.com.pl\/s3d\/wp-json\/wp\/v2\/pages\/336","targetHints":{"allow":["GET"]}}],"collection":[{"href":"http:\/\/mwb.com.pl\/s3d\/wp-json\/wp\/v2\/pages"}],"about":[{"href":"http:\/\/mwb.com.pl\/s3d\/wp-json\/wp\/v2\/types\/page"}],"author":[{"embeddable":true,"href":"http:\/\/mwb.com.pl\/s3d\/wp-json\/wp\/v2\/users\/3"}],"replies":[{"embeddable":true,"href":"http:\/\/mwb.com.pl\/s3d\/wp-json\/wp\/v2\/comments?post=336"}],"version-history":[{"count":9,"href":"http:\/\/mwb.com.pl\/s3d\/wp-json\/wp\/v2\/pages\/336\/revisions"}],"predecessor-version":[{"id":356,"href":"http:\/\/mwb.com.pl\/s3d\/wp-json\/wp\/v2\/pages\/336\/revisions\/356"}],"wp:attachment":[{"href":"http:\/\/mwb.com.pl\/s3d\/wp-json\/wp\/v2\/media?parent=336"}],"curies":[{"name":"wp","href":"https:\/\/api.w.org\/{rel}","templated":true}]}}