{"id":7,"date":"2017-05-11T10:57:42","date_gmt":"2017-05-11T08:57:42","guid":{"rendered":"http:\/\/mwb.com.pl\/obrazy\/?page_id=7"},"modified":"2017-06-12T13:33:37","modified_gmt":"2017-06-12T11:33:37","slug":"scena-wojskowa","status":"publish","type":"page","link":"http:\/\/mwb.com.pl\/obrazy\/scena-wojskowa\/","title":{"rendered":"&#8222;Scena wojskowa&#8221;"},"content":{"rendered":"<h6><img loading=\"lazy\" decoding=\"async\" class=\"alignleft size-medium wp-image-69\" src=\"http:\/\/mwb.com.pl\/obrazy\/wp-content\/uploads\/2017\/05\/b_gembarzewski-215x300.jpg\" alt=\"scena wojskowa, akwarela, gembarzewski\" width=\"215\" height=\"300\" srcset=\"http:\/\/mwb.com.pl\/obrazy\/wp-content\/uploads\/2017\/05\/b_gembarzewski-215x300.jpg 215w, http:\/\/mwb.com.pl\/obrazy\/wp-content\/uploads\/2017\/05\/b_gembarzewski-768x1073.jpg 768w, http:\/\/mwb.com.pl\/obrazy\/wp-content\/uploads\/2017\/05\/b_gembarzewski-733x1024.jpg 733w, http:\/\/mwb.com.pl\/obrazy\/wp-content\/uploads\/2017\/05\/b_gembarzewski-193x270.jpg 193w\" sizes=\"auto, (max-width: 215px) 100vw, 215px\" \/>Bronis\u0142aw Gembarzewski* (1872-1941), &#8222;Scena wojskowa&#8221;, 1896 r., akwarela, wym. 39 x 28 cm, sygn. MWB\/2049<\/h6>\n<h6>Akwarela przedstawia dw\u00f3ch oficer\u00f3w pu\u0142ku lekkokonnego polskiej gwardii cesarza Napoleona z lat 1807 \u2013 1814.** W centrum kompozycji w\u0105saty oficer w pozycji siedz\u0105cej, z lew\u0105 d\u0142oni\u0105 wspart\u0105 na kolanie. Obok stoi \u017co\u0142nierz uj\u0119ty z prawego boku, przed nim salutuj\u0105cy wachmistrz. W tle szara \u015bciana z kamiennych cios\u00f3w, na tle kt\u00f3rej wyra\u017anie odcinaj\u0105 si\u0119 szafirowe z aramantem mundury \u017co\u0142nierzy. W lewym dolnym rogu sygnatura: \u201eBG\/1896\u201d.<\/h6>\n<h6><em>*Bronis\u0142awa Gembarzewski \u00a0\u2013 malarz batalista, historyk wojskowo\u015bci, pu\u0142kownik saper\u00f3w, muzeolog, wieloletni dyrektor Muzeum Narodowego oraz Muzeum Wojska w Warszawie. Z<\/em><em>apami\u0119tany zosta\u0142 jako wybitny znawca historii broni i munduru. Wiedz\u0119 na ten temat zg\u0142\u0119bia\u0142 m.in. w trakcie studi\u00f3w w petersburskiej Akademii Sztuk Pi\u0119knych oraz w Conservatoire National des Arts et Metiers w Pary\u017cu. Malarstwa uczy\u0142 si\u0119 r\u00f3wnie\u017c u Wojciecha Gersona w Warszawie.<\/em><\/h6>\n<h6><em>**<\/em> <em>Pu\u0142k zosta\u0142 utworzony na specjalne \u017cyczenie cesarza, b\u0119d\u0105cego pod wra\u017ceniem postawy Polak\u00f3w w czasie kampanii 1806\/1807. Jednostka dowodzona przez wi\u0119kszo\u015b\u0107 swojego istnienia przez p\u0142k. Wincentego Krasi\u0144skiego (ojca poety Zygmunta) rozpocz\u0119\u0142a szlak bojowy 3000 kilometr\u00f3w od ojczyzny wkraczaj\u0105c do Hiszpanii w lutym 1808 r. W walkach za Pirenejami szwole\u017cerowie przez ponad trzy lata (przerwane kampani\u0105 austriack\u0105) pe\u0142nili ci\u0119\u017ck\u0105, ale ma\u0142o spektakularn\u0105 s\u0142u\u017cb\u0119 patrolow\u0105, zwalczaj\u0105c partyzant\u00f3w. To jednak tam dokonali czynu, kt\u00f3ry przyni\u00f3s\u0142 formacji najwi\u0119ksz\u0105 s\u0142aw\u0119. 3 szwadron prowadzony przez Jana Kozietulskiego, szar\u017cuj\u0105c na kolejne baterie artylerii otworzy\u0142 drog\u0119 armii napoleo\u0144skiej przez prze\u0142\u0119cz Somosierra. <\/em><\/h6>\n","protected":false},"excerpt":{"rendered":"<p>Bronis\u0142aw Gembarzewski* (1872-1941), &#8222;Scena wojskowa&#8221;, 1896 r., akwarela, wym. 39 x 28 cm, sygn. MWB\/2049 Akwarela przedstawia dw\u00f3ch oficer\u00f3w pu\u0142ku lekkokonnego polskiej gwardii cesarza Napoleona z lat 1807 \u2013 1814.** W centrum kompozycji w\u0105saty oficer w pozycji siedz\u0105cej, z lew\u0105 <a href=\"http:\/\/mwb.com.pl\/obrazy\/scena-wojskowa\/\" class=\"read-more\">Czytaj wi\u0119cej<\/a><\/p>\n","protected":false},"author":2,"featured_media":0,"parent":0,"menu_order":0,"comment_status":"closed","ping_status":"closed","template":"","meta":{"footnotes":""},"class_list":["post-7","page","type-page","status-publish","hentry"],"_links":{"self":[{"href":"http:\/\/mwb.com.pl\/obrazy\/wp-json\/wp\/v2\/pages\/7","targetHints":{"allow":["GET"]}}],"collection":[{"href":"http:\/\/mwb.com.pl\/obrazy\/wp-json\/wp\/v2\/pages"}],"about":[{"href":"http:\/\/mwb.com.pl\/obrazy\/wp-json\/wp\/v2\/types\/page"}],"author":[{"embeddable":true,"href":"http:\/\/mwb.com.pl\/obrazy\/wp-json\/wp\/v2\/users\/2"}],"replies":[{"embeddable":true,"href":"http:\/\/mwb.com.pl\/obrazy\/wp-json\/wp\/v2\/comments?post=7"}],"version-history":[{"count":9,"href":"http:\/\/mwb.com.pl\/obrazy\/wp-json\/wp\/v2\/pages\/7\/revisions"}],"predecessor-version":[{"id":215,"href":"http:\/\/mwb.com.pl\/obrazy\/wp-json\/wp\/v2\/pages\/7\/revisions\/215"}],"wp:attachment":[{"href":"http:\/\/mwb.com.pl\/obrazy\/wp-json\/wp\/v2\/media?parent=7"}],"curies":[{"name":"wp","href":"https:\/\/api.w.org\/{rel}","templated":true}]}}