{"id":106,"date":"2017-05-24T14:49:55","date_gmt":"2017-05-24T12:49:55","guid":{"rendered":"http:\/\/mwb.com.pl\/obrazy\/?page_id=106"},"modified":"2017-05-24T14:49:55","modified_gmt":"2017-05-24T12:49:55","slug":"pojenie-konia","status":"publish","type":"page","link":"http:\/\/mwb.com.pl\/obrazy\/pojenie-konia\/","title":{"rendered":"&#8222;Pojenie konia&#8221;"},"content":{"rendered":"<h6><img loading=\"lazy\" decoding=\"async\" class=\"alignleft size-medium wp-image-107\" src=\"http:\/\/mwb.com.pl\/obrazy\/wp-content\/uploads\/2017\/05\/U\u0142an-i-dziewczyna-253x300.jpg\" alt=\"U\u0142an i dziewczyna\" width=\"253\" height=\"300\" srcset=\"http:\/\/mwb.com.pl\/obrazy\/wp-content\/uploads\/2017\/05\/U\u0142an-i-dziewczyna-253x300.jpg 253w, http:\/\/mwb.com.pl\/obrazy\/wp-content\/uploads\/2017\/05\/U\u0142an-i-dziewczyna-768x909.jpg 768w, http:\/\/mwb.com.pl\/obrazy\/wp-content\/uploads\/2017\/05\/U\u0142an-i-dziewczyna-865x1024.jpg 865w, http:\/\/mwb.com.pl\/obrazy\/wp-content\/uploads\/2017\/05\/U\u0142an-i-dziewczyna-228x270.jpg 228w\" sizes=\"auto, (max-width: 253px) 100vw, 253px\" \/>Stanis\u0142aw Studencki* (1900-1944), &#8222;Pojenie konia&#8221;; 1930 r.; olej, p\u0142\u00f3tno; wym. 70 x 60 cm; sygn. MWB\/2271<\/h6>\n<h6>Scena rodzajowa, na pierwszym planie \u2013 po prawej stronie \u2013 u\u0142an w granatowej kurtce mundurowej z \u017c\u00f3\u0142tym ko\u0142nierzem i wypustkami.\u00a0 Pas bia\u0142y, przy lewym boku szabla w pochwie. Spodnie szare, buty do jazdy ko\u0144skiej. Na g\u0142owie wysoka czapka rogatywka. M\u0119\u017cczyzna rozmawia z kobiet\u0105** siedz\u0105c\u0105 przy studni. Mi\u0119dzy nimi ko\u0144 pij\u0105cy wod\u0119 z koryta. Na drugim planie kryte s\u0142om\u0105 zagrody. W lewym dolnym rogu sygnatura: \u201eSt. Studencki 1930\u201d.<\/h6>\n<h6><em>*Stanis\u0142aw Studencki (1900-1944) wykszta\u0142cenie artystyczne odebra\u0142 na krakowskiej Akademii Sztuk Pi\u0119knych, gdzie studiowa\u0142 w latach 1921-1926. Przez d\u0142ugi okres by\u0142 zwi\u0105zany z pracowni\u0105 Wojciecha Kossaka, co mia\u0142o oczywisty wp\u0142yw na podejmowane przez niego tematy. Malowa\u0142 obrazy batalistyczne, sylwetki koni oraz portrety Marsza\u0142ka J\u00f3zefa Pi\u0142sudskiego. <\/em><\/h6>\n<h6><em>** \u201eU\u0142an i dziewczyna\u201d to popularny motyw malarski artyst\u00f3w wywodz\u0105cych si\u0119 z tradycji Kossak\u00f3w. To tak\u017ce tytu\u0142 pochodz\u0105cego z podobnego okresu wiersza Franciszka Kowalskiego. Napisany w czasie powstania listopadowego utw\u00f3r, opublikowany w Pary\u017cu w 1831 r., znany jest r\u00f3wnie\u017c pod alternatywnymi tytu\u0142ami \u201eTam na b\u0142oniu b\u0142yszczy kwiecie\u201d oraz \u201eU\u0142an na wedecie\u201d. Wiersz \u015bpiewany by\u0142 przez \u017co\u0142nierzy jako pie\u015b\u0144 wojskowa, na melodi\u0119, kt\u00f3rej autorstwo nie jest do ko\u0144ca jasne. Niekt\u00f3re \u017ar\u00f3d\u0142a podaj\u0105, \u017ce autorem by\u0142 Wenzel Robert Gallenbergh, a niekt\u00f3rzy przypisuj\u0105 j\u0105 nawet Fryderykowi Chopinowi. Pie\u015b\u0144 \u015bpiewano tak\u017ce na melodi\u0119 ludow\u0105, a w czasie I wojny \u015bwiatowej na melodi\u0119 lwowskiej ulicy.<\/em><\/h6>\n","protected":false},"excerpt":{"rendered":"<p>Stanis\u0142aw Studencki* (1900-1944), &#8222;Pojenie konia&#8221;; 1930 r.; olej, p\u0142\u00f3tno; wym. 70 x 60 cm; sygn. MWB\/2271 Scena rodzajowa, na pierwszym planie \u2013 po prawej stronie \u2013 u\u0142an w granatowej kurtce mundurowej z \u017c\u00f3\u0142tym ko\u0142nierzem i wypustkami.\u00a0 Pas bia\u0142y, przy lewym <a href=\"http:\/\/mwb.com.pl\/obrazy\/pojenie-konia\/\" class=\"read-more\">Czytaj wi\u0119cej<\/a><\/p>\n","protected":false},"author":2,"featured_media":0,"parent":0,"menu_order":0,"comment_status":"closed","ping_status":"closed","template":"","meta":{"footnotes":""},"class_list":["post-106","page","type-page","status-publish","hentry"],"_links":{"self":[{"href":"http:\/\/mwb.com.pl\/obrazy\/wp-json\/wp\/v2\/pages\/106","targetHints":{"allow":["GET"]}}],"collection":[{"href":"http:\/\/mwb.com.pl\/obrazy\/wp-json\/wp\/v2\/pages"}],"about":[{"href":"http:\/\/mwb.com.pl\/obrazy\/wp-json\/wp\/v2\/types\/page"}],"author":[{"embeddable":true,"href":"http:\/\/mwb.com.pl\/obrazy\/wp-json\/wp\/v2\/users\/2"}],"replies":[{"embeddable":true,"href":"http:\/\/mwb.com.pl\/obrazy\/wp-json\/wp\/v2\/comments?post=106"}],"version-history":[{"count":2,"href":"http:\/\/mwb.com.pl\/obrazy\/wp-json\/wp\/v2\/pages\/106\/revisions"}],"predecessor-version":[{"id":109,"href":"http:\/\/mwb.com.pl\/obrazy\/wp-json\/wp\/v2\/pages\/106\/revisions\/109"}],"wp:attachment":[{"href":"http:\/\/mwb.com.pl\/obrazy\/wp-json\/wp\/v2\/media?parent=106"}],"curies":[{"name":"wp","href":"https:\/\/api.w.org\/{rel}","templated":true}]}}